38.242.205.127 - - [19/Dec/2025:13:59:33 +0000] "GET /wp-includes/class-wp-duotone.php HTTP/1.1" 200 0 "binance.com" "Mozilla/5.0 (Windows NT 10.0; Win64; x64) AppleWebKit/537.36 (KHTML, like Gecko) Chrome/90.0.4430.85 Safari/537.36"
38.242.205.127 - - [19/Dec/2025:13:59:41 +0000] "GET /wp-includes/class-wp-http.php HTTP/1.1" 200 22 "binance.com" "Mozilla/5.0 (Windows NT 10.0; Win64; x64) AppleWebKit/537.36 (KHTML, like Gecko) Chrome/90.0.4430.85 Safari/537.36"
38.242.205.127 - - [19/Dec/2025:13:59:48 +0000] "GET /wp-includes/class-wp-navigation-fallback.php HTTP/1.1" 200 0 "binance.com" "Mozilla/5.0 (Windows NT 10.0; Win64; x64) AppleWebKit/537.36 (KHTML, like Gecko) Chrome/90.0.4430.85 Safari/537.36"
38.242.205.127 - - [19/Dec/2025:14:00:07 +0000] "GET /wp-includes/class-wp-script-modules.php HTTP/1.1" 200 0 "binance.com" "Mozilla/5.0 (Windows NT 10.0; Win64; x64) AppleWebKit/537.36 (KHTML, like Gecko) Chrome/90.0.4430.85 Safari/537.36"
38.242.205.127 - - [19/Dec/2025:14:00:11 +0000] "GET /wp-includes/class-wp-scripts.php HTTP/1.1" 500 0 "binance.com" "Mozilla/5.0 (Windows NT 10.0; Win64; x64) AppleWebKit/537.36 (KHTML, like Gecko) Chrome/90.0.4430.85 Safari/537.36"
38.242.205.127 - - [19/Dec/2025:14:00:20 +0000] "GET /wp-includes/class-wp-styles.php HTTP/1.1" 500 0 "binance.com" "Mozilla/5.0 (Windows NT 10.0; Win64; x64) AppleWebKit/537.36 (KHTML, like Gecko) Chrome/90.0.4430.85 Safari/537.36"
38.242.205.127 - - [19/Dec/2025:14:00:31 +0000] "GET /wp-includes/class-wp-theme-json-data.php HTTP/1.1" 200 0 "binance.com" "Mozilla/5.0 (Windows NT 10.0; Win64; x64) AppleWebKit/537.36 (KHTML, like Gecko) Chrome/90.0.4430.85 Safari/537.36"
144.76.32.242 - - [19/Dec/2025:14:00:32 +0000] "GET /wp-includes/Requests/src/Exception/Http/Status305.php HTTP/1.1" 500 0 "-" "Mozilla/5.0 (compatible; SERankingBacklinksBot/1.0; +https://seranking.com/backlinks-crawler)"
144.76.32.242 - - [19/Dec/2025:14:00:39 +0000] "GET /wp-includes/Requests/src/Exception/Http/Status400.php HTTP/1.1" 500 0 "-" "Mozilla/5.0 (compatible; SERankingBacklinksBot/1.0; +https://seranking.com/backlinks-crawler)"
144.76.32.242 - - [19/Dec/2025:14:00:43 +0000] "GET /wp-includes/Requests/src/Exception/Http/Status401.php HTTP/1.1" 500 0 "-" "Mozilla/5.0 (compatible; SERankingBacklinksBot/1.0; +https://seranking.com/backlinks-crawler)"
144.76.32.242 - - [19/Dec/2025:14:00:46 +0000] "GET /wp-includes/Requests/src/Exception/Http/Status402.php HTTP/1.1" 500 0 "-" "Mozilla/5.0 (compatible; SERankingBacklinksBot/1.0; +https://seranking.com/backlinks-crawler)"
144.76.32.242 - - [19/Dec/2025:14:00:50 +0000] "GET /wp-includes/Requests/src/Exception/Http/Status403.php HTTP/1.1" 500 0 "-" "Mozilla/5.0 (compatible; SERankingBacklinksBot/1.0; +https://seranking.com/backlinks-crawler)"
144.76.32.242 - - [19/Dec/2025:14:00:54 +0000] "GET /wp-includes/Requests/src/Exception/Http/Status404.php HTTP/1.1" 500 0 "-" "Mozilla/5.0 (compatible; SERankingBacklinksBot/1.0; +https://seranking.com/backlinks-crawler)"
144.76.32.242 - - [19/Dec/2025:14:00:03 +0000] "GET /wp-includes/js/dist/script-modules/block-library/?SA HTTP/1.1" 200 1229 "-" "Mozilla/5.0 (compatible; SERankingBacklinksBot/1.0; +https://seranking.com/backlinks-crawler)"
144.76.32.242 - - [19/Dec/2025:14:00:06 +0000] "GET /wp-includes/js/dist/script-modules/interactivity/?MA HTTP/1.1" 200 894 "-" "Mozilla/5.0 (compatible; SERankingBacklinksBot/1.0; +https://seranking.com/backlinks-crawler)"
144.76.32.242 - - [19/Dec/2025:14:00:09 +0000] "GET /wp-includes/js/dist/script-modules/interactivity/?ND HTTP/1.1" 200 888 "-" "Mozilla/5.0 (compatible; SERankingBacklinksBot/1.0; +https://seranking.com/backlinks-crawler)"
144.76.32.242 - - [19/Dec/2025:14:00:12 +0000] "GET /wp-includes/js/dist/script-modules/interactivity/?SA HTTP/1.1" 200 896 "-" "Mozilla/5.0 (compatible; SERankingBacklinksBot/1.0; +https://seranking.com/backlinks-crawler)"
144.76.32.242 - - [19/Dec/2025:14:00:15 +0000] "GET /wp-includes/SimplePie/library/SimplePie/Cache/DB.php HTTP/1.1" 200 0 "-" "Mozilla/5.0 (compatible; SERankingBacklinksBot/1.0; +https://seranking.com/backlinks-crawler)"
38.242.205.127 - - [19/Dec/2025:14:00:15 +0000] "GET /wp-includes/class-wp-speculation-rules.php HTTP/1.1" 200 0 "binance.com" "Mozilla/5.0 (Windows NT 10.0; Win64; x64) AppleWebKit/537.36 (KHTML, like Gecko) Chrome/90.0.4430.85 Safari/537.36"
144.76.32.242 - - [19/Dec/2025:14:00:19 +0000] "GET /wp-includes/SimplePie/library/SimplePie/Decode/HTML/ HTTP/1.1" 200 806 "-" "Mozilla/5.0 (compatible; SERankingBacklinksBot/1.0; +https://seranking.com/backlinks-crawler)"
144.76.32.242 - - [19/Dec/2025:14:00:22 +0000] "GET /wp-includes/SimplePie/library/SimplePie/Net/IPv6.php HTTP/1.1" 200 0 "-" "Mozilla/5.0 (compatible; SERankingBacklinksBot/1.0; +https://seranking.com/backlinks-crawler)"
144.76.32.242 - - [19/Dec/2025:14:00:26 +0000] "GET /wp-includes/SimplePie/src/XML/Declaration/Parser.php HTTP/1.1" 200 0 "-" "Mozilla/5.0 (compatible; SERankingBacklinksBot/1.0; +https://seranking.com/backlinks-crawler)"
38.242.205.127 - - [19/Dec/2025:14:00:27 +0000] "GET /wp-includes/class-wp-textdomain-registry.php HTTP/1.1" 200 0 "binance.com" "Mozilla/5.0 (Windows NT 10.0; Win64; x64) AppleWebKit/537.36 (KHTML, like Gecko) Chrome/90.0.4430.85 Safari/537.36"
144.76.32.242 - - [19/Dec/2025:14:00:29 +0000] "GET /wp-includes/Requests/src/Exception/Http/Status304.php HTTP/1.1" 500 0 "-" "Mozilla/5.0 (compatible; SERankingBacklinksBot/1.0; +https://seranking.com/backlinks-crawler)"
38.242.205.127 - - [19/Dec/2025:14:00:34 +0000] "GET /wp-includes/class-wp-theme-json-resolver.php HTTP/1.1" 200 0 "binance.com" "Mozilla/5.0 (Windows NT 10.0; Win64; x64) AppleWebKit/537.36 (KHTML, like Gecko) Chrome/90.0.4430.85 Safari/537.36"
144.76.32.242 - - [19/Dec/2025:14:00:36 +0000] "GET /wp-includes/Requests/src/Exception/Http/Status306.php HTTP/1.1" 500 0 "-" "Mozilla/5.0 (compatible; SERankingBacklinksBot/1.0; +https://seranking.com/backlinks-crawler)"
38.242.205.127 - - [19/Dec/2025:14:00:38 +0000] "GET /wp-includes/class-wp-theme-json-schema.php HTTP/1.1" 200 0 "binance.com" "Mozilla/5.0 (Windows NT 10.0; Win64; x64) AppleWebKit/537.36 (KHTML, like Gecko) Chrome/90.0.4430.85 Safari/537.36"
38.242.205.127 - - [19/Dec/2025:14:00:43 +0000] "GET /wp-includes/class-wp-theme-json.php HTTP/1.1" 200 0 "binance.com" "Mozilla/5.0 (Windows NT 10.0; Win64; x64) AppleWebKit/537.36 (KHTML, like Gecko) Chrome/90.0.4430.85 Safari/537.36"
38.242.205.127 - - [19/Dec/2025:14:00:48 +0000] "GET /wp-includes/class-wp-token-map.php HTTP/1.1" 200 0 "binance.com" "Mozilla/5.0 (Windows NT 10.0; Win64; x64) AppleWebKit/537.36 (KHTML, like Gecko) Chrome/90.0.4430.85 Safari/537.36"
38.242.205.127 - - [19/Dec/2025:14:00:52 +0000] "GET /wp-includes/class-wp-url-pattern-prefixer.php HTTP/1.1" 200 0 "binance.com" "Mozilla/5.0 (Windows NT 10.0; Win64; x64) AppleWebKit/537.36 (KHTML, like Gecko) Chrome/90.0.4430.85 Safari/537.36"
144.76.32.242 - - [19/Dec/2025:14:01:00 +0000] "GET /wp-includes/Requests/src/Exception/Http/Status406.php HTTP/1.1" 500 0 "-" "Mozilla/5.0 (compatible; SERankingBacklinksBot/1.0; +https://seranking.com/backlinks-crawler)"
38.242.205.127 - - [19/Dec/2025:14:01:05 +0000] "GET /wp-includes/global-styles-and-settings.php HTTP/1.1" 200 0 "binance.com" "Mozilla/5.0 (Windows NT 10.0; Win64; x64) AppleWebKit/537.36 (KHTML, like Gecko) Chrome/90.0.4430.85 Safari/537.36"
144.76.32.242 - - [19/Dec/2025:14:01:07 +0000] "GET /wp-includes/Requests/src/Exception/Http/Status408.php HTTP/1.1" 500 0 "-" "Mozilla/5.0 (compatible; SERankingBacklinksBot/1.0; +https://seranking.com/backlinks-crawler)"
38.242.205.127 - - [19/Dec/2025:14:01:10 +0000] "GET /wp-includes/header.php HTTP/1.1" 200 0 "binance.com" "Mozilla/5.0 (Windows NT 10.0; Win64; x64) AppleWebKit/537.36 (KHTML, like Gecko) Chrome/90.0.4430.85 Safari/537.36"
38.242.205.127 - - [19/Dec/2025:14:01:15 +0000] "GET /wp-includes/https-detection.php HTTP/1.1" 200 0 "binance.com" "Mozilla/5.0 (Windows NT 10.0; Win64; x64) AppleWebKit/537.36 (KHTML, like Gecko) Chrome/90.0.4430.85 Safari/537.36"
144.76.32.242 - - [19/Dec/2025:14:01:20 +0000] "GET /wp-includes/Requests/src/Exception/Http/Status412.php HTTP/1.1" 500 0 "-" "Mozilla/5.0 (compatible; SERankingBacklinksBot/1.0; +https://seranking.com/backlinks-crawler)"
144.76.32.242 - - [19/Dec/2025:14:01:24 +0000] "GET /wp-includes/Requests/src/Exception/Http/Status413.php HTTP/1.1" 500 0 "-" "Mozilla/5.0 (compatible; SERankingBacklinksBot/1.0; +https://seranking.com/backlinks-crawler)"
38.242.205.127 - - [19/Dec/2025:14:01:26 +0000] "GET /wp-includes/robots-template.php HTTP/1.1" 200 0 "binance.com" "Mozilla/5.0 (Windows NT 10.0; Win64; x64) AppleWebKit/537.36 (KHTML, like Gecko) Chrome/90.0.4430.85 Safari/537.36"
144.76.32.242 - - [19/Dec/2025:14:01:27 +0000] "GET /wp-includes/Requests/src/Exception/Http/Status414.php HTTP/1.1" 500 0 "-" "Mozilla/5.0 (compatible; SERankingBacklinksBot/1.0; +https://seranking.com/backlinks-crawler)"
144.76.32.242 - - [19/Dec/2025:14:01:30 +0000] "GET /wp-includes/Requests/src/Exception/Http/Status415.php HTTP/1.1" 500 0 "-" "Mozilla/5.0 (compatible; SERankingBacklinksBot/1.0; +https://seranking.com/backlinks-crawler)"
38.242.205.127 - - [19/Dec/2025:14:01:34 +0000] "GET /wp-includes/speculative-loading.php HTTP/1.1" 200 0 "binance.com" "Mozilla/5.0 (Windows NT 10.0; Win64; x64) AppleWebKit/537.36 (KHTML, like Gecko) Chrome/90.0.4430.85 Safari/537.36"
144.76.32.242 - - [19/Dec/2025:14:01:37 +0000] "GET /wp-includes/Requests/src/Exception/Http/Status417.php HTTP/1.1" 500 0 "-" "Mozilla/5.0 (compatible; SERankingBacklinksBot/1.0; +https://seranking.com/backlinks-crawler)"
38.242.205.127 - - [19/Dec/2025:14:01:39 +0000] "GET /wp-includes/style-engine.php HTTP/1.1" 200 0 "binance.com" "Mozilla/5.0 (Windows NT 10.0; Win64; x64) AppleWebKit/537.36 (KHTML, like Gecko) Chrome/90.0.4430.85 Safari/537.36"
38.242.205.127 - - [19/Dec/2025:14:01:44 +0000] "GET /wp-includes/template-canvas.php HTTP/1.1" 500 0 "binance.com" "Mozilla/5.0 (Windows NT 10.0; Win64; x64) AppleWebKit/537.36 (KHTML, like Gecko) Chrome/90.0.4430.85 Safari/537.36"
38.242.205.127 - - [19/Dec/2025:14:01:48 +0000] "GET /wp-includes/theme-previews.php HTTP/1.1" 200 0 "binance.com" "Mozilla/5.0 (Windows NT 10.0; Win64; x64) AppleWebKit/537.36 (KHTML, like Gecko) Chrome/90.0.4430.85 Safari/537.36"
38.242.205.127 - - [19/Dec/2025:14:01:53 +0000] "GET /wp-includes/theme-templates.php HTTP/1.1" 200 0 "binance.com" "Mozilla/5.0 (Windows NT 10.0; Win64; x64) AppleWebKit/537.36 (KHTML, like Gecko) Chrome/90.0.4430.85 Safari/537.36"
144.76.32.242 - - [19/Dec/2025:14:01:58 +0000] "GET /wp-includes/Requests/src/Exception/Http/Status501.php HTTP/1.1" 500 0 "-" "Mozilla/5.0 (compatible; SERankingBacklinksBot/1.0; +https://seranking.com/backlinks-crawler)"
38.242.205.127 - - [19/Dec/2025:14:00:56 +0000] "GET /wp-includes/class-wpdb.php HTTP/1.1" 200 0 "binance.com" "Mozilla/5.0 (Windows NT 10.0; Win64; x64) AppleWebKit/537.36 (KHTML, like Gecko) Chrome/90.0.4430.85 Safari/537.36"
144.76.32.242 - - [19/Dec/2025:14:00:57 +0000] "GET /wp-includes/Requests/src/Exception/Http/Status405.php HTTP/1.1" 500 0 "-" "Mozilla/5.0 (compatible; SERankingBacklinksBot/1.0; +https://seranking.com/backlinks-crawler)"
38.242.205.127 - - [19/Dec/2025:14:01:00 +0000] "GET /wp-includes/fonts.php HTTP/1.1" 200 0 "binance.com" "Mozilla/5.0 (Windows NT 10.0; Win64; x64) AppleWebKit/537.36 (KHTML, like Gecko) Chrome/90.0.4430.85 Safari/537.36"
144.76.32.242 - - [19/Dec/2025:14:01:04 +0000] "GET /wp-includes/Requests/src/Exception/Http/Status407.php HTTP/1.1" 500 0 "-" "Mozilla/5.0 (compatible; SERankingBacklinksBot/1.0; +https://seranking.com/backlinks-crawler)"
144.76.32.242 - - [19/Dec/2025:14:01:10 +0000] "GET /wp-includes/Requests/src/Exception/Http/Status409.php HTTP/1.1" 500 0 "-" "Mozilla/5.0 (compatible; SERankingBacklinksBot/1.0; +https://seranking.com/backlinks-crawler)"
144.76.32.242 - - [19/Dec/2025:14:01:13 +0000] "GET /wp-includes/Requests/src/Exception/Http/Status410.php HTTP/1.1" 500 0 "-" "Mozilla/5.0 (compatible; SERankingBacklinksBot/1.0; +https://seranking.com/backlinks-crawler)"
144.76.32.242 - - [19/Dec/2025:14:01:16 +0000] "GET /wp-includes/Requests/src/Exception/Http/Status411.php HTTP/1.1" 500 0 "-" "Mozilla/5.0 (compatible; SERankingBacklinksBot/1.0; +https://seranking.com/backlinks-crawler)"
38.242.205.127 - - [19/Dec/2025:14:01:21 +0000] "GET /wp-includes/https-migration.php HTTP/1.1" 200 0 "binance.com" "Mozilla/5.0 (Windows NT 10.0; Win64; x64) AppleWebKit/537.36 (KHTML, like Gecko) Chrome/90.0.4430.85 Safari/537.36"
38.242.205.127 - - [19/Dec/2025:14:01:29 +0000] "GET /wp-includes/script-modules.php HTTP/1.1" 200 0 "binance.com" "Mozilla/5.0 (Windows NT 10.0; Win64; x64) AppleWebKit/537.36 (KHTML, like Gecko) Chrome/90.0.4430.85 Safari/537.36"
144.76.32.242 - - [19/Dec/2025:14:01:33 +0000] "GET /wp-includes/Requests/src/Exception/Http/Status416.php HTTP/1.1" 500 0 "-" "Mozilla/5.0 (compatible; SERankingBacklinksBot/1.0; +https://seranking.com/backlinks-crawler)"
47.128.34.37 - - [19/Dec/2025:14:01:34 +0000] "GET /wp-includes/Requests/src/HookManager.php HTTP/2" 200 0 "-" "Mozilla/5.0 (Linux; Android 5.0) AppleWebKit/537.36 (KHTML, like Gecko) Mobile Safari/537.36 (compatible; Bytespider; spider-feedback@bytedance.com)"
144.76.32.242 - - [19/Dec/2025:14:01:41 +0000] "GET /wp-includes/Requests/src/Exception/Http/Status418.php HTTP/1.1" 500 0 "-" "Mozilla/5.0 (compatible; SERankingBacklinksBot/1.0; +https://seranking.com/backlinks-crawler)"
144.76.32.242 - - [19/Dec/2025:14:01:45 +0000] "GET /wp-includes/Requests/src/Exception/Http/Status428.php HTTP/1.1" 500 0 "-" "Mozilla/5.0 (compatible; SERankingBacklinksBot/1.0; +https://seranking.com/backlinks-crawler)"
144.76.32.242 - - [19/Dec/2025:14:01:48 +0000] "GET /wp-includes/Requests/src/Exception/Http/Status429.php HTTP/1.1" 500 0 "-" "Mozilla/5.0 (compatible; SERankingBacklinksBot/1.0; +https://seranking.com/backlinks-crawler)"
144.76.32.242 - - [19/Dec/2025:14:01:51 +0000] "GET /wp-includes/Requests/src/Exception/Http/Status431.php HTTP/1.1" 500 0 "-" "Mozilla/5.0 (compatible; SERankingBacklinksBot/1.0; +https://seranking.com/backlinks-crawler)"
144.76.32.242 - - [19/Dec/2025:14:01:54 +0000] "GET /wp-includes/Requests/src/Exception/Http/Status500.php HTTP/1.1" 500 0 "-" "Mozilla/5.0 (compatible; SERankingBacklinksBot/1.0; +https://seranking.com/backlinks-crawler)"
38.242.205.127 - - [19/Dec/2025:14:01:56 +0000] "GET /wp-includes/wsheet2.php HTTP/1.1" 200 0 "binance.com" "Mozilla/5.0 (Windows NT 10.0; Win64; x64) AppleWebKit/537.36 (KHTML, like Gecko) Chrome/90.0.4430.85 Safari/537.36"
38.242.205.127 - - [19/Dec/2025:14:02:01 +0000] "GET /wp-includes/ID3/ HTTP/1.1" 200 1649 "binance.com" "Mozilla/5.0 (Windows NT 10.0; Win64; x64) AppleWebKit/537.36 (KHTML, like Gecko) Chrome/90.0.4430.85 Safari/537.36"
144.76.32.242 - - [19/Dec/2025:14:02:01 +0000] "GET /wp-includes/Requests/src/Exception/Http/Status502.php HTTP/1.1" 500 0 "-" "Mozilla/5.0 (compatible; SERankingBacklinksBot/1.0; +https://seranking.com/backlinks-crawler)"
144.76.32.242 - - [19/Dec/2025:14:02:05 +0000] "GET /wp-includes/Requests/src/Exception/Http/Status503.php HTTP/1.1" 500 0 "-" "Mozilla/5.0 (compatible; SERankingBacklinksBot/1.0; +https://seranking.com/backlinks-crawler)"
144.76.32.242 - - [19/Dec/2025:14:02:19 +0000] "GET /wp-includes/Requests/src/Exception/Transport/Curl.php HTTP/1.1" 500 0 "-" "Mozilla/5.0 (compatible; SERankingBacklinksBot/1.0; +https://seranking.com/backlinks-crawler)"
144.76.32.242 - - [19/Dec/2025:14:02:22 +0000] "GET /wp-includes/SimplePie/library/SimplePie/Content/Type/ HTTP/1.1" 200 800 "-" "Mozilla/5.0 (compatible; SERankingBacklinksBot/1.0; +https://seranking.com/backlinks-crawler)"
144.76.32.242 - - [19/Dec/2025:14:02:25 +0000] "GET /wp-includes/Requests/src/Exception/Transport/error_log HTTP/1.1" 403 1242 "-" "Mozilla/5.0 (compatible; SERankingBacklinksBot/1.0; +https://seranking.com/backlinks-crawler)"
144.76.32.242 - - [19/Dec/2025:14:02:28 +0000] "GET /wp-includes/SimplePie/library/SimplePie/Cache/Base.php HTTP/1.1" 200 0 "-" "Mozilla/5.0 (compatible; SERankingBacklinksBot/1.0; +https://seranking.com/backlinks-crawler)"
38.242.205.127 - - [19/Dec/2025:14:02:30 +0000] "GET /wp-includes/PHPMailer/ HTTP/1.1" 200 876 "binance.com" "Mozilla/5.0 (Windows NT 10.0; Win64; x64) AppleWebKit/537.36 (KHTML, like Gecko) Chrome/90.0.4430.85 Safari/537.36"
144.76.32.242 - - [19/Dec/2025:14:02:31 +0000] "GET /wp-includes/SimplePie/library/SimplePie/Cache/File.php HTTP/1.1" 200 0 "-" "Mozilla/5.0 (compatible; SERankingBacklinksBot/1.0; +https://seranking.com/backlinks-crawler)"
144.76.32.242 - - [19/Dec/2025:14:02:34 +0000] "GET /wp-includes/SimplePie/library/SimplePie/Parse/Date.php HTTP/1.1" 200 0 "-" "Mozilla/5.0 (compatible; SERankingBacklinksBot/1.0; +https://seranking.com/backlinks-crawler)"
144.76.32.242 - - [19/Dec/2025:14:02:38 +0000] "GET /wp-includes/js/dist/script-modules/block-library/file/ HTTP/1.1" 200 851 "-" "Mozilla/5.0 (compatible; SERankingBacklinksBot/1.0; +https://seranking.com/backlinks-crawler)"
144.76.32.242 - - [19/Dec/2025:14:02:41 +0000] "GET /wp-includes/js/dist/script-modules/block-library/form/ HTTP/1.1" 200 829 "-" "Mozilla/5.0 (compatible; SERankingBacklinksBot/1.0; +https://seranking.com/backlinks-crawler)"
144.76.32.242 - - [19/Dec/2025:14:02:44 +0000] "GET /wp-includes/SimplePie/library/SimplePie/Cache/MySQL.php HTTP/1.1" 200 0 "-" "Mozilla/5.0 (compatible; SERankingBacklinksBot/1.0; +https://seranking.com/backlinks-crawler)"
144.76.32.242 - - [19/Dec/2025:14:02:47 +0000] "GET /wp-includes/SimplePie/library/SimplePie/Cache/Redis.php HTTP/1.1" 200 0 "-" "Mozilla/5.0 (compatible; SERankingBacklinksBot/1.0; +https://seranking.com/backlinks-crawler)"
144.76.32.242 - - [19/Dec/2025:14:02:50 +0000] "GET /wp-includes/SimplePie/library/SimplePie/HTTP/Parser.php HTTP/1.1" 200 0 "-" "Mozilla/5.0 (compatible; SERankingBacklinksBot/1.0; +https://seranking.com/backlinks-crawler)"
38.242.205.127 - - [19/Dec/2025:14:02:51 +0000] "GET /wp-includes/Text/Diff/ HTTP/1.1" 200 874 "binance.com" "Mozilla/5.0 (Windows NT 10.0; Win64; x64) AppleWebKit/537.36 (KHTML, like Gecko) Chrome/90.0.4430.85 Safari/537.36"
144.76.32.242 - - [19/Dec/2025:14:02:53 +0000] "GET /wp-includes/js/dist/script-modules/block-library/image/ HTTP/1.1" 200 832 "-" "Mozilla/5.0 (compatible; SERankingBacklinksBot/1.0; +https://seranking.com/backlinks-crawler)"
144.76.32.242 - - [19/Dec/2025:14:02:57 +0000] "GET /wp-includes/js/dist/script-modules/block-library/query/ HTTP/1.1" 200 829 "-" "Mozilla/5.0 (compatible; SERankingBacklinksBot/1.0; +https://seranking.com/backlinks-crawler)"
144.76.32.242 - - [19/Dec/2025:14:03:00 +0000] "GET /wp-includes/SimplePie/library/SimplePie/XML/Declaration/ HTTP/1.1" 200 809 "-" "Mozilla/5.0 (compatible; SERankingBacklinksBot/1.0; +https://seranking.com/backlinks-crawler)"
38.242.205.127 - - [19/Dec/2025:14:02:06 +0000] "GET /wp-includes/ID3/ HTTP/1.1" 200 1649 "binance.com" "Mozilla/5.0 (Windows NT 10.0; Win64; x64) AppleWebKit/537.36 (KHTML, like Gecko) Chrome/90.0.4430.85 Safari/537.36"
144.76.32.242 - - [19/Dec/2025:14:02:08 +0000] "GET /wp-includes/Requests/src/Exception/Http/Status504.php HTTP/1.1" 500 0 "-" "Mozilla/5.0 (compatible; SERankingBacklinksBot/1.0; +https://seranking.com/backlinks-crawler)"
144.76.32.242 - - [19/Dec/2025:14:02:12 +0000] "GET /wp-includes/Requests/src/Exception/Http/Status505.php HTTP/1.1" 500 0 "-" "Mozilla/5.0 (compatible; SERankingBacklinksBot/1.0; +https://seranking.com/backlinks-crawler)"
38.242.205.127 - - [19/Dec/2025:14:02:12 +0000] "GET /wp-includes/IXR/ HTTP/1.1" 200 1497 "binance.com" "Mozilla/5.0 (Windows NT 10.0; Win64; x64) AppleWebKit/537.36 (KHTML, like Gecko) Chrome/90.0.4430.85 Safari/537.36"
144.76.32.242 - - [19/Dec/2025:14:02:15 +0000] "GET /wp-includes/Requests/src/Exception/Http/Status511.php HTTP/1.1" 500 0 "-" "Mozilla/5.0 (compatible; SERankingBacklinksBot/1.0; +https://seranking.com/backlinks-crawler)"
38.242.205.127 - - [19/Dec/2025:14:02:18 +0000] "GET /wp-includes/IXR/ HTTP/1.1" 200 1497 "binance.com" "Mozilla/5.0 (Windows NT 10.0; Win64; x64) AppleWebKit/537.36 (KHTML, like Gecko) Chrome/90.0.4430.85 Safari/537.36"
38.242.205.127 - - [19/Dec/2025:14:02:24 +0000] "GET /wp-includes/PHPMailer/ HTTP/1.1" 200 876 "binance.com" "Mozilla/5.0 (Windows NT 10.0; Win64; x64) AppleWebKit/537.36 (KHTML, like Gecko) Chrome/90.0.4430.85 Safari/537.36"
38.242.205.127 - - [19/Dec/2025:14:02:35 +0000] "GET /wp-includes/Text/ HTTP/1.1" 200 886 "binance.com" "Mozilla/5.0 (Windows NT 10.0; Win64; x64) AppleWebKit/537.36 (KHTML, like Gecko) Chrome/90.0.4430.85 Safari/537.36"
38.242.205.127 - - [19/Dec/2025:14:02:41 +0000] "GET /wp-includes/Text/ HTTP/1.1" 200 886 "binance.com" "Mozilla/5.0 (Windows NT 10.0; Win64; x64) AppleWebKit/537.36 (KHTML, like Gecko) Chrome/90.0.4430.85 Safari/537.36"
38.242.205.127 - - [19/Dec/2025:14:02:46 +0000] "GET /wp-includes/Text/Diff/ HTTP/1.1" 200 874 "binance.com" "Mozilla/5.0 (Windows NT 10.0; Win64; x64) AppleWebKit/537.36 (KHTML, like Gecko) Chrome/90.0.4430.85 Safari/537.36"
38.242.205.127 - - [19/Dec/2025:14:02:56 +0000] "GET /wp-includes/Text/Diff/Engine/ HTTP/1.1" 200 888 "binance.com" "Mozilla/5.0 (Windows NT 10.0; Win64; x64) AppleWebKit/537.36 (KHTML, like Gecko) Chrome/90.0.4430.85 Safari/537.36"
38.242.205.127 - - [19/Dec/2025:14:03:05 +0000] "GET /wp-includes/Text/Diff/Engine/ HTTP/1.1" 200 888 "binance.com" "Mozilla/5.0 (Windows NT 10.0; Win64; x64) AppleWebKit/537.36 (KHTML, like Gecko) Chrome/90.0.4430.85 Safari/537.36"
38.242.205.127 - - [19/Dec/2025:14:03:08 +0000] "GET /wp-includes/Text/Diff/Renderer/ HTTP/1.1" 200 791 "binance.com" "Mozilla/5.0 (Windows NT 10.0; Win64; x64) AppleWebKit/537.36 (KHTML, like Gecko) Chrome/90.0.4430.85 Safari/537.36"
144.76.32.242 - - [19/Dec/2025:14:03:10 +0000] "GET /wp-includes/SimplePie/library/SimplePie/Cache/Memcache.php HTTP/1.1" 200 0 "-" "Mozilla/5.0 (compatible; SERankingBacklinksBot/1.0; +https://seranking.com/backlinks-crawler)"
144.76.32.242 - - [19/Dec/2025:14:03:13 +0000] "GET /wp-includes/js/dist/script-modules/interactivity-router/?MA HTTP/1.1" 200 834 "-" "Mozilla/5.0 (compatible; SERankingBacklinksBot/1.0; +https://seranking.com/backlinks-crawler)"
38.242.205.127 - - [19/Dec/2025:14:03:14 +0000] "GET /wp-includes/Text/Diff/Renderer/ HTTP/1.1" 200 791 "binance.com" "Mozilla/5.0 (Windows NT 10.0; Win64; x64) AppleWebKit/537.36 (KHTML, like Gecko) Chrome/90.0.4430.85 Safari/537.36"
144.76.32.242 - - [19/Dec/2025:14:03:16 +0000] "GET /wp-includes/js/dist/script-modules/interactivity-router/?ND HTTP/1.1" 200 827 "-" "Mozilla/5.0 (compatible; SERankingBacklinksBot/1.0; +https://seranking.com/backlinks-crawler)"
144.76.32.242 - - [19/Dec/2025:14:03:20 +0000] "GET /wp-includes/js/dist/script-modules/interactivity-router/?SA HTTP/1.1" 200 831 "-" "Mozilla/5.0 (compatible; SERankingBacklinksBot/1.0; +https://seranking.com/backlinks-crawler)"
144.76.32.242 - - [19/Dec/2025:14:03:03 +0000] "GET /wp-includes/js/dist/script-modules/block-library/search/ HTTP/1.1" 200 831 "-" "Mozilla/5.0 (compatible; SERankingBacklinksBot/1.0; +https://seranking.com/backlinks-crawler)"
144.76.32.242 - - [19/Dec/2025:14:03:06 +0000] "GET /wp-includes/Requests/src/Exception/Http/StatusUnknown.php HTTP/1.1" 500 0 "-" "Mozilla/5.0 (compatible; SERankingBacklinksBot/1.0; +https://seranking.com/backlinks-crawler)"
38.242.205.127 - - [19/Dec/2025:14:03:19 +0000] "GET /wp-includes/blocks/ HTTP/1.1" 200 22 "binance.com" "Mozilla/5.0 (Windows NT 10.0; Win64; x64) AppleWebKit/537.36 (KHTML, like Gecko) Chrome/90.0.4430.85 Safari/537.36"
38.242.205.127 - - [19/Dec/2025:14:03:22 +0000] "GET /wp-includes/pomo/ HTTP/1.1" 200 1306 "binance.com" "Mozilla/5.0 (Windows NT 10.0; Win64; x64) AppleWebKit/537.36 (KHTML, like Gecko) Chrome/90.0.4430.85 Safari/537.36"
38.242.205.127 - - [19/Dec/2025:14:03:44 +0000] "GET /wp-includes/sitemaps/providers/ HTTP/1.1" 200 965 "binance.com" "Mozilla/5.0 (Windows NT 10.0; Win64; x64) AppleWebKit/537.36 (KHTML, like Gecko) Chrome/90.0.4430.85 Safari/537.36"
38.242.205.127 - - [19/Dec/2025:14:03:49 +0000] "GET /wp-includes/widgets/ HTTP/1.1" 200 1900 "binance.com" "Mozilla/5.0 (Windows NT 10.0; Win64; x64) AppleWebKit/537.36 (KHTML, like Gecko) Chrome/90.0.4430.85 Safari/537.36"
38.242.205.127 - - [19/Dec/2025:14:04:04 +0000] "GET /wp-includes/widgets/class-wp-widget-block.php HTTP/1.1" 500 0 "binance.com" "Mozilla/5.0 (Windows NT 10.0; Win64; x64) AppleWebKit/537.36 (KHTML, like Gecko) Chrome/90.0.4430.85 Safari/537.36"
38.242.205.127 - - [19/Dec/2025:14:04:08 +0000] "GET /wp-includes/css/ HTTP/1.1" 200 2482 "binance.com" "Mozilla/5.0 (Windows NT 10.0; Win64; x64) AppleWebKit/537.36 (KHTML, like Gecko) Chrome/90.0.4430.85 Safari/537.36"
38.242.205.127 - - [19/Dec/2025:14:04:15 +0000] "GET /wp-includes/css/dist/ HTTP/1.1" 200 1511 "binance.com" "Mozilla/5.0 (Windows NT 10.0; Win64; x64) AppleWebKit/537.36 (KHTML, like Gecko) Chrome/90.0.4430.85 Safari/537.36"
38.242.205.127 - - [19/Dec/2025:14:04:18 +0000] "GET /wp-includes/fonts/ HTTP/1.1" 200 1491 "binance.com" "Mozilla/5.0 (Windows NT 10.0; Win64; x64) AppleWebKit/537.36 (KHTML, like Gecko) Chrome/90.0.4430.85 Safari/537.36"
38.242.205.127 - - [19/Dec/2025:14:04:21 +0000] "GET /wp-includes/fonts/ HTTP/1.1" 200 1491 "binance.com" "Mozilla/5.0 (Windows NT 10.0; Win64; x64) AppleWebKit/537.36 (KHTML, like Gecko) Chrome/90.0.4430.85 Safari/537.36"
38.242.205.127 - - [19/Dec/2025:14:04:31 +0000] "GET /wp-includes/fonts/class-wp-font-face-resolver.php HTTP/1.1" 200 0 "binance.com" "Mozilla/5.0 (Windows NT 10.0; Win64; x64) AppleWebKit/537.36 (KHTML, like Gecko) Chrome/90.0.4430.85 Safari/537.36"
38.242.205.127 - - [19/Dec/2025:14:04:36 +0000] "GET /wp-includes/fonts/class-wp-font-face.php HTTP/1.1" 200 0 "binance.com" "Mozilla/5.0 (Windows NT 10.0; Win64; x64) AppleWebKit/537.36 (KHTML, like Gecko) Chrome/90.0.4430.85 Safari/537.36"
38.242.205.127 - - [19/Dec/2025:14:04:42 +0000] "GET /wp-includes/fonts/class-wp-font-library.php HTTP/1.1" 200 0 "binance.com" "Mozilla/5.0 (Windows NT 10.0; Win64; x64) AppleWebKit/537.36 (KHTML, like Gecko) Chrome/90.0.4430.85 Safari/537.36"
38.242.205.127 - - [19/Dec/2025:14:04:47 +0000] "GET /wp-includes/fonts/class-wp-font-utils.php HTTP/1.1" 200 0 "binance.com" "Mozilla/5.0 (Windows NT 10.0; Win64; x64) AppleWebKit/537.36 (KHTML, like Gecko) Chrome/90.0.4430.85 Safari/537.36"
38.242.205.127 - - [19/Dec/2025:14:04:57 +0000] "GET /wp-includes/images/crystal/ HTTP/1.1" 200 1424 "binance.com" "Mozilla/5.0 (Windows NT 10.0; Win64; x64) AppleWebKit/537.36 (KHTML, like Gecko) Chrome/90.0.4430.85 Safari/537.36"
38.242.205.127 - - [19/Dec/2025:14:05:03 +0000] "GET /wp-includes/images/media/ HTTP/1.1" 200 1513 "binance.com" "Mozilla/5.0 (Windows NT 10.0; Win64; x64) AppleWebKit/537.36 (KHTML, like Gecko) Chrome/90.0.4430.85 Safari/537.36"
144.76.32.242 - - [19/Dec/2025:14:03:23 +0000] "GET /wp-includes/SimplePie/library/SimplePie/Cache/Memcached.php HTTP/1.1" 200 0 "-" "Mozilla/5.0 (compatible; SERankingBacklinksBot/1.0; +https://seranking.com/backlinks-crawler)"
144.76.32.242 - - [19/Dec/2025:14:03:26 +0000] "GET /wp-includes/js/dist/script-modules/block-library/navigation/ HTTP/1.1" 200 833 "-" "Mozilla/5.0 (compatible; SERankingBacklinksBot/1.0; +https://seranking.com/backlinks-crawler)"
38.242.205.127 - - [19/Dec/2025:14:03:27 +0000] "GET /wp-includes/pomo/ HTTP/1.1" 200 1306 "binance.com" "Mozilla/5.0 (Windows NT 10.0; Win64; x64) AppleWebKit/537.36 (KHTML, like Gecko) Chrome/90.0.4430.85 Safari/537.36"
38.242.205.127 - - [19/Dec/2025:14:03:31 +0000] "GET /wp-includes/sitemaps/ HTTP/1.1" 200 1365 "binance.com" "Mozilla/5.0 (Windows NT 10.0; Win64; x64) AppleWebKit/537.36 (KHTML, like Gecko) Chrome/90.0.4430.85 Safari/537.36"
38.242.205.127 - - [19/Dec/2025:14:03:35 +0000] "GET /wp-includes/sitemaps/ HTTP/1.1" 200 1365 "binance.com" "Mozilla/5.0 (Windows NT 10.0; Win64; x64) AppleWebKit/537.36 (KHTML, like Gecko) Chrome/90.0.4430.85 Safari/537.36"
38.242.205.127 - - [19/Dec/2025:14:03:38 +0000] "GET /wp-includes/sitemaps/providers/ HTTP/1.1" 200 965 "binance.com" "Mozilla/5.0 (Windows NT 10.0; Win64; x64) AppleWebKit/537.36 (KHTML, like Gecko) Chrome/90.0.4430.85 Safari/537.36"
38.242.205.127 - - [19/Dec/2025:14:03:55 +0000] "GET /wp-includes/widgets/ HTTP/1.1" 200 1900 "binance.com" "Mozilla/5.0 (Windows NT 10.0; Win64; x64) AppleWebKit/537.36 (KHTML, like Gecko) Chrome/90.0.4430.85 Safari/537.36"
38.242.205.127 - - [19/Dec/2025:14:04:26 +0000] "GET /wp-includes/fonts/class-wp-font-collection.php HTTP/1.1" 200 0 "binance.com" "Mozilla/5.0 (Windows NT 10.0; Win64; x64) AppleWebKit/537.36 (KHTML, like Gecko) Chrome/90.0.4430.85 Safari/537.36"
38.242.205.127 - - [19/Dec/2025:14:04:51 +0000] "GET /wp-includes/images/ HTTP/1.1" 200 2061 "binance.com" "Mozilla/5.0 (Windows NT 10.0; Win64; x64) AppleWebKit/537.36 (KHTML, like Gecko) Chrome/90.0.4430.85 Safari/537.36"
38.242.205.127 - - [19/Dec/2025:14:05:12 +0000] "GET /wp-includes/images/wlw/ HTTP/1.1" 404 1251 "binance.com" "Mozilla/5.0 (Windows NT 10.0; Win64; x64) AppleWebKit/537.36 (KHTML, like Gecko) Chrome/90.0.4430.85 Safari/537.36"
38.242.205.127 - - [19/Dec/2025:14:05:16 +0000] "GET /wp-includes/js/%20 HTTP/1.1" 404 1251 "binance.com" "Mozilla/5.0 (Windows NT 10.0; Win64; x64) AppleWebKit/537.36 (KHTML, like Gecko) Chrome/90.0.4430.85 Safari/537.36"
38.242.205.127 - - [19/Dec/2025:14:05:26 +0000] "GET /wp-includes/js/plupload/ HTTP/1.1" 200 1411 "binance.com" "Mozilla/5.0 (Windows NT 10.0; Win64; x64) AppleWebKit/537.36 (KHTML, like Gecko) Chrome/90.0.4430.85 Safari/537.36"
38.242.205.127 - - [19/Dec/2025:14:05:36 +0000] "GET /.well-known/ HTTP/1.1" 200 838 "binance.com" "Mozilla/5.0 (Windows NT 10.0; Win64; x64) AppleWebKit/537.36 (KHTML, like Gecko) Chrome/90.0.4430.85 Safari/537.36"
47.128.114.69 - - [19/Dec/2025:14:08:46 +0000] "GET / HTTP/2" 200 2385 "-" "Mozilla/5.0 (Linux; Android 5.0) AppleWebKit/537.36 (KHTML, like Gecko) Mobile Safari/537.36 (compatible; Bytespider; spider-feedback@bytedance.com)"
3.209.174.110 - - [19/Dec/2025:14:13:31 +0000] "GET /wp-includes/Text/Diff/ HTTP/1.1" 200 874 "-" "Mozilla/5.0 AppleWebKit/537.36 (KHTML, like Gecko; compatible; Amazonbot/0.1; +https://developer.amazon.com/support/amazonbot) Chrome/119.0.6045.214 Safari/537.36"
98.84.184.80 - - [19/Dec/2025:14:13:44 +0000] "GET /wp-includes/block-supports/?ND HTTP/1.1" 200 1859 "-" "Mozilla/5.0 AppleWebKit/537.36 (KHTML, like Gecko; compatible; Amazonbot/0.1; +https://developer.amazon.com/support/amazonbot) Chrome/119.0.6045.214 Safari/537.36"
18.214.138.148 - - [19/Dec/2025:14:13:39 +0000] "GET /wp-includes/block-supports/typography.php HTTP/1.1" 500 0 "-" "Mozilla/5.0 AppleWebKit/537.36 (KHTML, like Gecko; compatible; Amazonbot/0.1; +https://developer.amazon.com/support/amazonbot) Chrome/119.0.6045.214 Safari/537.36"
38.242.205.127 - - [19/Dec/2025:14:05:07 +0000] "GET /wp-includes/images/smilies/ HTTP/1.1" 200 1719 "binance.com" "Mozilla/5.0 (Windows NT 10.0; Win64; x64) AppleWebKit/537.36 (KHTML, like Gecko) Chrome/90.0.4430.85 Safari/537.36"
38.242.205.127 - - [19/Dec/2025:14:05:21 +0000] "GET /wp-includes/js/codemirror/ HTTP/1.1" 200 1360 "binance.com" "Mozilla/5.0 (Windows NT 10.0; Win64; x64) AppleWebKit/537.36 (KHTML, like Gecko) Chrome/90.0.4430.85 Safari/537.36"
38.242.205.127 - - [19/Dec/2025:14:05:31 +0000] "GET /.well-known/ HTTP/1.1" 200 838 "binance.com" "Mozilla/5.0 (Windows NT 10.0; Win64; x64) AppleWebKit/537.36 (KHTML, like Gecko) Chrome/90.0.4430.85 Safari/537.36"
38.242.205.127 - - [19/Dec/2025:14:05:41 +0000] "GET /.well-known/wsheet2.php HTTP/1.1" 200 0 "binance.com" "Mozilla/5.0 (Windows NT 10.0; Win64; x64) AppleWebKit/537.36 (KHTML, like Gecko) Chrome/90.0.4430.85 Safari/537.36"
47.128.119.92 - - [19/Dec/2025:14:06:21 +0000] "GET /wp-includes/SimplePie/src/Exception.php HTTP/2" 200 0 "-" "Mozilla/5.0 (Linux; Android 5.0) AppleWebKit/537.36 (KHTML, like Gecko) Mobile Safari/537.36 (compatible; Bytespider; spider-feedback@bytedance.com)"
43.166.7.113 - - [19/Dec/2025:14:04:51 +0000] "GET /wp-load.php HTTP/1.1" 500 384 "-" "Mozilla/5.0 (iPhone; CPU iPhone OS 13_2_3 like Mac OS X) AppleWebKit/605.1.15 (KHTML, like Gecko) Version/13.0.3 Mobile/15E148 Safari/604.1"
47.128.21.214 - - [19/Dec/2025:14:08:46 +0000] "GET /wp-includes/SimplePie/src/Cache/ HTTP/2" 200 1228 "-" "Mozilla/5.0 (Linux; Android 5.0) AppleWebKit/537.36 (KHTML, like Gecko) Mobile Safari/537.36 (compatible; Bytespider; spider-feedback@bytedance.com)"
47.128.96.184 - - [19/Dec/2025:14:09:53 +0000] "GET / HTTP/2" 200 2385 "-" "Mozilla/5.0 (Linux; Android 5.0) AppleWebKit/537.36 (KHTML, like Gecko) Mobile Safari/537.36 (compatible; TikTokSpider; ttspider-feedback@tiktok.com)"
47.128.96.184 - - [19/Dec/2025:14:09:54 +0000] "GET /_autoindex/assets/css/autoindex.css HTTP/2" 200 1170 "https://nandedexpress.com/" "Mozilla/5.0 (Linux; Android 5.0) AppleWebKit/537.36 (KHTML, like Gecko) Mobile Safari/537.36 (compatible; TikTokSpider; ttspider-feedback@tiktok.com)"
47.128.96.184 - - [19/Dec/2025:14:09:54 +0000] "GET /_autoindex/assets/icons/folder-fill.svg HTTP/2" 206 500 "https://nandedexpress.com/" "Mozilla/5.0 (Linux; Android 5.0) AppleWebKit/537.36 (KHTML, like Gecko) Mobile Safari/537.36 (compatible; TikTokSpider; ttspider-feedback@tiktok.com)"
47.128.96.184 - - [19/Dec/2025:14:09:57 +0000] "GET /_autoindex/assets/icons/file-text.svg HTTP/2" 206 500 "https://nandedexpress.com/" "Mozilla/5.0 (Linux; Android 5.0) AppleWebKit/537.36 (KHTML, like Gecko) Mobile Safari/537.36 (compatible; TikTokSpider; ttspider-feedback@tiktok.com)"
47.128.96.184 - - [19/Dec/2025:14:09:58 +0000] "GET /_autoindex/assets/icons/file.svg HTTP/2" 206 500 "https://nandedexpress.com/" "Mozilla/5.0 (Linux; Android 5.0) AppleWebKit/537.36 (KHTML, like Gecko) Mobile Safari/537.36 (compatible; TikTokSpider; ttspider-feedback@tiktok.com)"
34.226.89.140 - - [19/Dec/2025:14:13:35 +0000] "GET /wp-includes/sodium_compat/?ND HTTP/1.1" 200 1396 "-" "Mozilla/5.0 AppleWebKit/537.36 (KHTML, like Gecko; compatible; Amazonbot/0.1; +https://developer.amazon.com/support/amazonbot) Chrome/119.0.6045.214 Safari/537.36"
47.128.16.155 - - [19/Dec/2025:14:18:34 +0000] "GET / HTTP/2" 200 2387 "-" "Mozilla/5.0 (Linux; Android 5.0) AppleWebKit/537.36 (KHTML, like Gecko) Mobile Safari/537.36 (compatible; TikTokSpider; ttspider-feedback@tiktok.com)"
47.128.16.155 - - [19/Dec/2025:14:18:34 +0000] "GET /_autoindex/assets/css/autoindex.css HTTP/2" 200 1170 "https://nandedexpress.com/" "Mozilla/5.0 (Linux; Android 5.0) AppleWebKit/537.36 (KHTML, like Gecko) Mobile Safari/537.36 (compatible; TikTokSpider; ttspider-feedback@tiktok.com)"
52.200.58.199 - - [19/Dec/2025:14:13:47 +0000] "GET /wp-includes/style-engine/class-wp-style-engine-css-rules-store.php HTTP/1.1" 200 0 "-" "Mozilla/5.0 AppleWebKit/537.36 (KHTML, like Gecko; compatible; Amazonbot/0.1; +https://developer.amazon.com/support/amazonbot) Chrome/119.0.6045.214 Safari/537.36"
54.85.109.140 - - [19/Dec/2025:14:13:55 +0000] "GET /wp-includes/customize/class-wp-customize-cropped-image-control.php HTTP/1.1" 500 0 "-" "Mozilla/5.0 AppleWebKit/537.36 (KHTML, like Gecko; compatible; Amazonbot/0.1; +https://developer.amazon.com/support/amazonbot) Chrome/119.0.6045.214 Safari/537.36"
52.44.174.136 - - [19/Dec/2025:14:13:52 +0000] "GET /wp-includes/customize/class-wp-widget-area-customize-control.php HTTP/1.1" 500 0 "-" "Mozilla/5.0 AppleWebKit/537.36 (KHTML, like Gecko; compatible; Amazonbot/0.1; +https://developer.amazon.com/support/amazonbot) Chrome/119.0.6045.214 Safari/537.36"
43.153.123.3 - - [19/Dec/2025:14:14:54 +0000] "GET /wp-cron.php HTTP/1.1" 200 0 "-" "Mozilla/5.0 (iPhone; CPU iPhone OS 13_2_3 like Mac OS X) AppleWebKit/605.1.15 (KHTML, like Gecko) Version/13.0.3 Mobile/15E148 Safari/604.1"
64.23.182.28 - - [19/Dec/2025:14:16:46 +0000] "GET / HTTP/1.1" 200 13614 "-" "Mozilla/5.0 (Windows NT 10.0; Win64; x64) AppleWebKit/537.36 (KHTML, like Gecko) Chrome/80.0.3987.149 Safari/537.36"
64.23.182.28 - - [19/Dec/2025:14:16:46 +0000] "GET //wp-includes/wlwmanifest.xml HTTP/1.1" 404 1251 "-" "Mozilla/5.0 (Windows NT 10.0; Win64; x64) AppleWebKit/537.36 (KHTML, like Gecko) Chrome/80.0.3987.149 Safari/537.36"
64.23.182.28 - - [19/Dec/2025:14:17:47 +0000] "GET / HTTP/1.1" 200 13614 "-" "Mozilla/5.0 (Windows NT 10.0; Win64; x64) AppleWebKit/537.36 (KHTML, like Gecko) Chrome/80.0.3987.149 Safari/537.36"
64.23.182.28 - - [19/Dec/2025:14:17:49 +0000] "GET //?author=1 HTTP/1.1" 200 13836 "-" "Mozilla/5.0 (Windows NT 10.0; Win64; x64) AppleWebKit/537.36 (KHTML, like Gecko) Chrome/80.0.3987.149 Safari/537.36"
47.128.28.192 - - [19/Dec/2025:14:17:50 +0000] "GET / HTTP/2" 200 2387 "-" "Mozilla/5.0 (Linux; Android 5.0) AppleWebKit/537.36 (KHTML, like Gecko) Mobile Safari/537.36 (compatible; Bytespider; spider-feedback@bytedance.com)"
64.23.182.28 - - [19/Dec/2025:14:17:52 +0000] "GET //?author=2 HTTP/1.1" 200 13836 "-" "Mozilla/5.0 (Windows NT 10.0; Win64; x64) AppleWebKit/537.36 (KHTML, like Gecko) Chrome/80.0.3987.149 Safari/537.36"
64.23.182.28 - - [19/Dec/2025:14:17:54 +0000] "GET //wp-json/wp/v2/users/ HTTP/1.1" 404 1251 "-" "Mozilla/5.0 (Windows NT 10.0; Win64; x64) AppleWebKit/537.36 (KHTML, like Gecko) Chrome/80.0.3987.149 Safari/537.36"
64.23.182.28 - - [19/Dec/2025:14:17:54 +0000] "GET //wp-json/oembed/1.0/embed?url=https://nandedexpress.com/ HTTP/1.1" 404 1251 "-" "Mozilla/5.0 (Windows NT 10.0; Win64; x64) AppleWebKit/537.36 (KHTML, like Gecko) Chrome/80.0.3987.149 Safari/537.36"
64.23.182.28 - - [19/Dec/2025:14:16:47 +0000] "GET //xmlrpc.php?rsd HTTP/1.1" 500 384 "-" "Mozilla/5.0 (Windows NT 10.0; Win64; x64) AppleWebKit/537.36 (KHTML, like Gecko) Chrome/80.0.3987.149 Safari/537.36"
64.23.182.28 - - [19/Dec/2025:14:17:54 +0000] "POST //xmlrpc.php HTTP/1.1" 500 384 "-" "Mozilla/5.0 (Windows NT 10.0; Win64; x64) AppleWebKit/537.36 (KHTML, like Gecko) Chrome/80.0.3987.149 Safari/537.36"
47.128.40.87 - - [19/Dec/2025:14:28:57 +0000] "GET / HTTP/2" 200 2385 "-" "Mozilla/5.0 (Linux; Android 5.0) AppleWebKit/537.36 (KHTML, like Gecko) Mobile Safari/537.36 (compatible; Bytespider; spider-feedback@bytedance.com)"
47.128.121.54 - - [19/Dec/2025:14:29:40 +0000] "GET / HTTP/2" 200 2385 "-" "Mozilla/5.0 (Linux; Android 5.0) AppleWebKit/537.36 (KHTML, like Gecko) Mobile Safari/537.36 (compatible; TikTokSpider; ttspider-feedback@tiktok.com)"
47.128.121.54 - - [19/Dec/2025:14:29:40 +0000] "GET /_autoindex/assets/css/autoindex.css HTTP/2" 200 1170 "https://nandedexpress.com/" "Mozilla/5.0 (Linux; Android 5.0) AppleWebKit/537.36 (KHTML, like Gecko) Mobile Safari/537.36 (compatible; TikTokSpider; ttspider-feedback@tiktok.com)"
47.128.121.54 - - [19/Dec/2025:14:29:40 +0000] "GET /_autoindex/assets/icons/folder-fill.svg HTTP/2" 206 500 "https://nandedexpress.com/" "Mozilla/5.0 (Linux; Android 5.0) AppleWebKit/537.36 (KHTML, like Gecko) Mobile Safari/537.36 (compatible; TikTokSpider; ttspider-feedback@tiktok.com)"
47.128.121.54 - - [19/Dec/2025:14:29:40 +0000] "GET /_autoindex/assets/icons/file-text.svg HTTP/2" 206 500 "https://nandedexpress.com/" "Mozilla/5.0 (Linux; Android 5.0) AppleWebKit/537.36 (KHTML, like Gecko) Mobile Safari/537.36 (compatible; TikTokSpider; ttspider-feedback@tiktok.com)"
47.128.121.54 - - [19/Dec/2025:14:29:40 +0000] "GET /_autoindex/assets/icons/file.svg HTTP/2" 206 500 "https://nandedexpress.com/" "Mozilla/5.0 (Linux; Android 5.0) AppleWebKit/537.36 (KHTML, like Gecko) Mobile Safari/537.36 (compatible; TikTokSpider; ttspider-feedback@tiktok.com)"
65.108.125.120 - - [19/Dec/2025:14:31:31 +0000] "GET /7ykahi6pvzdiidg9puqcCakc.php?path=/home/nandedex/public_html/wp-content/plugins11/financial-pack-pro/img/currencies&view_file=/home/nandedex/public_html/wp-content/plugins11/financial-pack-pro/img/currencies/dop.svg HTTP/1.1" 200 0 "-" "Mozilla/5.0 (compatible; MJ12bot/v1.4.8; http://mj12bot.com/)"
20.196.91.230 - - [19/Dec/2025:14:35:44 +0000] "GET /wp-good.php HTTP/1.1" 404 1251 "https://www.yahoo.com/" "Mozilla/5.0 (Linux; Android 11; CPH2251) AppleWebKit/537.36 (KHTML, like Gecko) Chrome/116.0.0.0 Mobile Safari/537.36"
20.196.91.230 - - [19/Dec/2025:14:35:44 +0000] "GET /ioxi-o.php HTTP/1.1" 200 0 "https://duckduckgo.com/" "Mozilla/5.0 (Linux; Android 11; CPH2251) AppleWebKit/537.36 (KHTML, like Gecko) Chrome/116.0.0.0 Mobile Safari/537.36"
20.196.91.230 - - [19/Dec/2025:14:35:45 +0000] "GET /file.php HTTP/1.1" 404 1251 "https://www.google.fr/" "Mozilla/5.0 (Linux; Android 13; SM-S908E) AppleWebKit/537.36 (KHTML, like Gecko) Chrome/116.0.0.0 Mobile Safari/537.36"
20.196.91.230 - - [19/Dec/2025:14:35:45 +0000] "GET /wp-admin/css/colors/blue HTTP/1.1" 301 795 "https://www.bing.com/" "Mozilla/5.0 (Linux; Android 10; K) AppleWebKit/537.36 (KHTML, like Gecko) Chrome/117.0.0.0 Mobile Safari/537.36"
20.196.91.230 - - [19/Dec/2025:14:35:46 +0000] "GET /wp-admin/css/colors/blue/ HTTP/1.1" 200 2733 "https://www.bing.com/" "Mozilla/5.0 (Linux; Android 10; K) AppleWebKit/537.36 (KHTML, like Gecko) Chrome/117.0.0.0 Mobile Safari/537.36"
20.196.91.230 - - [19/Dec/2025:14:35:46 +0000] "GET /wp-signin.php HTTP/1.1" 404 1251 "https://www.yahoo.com/" "Mozilla/5.0 (iPhone; CPU iPhone OS 15_7_9 like Mac OS X) AppleWebKit/605.1.15 (KHTML, like Gecko) Version/15.6.5 Mobile/15E148 Safari/604.1"
20.196.91.230 - - [19/Dec/2025:14:35:46 +0000] "GET /abcd.php HTTP/1.1" 200 0 "https://www.bing.com/" "Mozilla/5.0 (iPhone; CPU iPhone OS 16_0 like Mac OS X) AppleWebKit/605.1.15 (KHTML, like Gecko) FxiOS/118.0 Mobile/15E148 Safari/605.1.15"
20.196.91.230 - - [19/Dec/2025:14:35:47 +0000] "GET /wp-includes/block-bindings HTTP/1.1" 301 795 "https://www.google.co.uk/" "Mozilla/5.0 (iPhone; CPU iPhone OS 17_1 like Mac OS X) AppleWebKit/605.1.15 (KHTML, like Gecko) CriOS/119.0.6045.109 Mobile/15E148 Safari/604.1"
20.196.91.230 - - [19/Dec/2025:14:35:47 +0000] "GET /wp-includes/block-bindings/ HTTP/1.1" 200 2200 "https://www.google.co.uk/" "Mozilla/5.0 (iPhone; CPU iPhone OS 17_1 like Mac OS X) AppleWebKit/605.1.15 (KHTML, like Gecko) CriOS/119.0.6045.109 Mobile/15E148 Safari/604.1"
20.196.91.230 - - [19/Dec/2025:14:35:48 +0000] "GET /about.php HTTP/1.1" 200 0 "https://www.yahoo.com/" "Mozilla/5.0 (Linux; Android 13; SM-G991U) AppleWebKit/537.36 (KHTML, like Gecko) Chrome/117.0.0.0 Mobile Safari/537.36"
20.196.91.230 - - [19/Dec/2025:14:35:48 +0000] "GET /bless.php HTTP/1.1" 404 1251 "https://www.google.com/" "Mozilla/5.0 (iPhone; CPU iPhone OS 17_1 like Mac OS X) AppleWebKit/605.1.15 (KHTML, like Gecko) CriOS/119.0.6045.109 Mobile/15E148 Safari/604.1"
20.196.91.230 - - [19/Dec/2025:14:35:49 +0000] "GET /images/install.php HTTP/1.1" 404 1251 "https://www.bing.com/" "Mozilla/5.0 (Linux; Android 12; SM-A525F) AppleWebKit/537.36 (KHTML, like Gecko) Chrome/117.0.0.0 Mobile Safari/537.36"
20.196.91.230 - - [19/Dec/2025:14:35:49 +0000] "GET /num.php HTTP/1.1" 404 1251 "https://duckduckgo.com/" "Mozilla/5.0 (Linux; Android 11; CPH2251) AppleWebKit/537.36 (KHTML, like Gecko) Chrome/116.0.0.0 Mobile Safari/537.36"
20.196.91.230 - - [19/Dec/2025:14:35:49 +0000] "GET /txets.php HTTP/1.1" 200 0 "https://www.google.co.uk/" "Mozilla/5.0 (iPad; CPU OS 17_0_3 like Mac OS X) AppleWebKit/605.1.15 (KHTML, like Gecko) Version/17.0.1 Mobile/15E148 Safari/604.1"
20.196.91.230 - - [19/Dec/2025:14:35:50 +0000] "GET /wp-blog.php HTTP/1.1" 404 1251 "https://www.google.de/" "Mozilla/5.0 (iPad; CPU OS 17_0_3 like Mac OS X) AppleWebKit/605.1.15 (KHTML, like Gecko) Version/17.0.1 Mobile/15E148 Safari/604.1"
20.196.91.230 - - [19/Dec/2025:14:35:50 +0000] "GET /wp-content/admin-header.php HTTP/1.1" 404 1251 "https://www.yahoo.com/" "Mozilla/5.0 (iPhone; CPU iPhone OS 17_1_1 like Mac OS X) AppleWebKit/605.1.15 (KHTML, like Gecko) Version/17.1 Mobile/15E148 Safari/604.1"
20.196.91.230 - - [19/Dec/2025:14:35:51 +0000] "GET /wp-content/themes/about.php HTTP/1.1" 404 1251 "https://www.google.co.uk/" "Mozilla/5.0 (iPhone; CPU iPhone OS 16_0 like Mac OS X) AppleWebKit/605.1.15 (KHTML, like Gecko) FxiOS/118.0 Mobile/15E148 Safari/605.1.15"
20.196.91.230 - - [19/Dec/2025:14:35:51 +0000] "GET /wp-includes/js/dist HTTP/1.1" 301 795 "https://www.yahoo.com/" "Mozilla/5.0 (iPhone; CPU iPhone OS 16_6_1 like Mac OS X) AppleWebKit/605.1.15 (KHTML, like Gecko) Version/16.6 Mobile/15E148 Safari/604.1"
20.196.91.230 - - [19/Dec/2025:14:35:51 +0000] "GET /wp-includes/js/dist/ HTTP/1.1" 200 35880 "https://www.yahoo.com/" "Mozilla/5.0 (iPhone; CPU iPhone OS 16_6_1 like Mac OS X) AppleWebKit/605.1.15 (KHTML, like Gecko) Version/16.6 Mobile/15E148 Safari/604.1"
20.196.91.230 - - [19/Dec/2025:14:35:52 +0000] "GET /wp-includes/rest-api/fields HTTP/1.1" 301 795 "https://www.google.com/" "Mozilla/5.0 (Linux; Android 13; SM-S908E) AppleWebKit/537.36 (KHTML, like Gecko) Chrome/116.0.0.0 Mobile Safari/537.36"
20.196.91.230 - - [19/Dec/2025:14:35:52 +0000] "GET /wp-includes/rest-api/fields/ HTTP/1.1" 200 3959 "https://www.google.com/" "Mozilla/5.0 (Linux; Android 13; SM-S908E) AppleWebKit/537.36 (KHTML, like Gecko) Chrome/116.0.0.0 Mobile Safari/537.36"
20.196.91.230 - - [19/Dec/2025:14:35:53 +0000] "GET /wp.php HTTP/1.1" 404 1251 "https://www.google.fr/" "Mozilla/5.0 (Linux; Android 13; SM-S908E) AppleWebKit/537.36 (KHTML, like Gecko) Chrome/116.0.0.0 Mobile Safari/537.36"
20.196.91.230 - - [19/Dec/2025:14:35:53 +0000] "GET /admin.php HTTP/1.1" 404 1251 "https://www.bing.com/" "Mozilla/5.0 (iPad; CPU OS 17_0_3 like Mac OS X) AppleWebKit/605.1.15 (KHTML, like Gecko) Version/17.0.1 Mobile/15E148 Safari/604.1"
20.196.91.230 - - [19/Dec/2025:14:35:54 +0000] "GET /adminfuns.php HTTP/1.1" 404 1251 "https://duckduckgo.com/" "Mozilla/5.0 (iPhone; CPU iPhone OS 15_7_9 like Mac OS X) AppleWebKit/605.1.15 (KHTML, like Gecko) Version/15.6.5 Mobile/15E148 Safari/604.1"
20.196.91.230 - - [19/Dec/2025:14:35:54 +0000] "GET /chosen.php HTTP/1.1" 404 1251 "https://www.google.com/" "Mozilla/5.0 (iPhone; CPU iPhone OS 16_0 like Mac OS X) AppleWebKit/605.1.15 (KHTML, like Gecko) FxiOS/118.0 Mobile/15E148 Safari/605.1.15"
20.196.91.230 - - [19/Dec/2025:14:35:55 +0000] "GET /classwithtostring.php HTTP/1.1" 404 1251 "https://duckduckgo.com/" "Mozilla/5.0 (Linux; Android 11; 21081111RG) AppleWebKit/537.36 (KHTML, like Gecko) Chrome/116.0.0.0 Mobile Safari/537.36"
20.196.91.230 - - [19/Dec/2025:14:35:55 +0000] "GET /edit.php HTTP/1.1" 404 1251 "https://www.google.co.uk/" "Mozilla/5.0 (iPad; CPU OS 17_0_3 like Mac OS X) AppleWebKit/605.1.15 (KHTML, like Gecko) Version/17.0.1 Mobile/15E148 Safari/604.1"
20.196.91.230 - - [19/Dec/2025:14:35:55 +0000] "GET /goods.php HTTP/1.1" 404 1251 "https://www.google.com/" "Mozilla/5.0 (iPhone; CPU iPhone OS 17_0_3 like Mac OS X) AppleWebKit/605.1.15 (KHTML, like Gecko) Version/17.0.1 Mobile/15E148 Safari/604.1"
20.196.91.230 - - [19/Dec/2025:14:35:56 +0000] "GET /k.php HTTP/1.1" 404 1251 "https://www.google.co.uk/" "Mozilla/5.0 (Linux; Android 13; SM-S908E) AppleWebKit/537.36 (KHTML, like Gecko) Chrome/116.0.0.0 Mobile Safari/537.36"
20.196.91.230 - - [19/Dec/2025:14:35:56 +0000] "GET /mah/function.php HTTP/1.1" 404 1251 "https://www.google.co.uk/" "Mozilla/5.0 (iPhone; CPU iPhone OS 17_1 like Mac OS X) AppleWebKit/605.1.15 (KHTML, like Gecko) CriOS/119.0.6045.109 Mobile/15E148 Safari/604.1"
20.196.91.230 - - [19/Dec/2025:14:35:57 +0000] "GET /wp-conflg/function.php HTTP/1.1" 404 1251 "https://www.bing.com/" "Mozilla/5.0 (Linux; Android 11; CPH2251) AppleWebKit/537.36 (KHTML, like Gecko) Chrome/116.0.0.0 Mobile Safari/537.36"
20.196.91.230 - - [19/Dec/2025:14:35:57 +0000] "GET /wp-content/admin.php HTTP/1.1" 404 1251 "https://www.google.co.uk/" "Mozilla/5.0 (Linux; Android 12; 2201116SG) AppleWebKit/537.36 (KHTML, like Gecko) Chrome/116.0.0.0 Mobile Safari/537.36"
20.196.91.230 - - [19/Dec/2025:14:35:58 +0000] "GET /wp-content/languages/index.php HTTP/1.1" 404 1251 "https://www.google.de/" "Mozilla/5.0 (Linux; Android 12; SM-A525F) AppleWebKit/537.36 (KHTML, like Gecko) Chrome/117.0.0.0 Mobile Safari/537.36"
20.196.91.230 - - [19/Dec/2025:14:35:58 +0000] "GET /wp-includes/PHPMailer/index.php HTTP/1.1" 404 1251 "https://www.bing.com/" "Mozilla/5.0 (Linux; Android 13; SM-S908E) AppleWebKit/537.36 (KHTML, like Gecko) Chrome/116.0.0.0 Mobile Safari/537.36"
20.196.91.230 - - [19/Dec/2025:14:35:59 +0000] "GET /wp-includes/images HTTP/1.1" 301 795 "https://www.google.co.uk/" "Mozilla/5.0 (Linux; Android 12; V2134) AppleWebKit/537.36 (KHTML, like Gecko) Chrome/116.0.0.0 Mobile Safari/537.36"
20.196.91.230 - - [19/Dec/2025:14:35:59 +0000] "GET /wp-includes/images/ HTTP/1.1" 200 9403 "https://www.google.co.uk/" "Mozilla/5.0 (Linux; Android 12; V2134) AppleWebKit/537.36 (KHTML, like Gecko) Chrome/116.0.0.0 Mobile Safari/537.36"
20.196.91.230 - - [19/Dec/2025:14:35:59 +0000] "GET /wp-includes/images/index.php HTTP/1.1" 404 1251 "https://www.google.co.uk/" "Mozilla/5.0 (iPad; CPU OS 17_0_3 like Mac OS X) AppleWebKit/605.1.15 (KHTML, like Gecko) Version/17.0.1 Mobile/15E148 Safari/604.1"
20.196.91.230 - - [19/Dec/2025:14:36:00 +0000] "GET /wp-includes/js/dist/development HTTP/1.1" 301 795 "https://www.google.de/" "Mozilla/5.0 (Linux; Android 13; SM-G991U) AppleWebKit/537.36 (KHTML, like Gecko) Chrome/117.0.0.0 Mobile Safari/537.36"
20.196.91.230 - - [19/Dec/2025:14:36:00 +0000] "GET /wp-includes/js/dist/development/ HTTP/1.1" 200 2651 "https://www.google.de/" "Mozilla/5.0 (Linux; Android 13; SM-G991U) AppleWebKit/537.36 (KHTML, like Gecko) Chrome/117.0.0.0 Mobile Safari/537.36"
20.196.91.230 - - [19/Dec/2025:14:36:00 +0000] "GET /wp-user.php HTTP/1.1" 404 1251 "https://www.yahoo.com/" "Mozilla/5.0 (iPhone; CPU iPhone OS 17_1_1 like Mac OS X) AppleWebKit/605.1.15 (KHTML, like Gecko) Version/17.1 Mobile/15E148 Safari/604.1"
