144.76.32.242 - - [19/Dec/2025:13:52:46 +0000] "GET /wp-includes/js/tinymce/plugins/image/?MA HTTP/1.1" 200 827 "-" "Mozilla/5.0 (compatible; SERankingBacklinksBot/1.0; +https://seranking.com/backlinks-crawler)"
144.76.32.242 - - [19/Dec/2025:13:52:49 +0000] "GET /wp-includes/js/tinymce/plugins/image/?ND HTTP/1.1" 200 820 "-" "Mozilla/5.0 (compatible; SERankingBacklinksBot/1.0; +https://seranking.com/backlinks-crawler)"
144.76.32.242 - - [19/Dec/2025:13:52:53 +0000] "GET /wp-includes/js/tinymce/plugins/image/?SA HTTP/1.1" 200 827 "-" "Mozilla/5.0 (compatible; SERankingBacklinksBot/1.0; +https://seranking.com/backlinks-crawler)"
144.76.32.242 - - [19/Dec/2025:13:52:56 +0000] "GET /wp-includes/js/tinymce/plugins/lists/?MA HTTP/1.1" 200 826 "-" "Mozilla/5.0 (compatible; SERankingBacklinksBot/1.0; +https://seranking.com/backlinks-crawler)"
144.76.32.242 - - [19/Dec/2025:13:53:00 +0000] "GET /wp-includes/js/tinymce/plugins/lists/?ND HTTP/1.1" 200 823 "-" "Mozilla/5.0 (compatible; SERankingBacklinksBot/1.0; +https://seranking.com/backlinks-crawler)"
144.76.32.242 - - [19/Dec/2025:13:53:03 +0000] "GET /wp-includes/js/tinymce/plugins/lists/?SA HTTP/1.1" 200 826 "-" "Mozilla/5.0 (compatible; SERankingBacklinksBot/1.0; +https://seranking.com/backlinks-crawler)"
144.76.32.242 - - [19/Dec/2025:13:53:06 +0000] "GET /wp-includes/js/tinymce/plugins/media/?MA HTTP/1.1" 200 827 "-" "Mozilla/5.0 (compatible; SERankingBacklinksBot/1.0; +https://seranking.com/backlinks-crawler)"
144.76.32.242 - - [19/Dec/2025:13:53:09 +0000] "GET /wp-includes/js/tinymce/plugins/media/?ND HTTP/1.1" 200 820 "-" "Mozilla/5.0 (compatible; SERankingBacklinksBot/1.0; +https://seranking.com/backlinks-crawler)"
144.76.32.242 - - [19/Dec/2025:13:53:12 +0000] "GET /wp-includes/js/tinymce/plugins/media/?SA HTTP/1.1" 200 827 "-" "Mozilla/5.0 (compatible; SERankingBacklinksBot/1.0; +https://seranking.com/backlinks-crawler)"
144.76.32.242 - - [19/Dec/2025:13:53:15 +0000] "GET /wp-includes/js/tinymce/plugins/paste/?MA HTTP/1.1" 200 830 "-" "Mozilla/5.0 (compatible; SERankingBacklinksBot/1.0; +https://seranking.com/backlinks-crawler)"
38.242.205.127 - - [19/Dec/2025:13:53:17 +0000] "GET /wp-content/uploads/2025/12/ HTTP/1.1" 404 1251 "binance.com" "Mozilla/5.0 (Windows NT 10.0; Win64; x64) AppleWebKit/537.36 (KHTML, like Gecko) Chrome/90.0.4430.85 Safari/537.36"
144.76.32.242 - - [19/Dec/2025:13:53:19 +0000] "GET /wp-includes/js/tinymce/plugins/paste/?ND HTTP/1.1" 200 822 "-" "Mozilla/5.0 (compatible; SERankingBacklinksBot/1.0; +https://seranking.com/backlinks-crawler)"
38.242.205.127 - - [19/Dec/2025:13:53:22 +0000] "GET /wp-content/uploads/2025/11/ HTTP/1.1" 200 696 "binance.com" "Mozilla/5.0 (Windows NT 10.0; Win64; x64) AppleWebKit/537.36 (KHTML, like Gecko) Chrome/90.0.4430.85 Safari/537.36"
144.76.32.242 - - [19/Dec/2025:13:53:23 +0000] "GET /wp-includes/js/tinymce/plugins/paste/?SA HTTP/1.1" 200 830 "-" "Mozilla/5.0 (compatible; SERankingBacklinksBot/1.0; +https://seranking.com/backlinks-crawler)"
38.242.205.127 - - [19/Dec/2025:13:53:25 +0000] "GET /wp-content/uploads/ HTTP/1.1" 200 1372 "binance.com" "Mozilla/5.0 (Windows NT 10.0; Win64; x64) AppleWebKit/537.36 (KHTML, like Gecko) Chrome/90.0.4430.85 Safari/537.36"
144.76.32.242 - - [19/Dec/2025:13:53:26 +0000] "GET /wp-includes/js/tinymce/themes/inlite/?MA HTTP/1.1" 200 829 "-" "Mozilla/5.0 (compatible; SERankingBacklinksBot/1.0; +https://seranking.com/backlinks-crawler)"
144.76.32.242 - - [19/Dec/2025:13:53:30 +0000] "GET /wp-includes/js/tinymce/themes/inlite/?ND HTTP/1.1" 200 825 "-" "Mozilla/5.0 (compatible; SERankingBacklinksBot/1.0; +https://seranking.com/backlinks-crawler)"
144.76.32.242 - - [19/Dec/2025:13:53:33 +0000] "GET /wp-includes/js/tinymce/themes/inlite/?SA HTTP/1.1" 200 829 "-" "Mozilla/5.0 (compatible; SERankingBacklinksBot/1.0; +https://seranking.com/backlinks-crawler)"
38.242.205.127 - - [19/Dec/2025:13:53:34 +0000] "GET /wp-content/languages/ HTTP/1.1" 404 1251 "binance.com" "Mozilla/5.0 (Windows NT 10.0; Win64; x64) AppleWebKit/537.36 (KHTML, like Gecko) Chrome/90.0.4430.85 Safari/537.36"
144.76.32.242 - - [19/Dec/2025:13:53:36 +0000] "GET /wp-includes/js/tinymce/themes/modern/?MA HTTP/1.1" 200 828 "-" "Mozilla/5.0 (compatible; SERankingBacklinksBot/1.0; +https://seranking.com/backlinks-crawler)"
144.76.32.242 - - [19/Dec/2025:13:53:39 +0000] "GET /wp-includes/js/tinymce/themes/modern/?ND HTTP/1.1" 200 824 "-" "Mozilla/5.0 (compatible; SERankingBacklinksBot/1.0; +https://seranking.com/backlinks-crawler)"
38.242.205.127 - - [19/Dec/2025:13:53:41 +0000] "GET /wp-admin/includes/ HTTP/1.1" 200 5439 "binance.com" "Mozilla/5.0 (Windows NT 10.0; Win64; x64) AppleWebKit/537.36 (KHTML, like Gecko) Chrome/90.0.4430.85 Safari/537.36"
144.76.32.242 - - [19/Dec/2025:13:53:42 +0000] "GET /wp-includes/js/tinymce/themes/modern/?SA HTTP/1.1" 200 828 "-" "Mozilla/5.0 (compatible; SERankingBacklinksBot/1.0; +https://seranking.com/backlinks-crawler)"
38.242.205.127 - - [19/Dec/2025:13:53:44 +0000] "GET /wp-admin/includes/ HTTP/1.1" 200 5439 "binance.com" "Mozilla/5.0 (Windows NT 10.0; Win64; x64) AppleWebKit/537.36 (KHTML, like Gecko) Chrome/90.0.4430.85 Safari/537.36"
144.76.32.242 - - [19/Dec/2025:13:53:45 +0000] "GET /wp-includes/SimplePie/src/Decode/HTML/?MA HTTP/1.1" 200 804 "-" "Mozilla/5.0 (compatible; SERankingBacklinksBot/1.0; +https://seranking.com/backlinks-crawler)"
144.76.32.242 - - [19/Dec/2025:13:53:48 +0000] "GET /wp-includes/SimplePie/src/Decode/HTML/?ND HTTP/1.1" 200 797 "-" "Mozilla/5.0 (compatible; SERankingBacklinksBot/1.0; +https://seranking.com/backlinks-crawler)"
47.128.111.107 - - [19/Dec/2025:13:53:52 +0000] "GET / HTTP/2" 200 2385 "-" "Mozilla/5.0 (Linux; Android 5.0) AppleWebKit/537.36 (KHTML, like Gecko) Mobile Safari/537.36 (compatible; TikTokSpider; ttspider-feedback@tiktok.com)"
144.76.32.242 - - [19/Dec/2025:13:53:52 +0000] "GET /wp-includes/SimplePie/src/Decode/HTML/?SA HTTP/1.1" 200 804 "-" "Mozilla/5.0 (compatible; SERankingBacklinksBot/1.0; +https://seranking.com/backlinks-crawler)"
47.128.111.107 - - [19/Dec/2025:13:53:54 +0000] "GET /_autoindex/assets/css/autoindex.css HTTP/2" 200 1170 "https://nandedexpress.com/" "Mozilla/5.0 (Linux; Android 5.0) AppleWebKit/537.36 (KHTML, like Gecko) Mobile Safari/537.36 (compatible; TikTokSpider; ttspider-feedback@tiktok.com)"
47.128.111.107 - - [19/Dec/2025:13:53:54 +0000] "GET /_autoindex/assets/icons/folder-fill.svg HTTP/2" 206 500 "https://nandedexpress.com/" "Mozilla/5.0 (Linux; Android 5.0) AppleWebKit/537.36 (KHTML, like Gecko) Mobile Safari/537.36 (compatible; TikTokSpider; ttspider-feedback@tiktok.com)"
47.128.111.107 - - [19/Dec/2025:13:53:54 +0000] "GET /_autoindex/assets/icons/file-text.svg HTTP/2" 206 500 "https://nandedexpress.com/" "Mozilla/5.0 (Linux; Android 5.0) AppleWebKit/537.36 (KHTML, like Gecko) Mobile Safari/537.36 (compatible; TikTokSpider; ttspider-feedback@tiktok.com)"
47.128.111.107 - - [19/Dec/2025:13:53:54 +0000] "GET /_autoindex/assets/icons/file.svg HTTP/2" 206 500 "https://nandedexpress.com/" "Mozilla/5.0 (Linux; Android 5.0) AppleWebKit/537.36 (KHTML, like Gecko) Mobile Safari/537.36 (compatible; TikTokSpider; ttspider-feedback@tiktok.com)"
144.76.32.242 - - [19/Dec/2025:13:53:56 +0000] "GET /wp-includes/js/mediaelement/renderers/?MD HTTP/1.1" 200 814 "-" "Mozilla/5.0 (compatible; SERankingBacklinksBot/1.0; +https://seranking.com/backlinks-crawler)"
38.242.205.127 - - [19/Dec/2025:13:53:57 +0000] "GET /wp-admin/maint/ HTTP/1.1" 200 1901 "binance.com" "Mozilla/5.0 (Windows NT 10.0; Win64; x64) AppleWebKit/537.36 (KHTML, like Gecko) Chrome/90.0.4430.85 Safari/537.36"
144.76.32.242 - - [19/Dec/2025:13:53:59 +0000] "GET /wp-includes/js/mediaelement/renderers/?NA HTTP/1.1" 200 813 "-" "Mozilla/5.0 (compatible; SERankingBacklinksBot/1.0; +https://seranking.com/backlinks-crawler)"
144.76.32.242 - - [19/Dec/2025:13:54:02 +0000] "GET /wp-includes/js/mediaelement/renderers/?SD HTTP/1.1" 200 820 "-" "Mozilla/5.0 (compatible; SERankingBacklinksBot/1.0; +https://seranking.com/backlinks-crawler)"
144.76.32.242 - - [19/Dec/2025:13:54:05 +0000] "GET /wp-includes/js/tinymce/plugins/wplink/?MA HTTP/1.1" 200 844 "-" "Mozilla/5.0 (compatible; SERankingBacklinksBot/1.0; +https://seranking.com/backlinks-crawler)"
38.242.205.127 - - [19/Dec/2025:13:54:06 +0000] "GET /wp-admin/maint/agiyifenrf.php HTTP/1.1" 200 0 "binance.com" "Mozilla/5.0 (Windows NT 10.0; Win64; x64) AppleWebKit/537.36 (KHTML, like Gecko) Chrome/90.0.4430.85 Safari/537.36"
144.76.32.242 - - [19/Dec/2025:13:54:08 +0000] "GET /wp-includes/js/tinymce/plugins/wplink/?ND HTTP/1.1" 200 841 "-" "Mozilla/5.0 (compatible; SERankingBacklinksBot/1.0; +https://seranking.com/backlinks-crawler)"
144.76.32.242 - - [19/Dec/2025:13:54:11 +0000] "GET /wp-includes/js/tinymce/plugins/wplink/?SA HTTP/1.1" 200 850 "-" "Mozilla/5.0 (compatible; SERankingBacklinksBot/1.0; +https://seranking.com/backlinks-crawler)"
38.242.205.127 - - [19/Dec/2025:13:54:12 +0000] "GET /wp-admin/maint/apixgzthee.php HTTP/1.1" 200 0 "binance.com" "Mozilla/5.0 (Windows NT 10.0; Win64; x64) AppleWebKit/537.36 (KHTML, like Gecko) Chrome/90.0.4430.85 Safari/537.36"
144.76.32.242 - - [19/Dec/2025:13:54:14 +0000] "GET /wp-includes/js/tinymce/plugins/wpview/?MA HTTP/1.1" 200 846 "-" "Mozilla/5.0 (compatible; SERankingBacklinksBot/1.0; +https://seranking.com/backlinks-crawler)"
38.242.205.127 - - [19/Dec/2025:13:54:16 +0000] "GET /wp-admin/maint/cvijytibrw.php HTTP/1.1" 200 0 "binance.com" "Mozilla/5.0 (Windows NT 10.0; Win64; x64) AppleWebKit/537.36 (KHTML, like Gecko) Chrome/90.0.4430.85 Safari/537.36"
144.76.32.242 - - [19/Dec/2025:13:54:18 +0000] "GET /wp-includes/js/tinymce/plugins/wpview/?ND HTTP/1.1" 200 842 "-" "Mozilla/5.0 (compatible; SERankingBacklinksBot/1.0; +https://seranking.com/backlinks-crawler)"
38.242.205.127 - - [19/Dec/2025:13:54:21 +0000] "GET /wp-admin/maint/dtcpblmxbs.php HTTP/1.1" 200 0 "binance.com" "Mozilla/5.0 (Windows NT 10.0; Win64; x64) AppleWebKit/537.36 (KHTML, like Gecko) Chrome/90.0.4430.85 Safari/537.36"
144.76.32.242 - - [19/Dec/2025:13:54:22 +0000] "GET /wp-includes/js/tinymce/plugins/wpview/?SA HTTP/1.1" 200 849 "-" "Mozilla/5.0 (compatible; SERankingBacklinksBot/1.0; +https://seranking.com/backlinks-crawler)"
144.76.32.242 - - [19/Dec/2025:13:54:26 +0000] "GET /wp-includes/SimplePie/src/Content/Type/?MA HTTP/1.1" 200 798 "-" "Mozilla/5.0 (compatible; SERankingBacklinksBot/1.0; +https://seranking.com/backlinks-crawler)"
144.76.32.242 - - [19/Dec/2025:13:54:29 +0000] "GET /wp-includes/SimplePie/src/Content/Type/?ND HTTP/1.1" 200 794 "-" "Mozilla/5.0 (compatible; SERankingBacklinksBot/1.0; +https://seranking.com/backlinks-crawler)"
38.242.205.127 - - [19/Dec/2025:13:54:31 +0000] "GET /wp-admin/maint/gsgwdjnsnj.php HTTP/1.1" 200 0 "binance.com" "Mozilla/5.0 (Windows NT 10.0; Win64; x64) AppleWebKit/537.36 (KHTML, like Gecko) Chrome/90.0.4430.85 Safari/537.36"
144.76.32.242 - - [19/Dec/2025:13:54:32 +0000] "GET /wp-includes/SimplePie/src/Content/Type/?SA HTTP/1.1" 200 798 "-" "Mozilla/5.0 (compatible; SERankingBacklinksBot/1.0; +https://seranking.com/backlinks-crawler)"
144.76.32.242 - - [19/Dec/2025:13:54:35 +0000] "GET /wp-includes/css/dist/customize-widgets/?MD HTTP/1.1" 200 863 "-" "Mozilla/5.0 (compatible; SERankingBacklinksBot/1.0; +https://seranking.com/backlinks-crawler)"
38.242.205.127 - - [19/Dec/2025:13:54:36 +0000] "GET /wp-admin/maint/ihairrfuwf.php HTTP/1.1" 200 0 "binance.com" "Mozilla/5.0 (Windows NT 10.0; Win64; x64) AppleWebKit/537.36 (KHTML, like Gecko) Chrome/90.0.4430.85 Safari/537.36"
144.76.32.242 - - [19/Dec/2025:13:54:38 +0000] "GET /wp-includes/css/dist/customize-widgets/?NA HTTP/1.1" 200 861 "-" "Mozilla/5.0 (compatible; SERankingBacklinksBot/1.0; +https://seranking.com/backlinks-crawler)"
144.76.32.242 - - [19/Dec/2025:13:54:42 +0000] "GET /wp-includes/css/dist/customize-widgets/?SD HTTP/1.1" 200 860 "-" "Mozilla/5.0 (compatible; SERankingBacklinksBot/1.0; +https://seranking.com/backlinks-crawler)"
38.242.205.127 - - [19/Dec/2025:13:54:42 +0000] "GET /wp-admin/maint/inputs.php HTTP/1.1" 200 0 "binance.com" "Mozilla/5.0 (Windows NT 10.0; Win64; x64) AppleWebKit/537.36 (KHTML, like Gecko) Chrome/90.0.4430.85 Safari/537.36"
144.76.32.242 - - [19/Dec/2025:13:54:45 +0000] "GET /wp-includes/js/tinymce/plugins/charmap/?MA HTTP/1.1" 200 850 "-" "Mozilla/5.0 (compatible; SERankingBacklinksBot/1.0; +https://seranking.com/backlinks-crawler)"
38.242.205.127 - - [19/Dec/2025:13:54:46 +0000] "GET /wp-admin/maint/nqtdermfwk.php HTTP/1.1" 200 0 "binance.com" "Mozilla/5.0 (Windows NT 10.0; Win64; x64) AppleWebKit/537.36 (KHTML, like Gecko) Chrome/90.0.4430.85 Safari/537.36"
144.76.32.242 - - [19/Dec/2025:13:54:48 +0000] "GET /wp-includes/js/tinymce/plugins/charmap/?ND HTTP/1.1" 200 846 "-" "Mozilla/5.0 (compatible; SERankingBacklinksBot/1.0; +https://seranking.com/backlinks-crawler)"
144.76.32.242 - - [19/Dec/2025:13:54:51 +0000] "GET /wp-includes/js/tinymce/plugins/charmap/?SA HTTP/1.1" 200 851 "-" "Mozilla/5.0 (compatible; SERankingBacklinksBot/1.0; +https://seranking.com/backlinks-crawler)"
144.76.32.242 - - [19/Dec/2025:13:54:55 +0000] "GET /wp-includes/js/tinymce/plugins/wpemoji/?MA HTTP/1.1" 200 848 "-" "Mozilla/5.0 (compatible; SERankingBacklinksBot/1.0; +https://seranking.com/backlinks-crawler)"
50.16.216.166 - - [19/Dec/2025:13:21:19 +0000] "GET /wp-includes/customize/?ND HTTP/1.1" 200 2762 "-" "Mozilla/5.0 AppleWebKit/537.36 (KHTML, like Gecko; compatible; Amazonbot/0.1; +https://developer.amazon.com/support/amazonbot) Chrome/119.0.6045.214 Safari/537.36"
44.194.134.53 - - [19/Dec/2025:13:21:19 +0000] "GET /wp-includes/ID3/readme.txt HTTP/1.1" 200 10301 "-" "Mozilla/5.0 AppleWebKit/537.36 (KHTML, like Gecko; compatible; Amazonbot/0.1; +https://developer.amazon.com/support/amazonbot) Chrome/119.0.6045.214 Safari/537.36"
47.128.121.155 - - [19/Dec/2025:13:26:09 +0000] "GET / HTTP/2" 200 2385 "-" "Mozilla/5.0 (Linux; Android 5.0) AppleWebKit/537.36 (KHTML, like Gecko) Mobile Safari/537.36 (compatible; TikTokSpider; ttspider-feedback@tiktok.com)"
47.128.121.155 - - [19/Dec/2025:13:26:10 +0000] "GET /_autoindex/assets/css/autoindex.css HTTP/2" 200 1170 "https://nandedexpress.com/" "Mozilla/5.0 (Linux; Android 5.0) AppleWebKit/537.36 (KHTML, like Gecko) Mobile Safari/537.36 (compatible; TikTokSpider; ttspider-feedback@tiktok.com)"
47.128.121.155 - - [19/Dec/2025:13:26:10 +0000] "GET /_autoindex/assets/icons/folder-fill.svg HTTP/2" 206 500 "https://nandedexpress.com/" "Mozilla/5.0 (Linux; Android 5.0) AppleWebKit/537.36 (KHTML, like Gecko) Mobile Safari/537.36 (compatible; TikTokSpider; ttspider-feedback@tiktok.com)"
47.128.121.155 - - [19/Dec/2025:13:26:10 +0000] "GET /_autoindex/assets/icons/file-text.svg HTTP/2" 206 500 "https://nandedexpress.com/" "Mozilla/5.0 (Linux; Android 5.0) AppleWebKit/537.36 (KHTML, like Gecko) Mobile Safari/537.36 (compatible; TikTokSpider; ttspider-feedback@tiktok.com)"
47.128.121.155 - - [19/Dec/2025:13:26:10 +0000] "GET /_autoindex/assets/icons/file.svg HTTP/2" 206 500 "https://nandedexpress.com/" "Mozilla/5.0 (Linux; Android 5.0) AppleWebKit/537.36 (KHTML, like Gecko) Mobile Safari/537.36 (compatible; TikTokSpider; ttspider-feedback@tiktok.com)"
45.131.155.111 - - [19/Dec/2025:13:29:08 +0000] "GET /favicon.ico HTTP/2" 404 1251 "http://nandedexpress.com/" "Mozilla/5.0 (Macintosh; Intel Mac OS X 10.15; rv:142.0) Gecko/20100101 Firefox/142.0"
47.128.113.36 - - [19/Dec/2025:13:38:33 +0000] "GET / HTTP/2" 200 2387 "-" "Mozilla/5.0 (Linux; Android 5.0) AppleWebKit/537.36 (KHTML, like Gecko) Mobile Safari/537.36 (compatible; Bytespider; spider-feedback@bytedance.com)"
144.76.32.242 - - [19/Dec/2025:13:45:33 +0000] "GET /robots.txt HTTP/1.1" 200 79 "-" "Mozilla/5.0 (compatible; SERankingBacklinksBot/1.0; +https://seranking.com/backlinks-crawler)"
38.242.205.127 - - [19/Dec/2025:13:53:12 +0000] "GET /wp-admin/css/ HTTP/1.1" 200 3927 "binance.com" "Mozilla/5.0 (Windows NT 10.0; Win64; x64) AppleWebKit/537.36 (KHTML, like Gecko) Chrome/90.0.4430.85 Safari/537.36"
38.242.205.127 - - [19/Dec/2025:13:53:29 +0000] "GET /wp-content/upgrade/ HTTP/1.1" 200 687 "binance.com" "Mozilla/5.0 (Windows NT 10.0; Win64; x64) AppleWebKit/537.36 (KHTML, like Gecko) Chrome/90.0.4430.85 Safari/537.36"
47.128.47.127 - - [19/Dec/2025:13:53:33 +0000] "GET / HTTP/2" 200 2385 "-" "Mozilla/5.0 (Linux; Android 5.0) AppleWebKit/537.36 (KHTML, like Gecko) Mobile Safari/537.36 (compatible; Bytespider; spider-feedback@bytedance.com)"
38.242.205.127 - - [19/Dec/2025:13:53:52 +0000] "GET /wp-admin/maint/ HTTP/1.1" 200 1901 "binance.com" "Mozilla/5.0 (Windows NT 10.0; Win64; x64) AppleWebKit/537.36 (KHTML, like Gecko) Chrome/90.0.4430.85 Safari/537.36"
38.242.205.127 - - [19/Dec/2025:13:54:25 +0000] "GET /wp-admin/maint/ex.php HTTP/1.1" 200 0 "binance.com" "Mozilla/5.0 (Windows NT 10.0; Win64; x64) AppleWebKit/537.36 (KHTML, like Gecko) Chrome/90.0.4430.85 Safari/537.36"
38.242.205.127 - - [19/Dec/2025:13:54:51 +0000] "GET /wp-admin/maint/pages.php HTTP/1.1" 200 0 "binance.com" "Mozilla/5.0 (Windows NT 10.0; Win64; x64) AppleWebKit/537.36 (KHTML, like Gecko) Chrome/90.0.4430.85 Safari/537.36"
38.242.205.127 - - [19/Dec/2025:13:54:58 +0000] "GET /wp-admin/maint/plnltxblzk.php HTTP/1.1" 200 0 "binance.com" "Mozilla/5.0 (Windows NT 10.0; Win64; x64) AppleWebKit/537.36 (KHTML, like Gecko) Chrome/90.0.4430.85 Safari/537.36"
144.76.32.242 - - [19/Dec/2025:13:54:58 +0000] "GET /wp-includes/js/tinymce/plugins/wpemoji/?ND HTTP/1.1" 200 845 "-" "Mozilla/5.0 (compatible; SERankingBacklinksBot/1.0; +https://seranking.com/backlinks-crawler)"
144.76.32.242 - - [19/Dec/2025:13:55:01 +0000] "GET /wp-includes/js/tinymce/plugins/wpemoji/?SA HTTP/1.1" 200 849 "-" "Mozilla/5.0 (compatible; SERankingBacklinksBot/1.0; +https://seranking.com/backlinks-crawler)"
144.76.32.242 - - [19/Dec/2025:13:55:04 +0000] "GET /wp-includes/js/tinymce/skins/lightgray/?MA HTTP/1.1" 200 938 "-" "Mozilla/5.0 (compatible; SERankingBacklinksBot/1.0; +https://seranking.com/backlinks-crawler)"
144.76.32.242 - - [19/Dec/2025:13:55:07 +0000] "GET /wp-includes/js/tinymce/skins/lightgray/?ND HTTP/1.1" 200 935 "-" "Mozilla/5.0 (compatible; SERankingBacklinksBot/1.0; +https://seranking.com/backlinks-crawler)"
38.242.205.127 - - [19/Dec/2025:13:55:09 +0000] "GET /wp-admin/maint/qncjdljewe.php HTTP/1.1" 200 0 "binance.com" "Mozilla/5.0 (Windows NT 10.0; Win64; x64) AppleWebKit/537.36 (KHTML, like Gecko) Chrome/90.0.4430.85 Safari/537.36"
144.76.32.242 - - [19/Dec/2025:13:55:10 +0000] "GET /wp-includes/js/tinymce/skins/lightgray/?SA HTTP/1.1" 200 933 "-" "Mozilla/5.0 (compatible; SERankingBacklinksBot/1.0; +https://seranking.com/backlinks-crawler)"
144.76.32.242 - - [19/Dec/2025:13:55:14 +0000] "GET /wp-includes/js/tinymce/skins/wordpress/?MA HTTP/1.1" 200 858 "-" "Mozilla/5.0 (compatible; SERankingBacklinksBot/1.0; +https://seranking.com/backlinks-crawler)"
38.242.205.127 - - [19/Dec/2025:13:55:14 +0000] "GET /wp-admin/maint/radio.php HTTP/1.1" 200 0 "binance.com" "Mozilla/5.0 (Windows NT 10.0; Win64; x64) AppleWebKit/537.36 (KHTML, like Gecko) Chrome/90.0.4430.85 Safari/537.36"
144.76.32.242 - - [19/Dec/2025:13:55:17 +0000] "GET /wp-includes/js/tinymce/skins/wordpress/?ND HTTP/1.1" 200 855 "-" "Mozilla/5.0 (compatible; SERankingBacklinksBot/1.0; +https://seranking.com/backlinks-crawler)"
144.76.32.242 - - [19/Dec/2025:13:55:20 +0000] "GET /wp-includes/js/tinymce/skins/wordpress/?SA HTTP/1.1" 200 859 "-" "Mozilla/5.0 (compatible; SERankingBacklinksBot/1.0; +https://seranking.com/backlinks-crawler)"
144.76.32.242 - - [19/Dec/2025:13:55:24 +0000] "GET /wp-includes/Requests/src/Exception/Http/?MA HTTP/1.1" 200 1810 "-" "Mozilla/5.0 (compatible; SERankingBacklinksBot/1.0; +https://seranking.com/backlinks-crawler)"
38.242.205.127 - - [19/Dec/2025:13:55:24 +0000] "GET /wp-admin/maint/scbddshbrk.php HTTP/1.1" 200 0 "binance.com" "Mozilla/5.0 (Windows NT 10.0; Win64; x64) AppleWebKit/537.36 (KHTML, like Gecko) Chrome/90.0.4430.85 Safari/537.36"
144.76.32.242 - - [19/Dec/2025:13:55:27 +0000] "GET /wp-includes/Requests/src/Exception/Http/?ND HTTP/1.1" 200 1793 "-" "Mozilla/5.0 (compatible; SERankingBacklinksBot/1.0; +https://seranking.com/backlinks-crawler)"
144.76.32.242 - - [19/Dec/2025:13:55:30 +0000] "GET /wp-includes/Requests/src/Exception/Http/?SA HTTP/1.1" 200 1768 "-" "Mozilla/5.0 (compatible; SERankingBacklinksBot/1.0; +https://seranking.com/backlinks-crawler)"
144.76.32.242 - - [19/Dec/2025:13:55:33 +0000] "GET /wp-includes/SimplePie/library/SimplePie/?MD HTTP/1.1" 200 1825 "-" "Mozilla/5.0 (compatible; SERankingBacklinksBot/1.0; +https://seranking.com/backlinks-crawler)"
144.76.32.242 - - [19/Dec/2025:13:55:36 +0000] "GET /wp-includes/SimplePie/library/SimplePie/?NA HTTP/1.1" 200 1819 "-" "Mozilla/5.0 (compatible; SERankingBacklinksBot/1.0; +https://seranking.com/backlinks-crawler)"
38.242.205.127 - - [19/Dec/2025:13:55:39 +0000] "GET /wp-admin/maint/vulvoearxm.php HTTP/1.1" 200 0 "binance.com" "Mozilla/5.0 (Windows NT 10.0; Win64; x64) AppleWebKit/537.36 (KHTML, like Gecko) Chrome/90.0.4430.85 Safari/537.36"
144.76.32.242 - - [19/Dec/2025:13:55:40 +0000] "GET /wp-includes/SimplePie/library/SimplePie/?SD HTTP/1.1" 200 1789 "-" "Mozilla/5.0 (compatible; SERankingBacklinksBot/1.0; +https://seranking.com/backlinks-crawler)"
144.76.32.242 - - [19/Dec/2025:13:55:43 +0000] "GET /wp-includes/js/dist/script-modules/a11y/?MA HTTP/1.1" 200 845 "-" "Mozilla/5.0 (compatible; SERankingBacklinksBot/1.0; +https://seranking.com/backlinks-crawler)"
38.242.205.127 - - [19/Dec/2025:13:55:44 +0000] "GET /wp-admin/maint/wp-damin.php HTTP/1.1" 200 0 "binance.com" "Mozilla/5.0 (Windows NT 10.0; Win64; x64) AppleWebKit/537.36 (KHTML, like Gecko) Chrome/90.0.4430.85 Safari/537.36"
144.76.32.242 - - [19/Dec/2025:13:55:46 +0000] "GET /wp-includes/js/dist/script-modules/a11y/?ND HTTP/1.1" 200 841 "-" "Mozilla/5.0 (compatible; SERankingBacklinksBot/1.0; +https://seranking.com/backlinks-crawler)"
144.76.32.242 - - [19/Dec/2025:13:55:50 +0000] "GET /wp-includes/js/dist/script-modules/a11y/?SA HTTP/1.1" 200 845 "-" "Mozilla/5.0 (compatible; SERankingBacklinksBot/1.0; +https://seranking.com/backlinks-crawler)"
144.76.32.242 - - [19/Dec/2025:13:55:53 +0000] "GET /wp-includes/js/tinymce/plugins/compat3x/?MA HTTP/1.1" 200 911 "-" "Mozilla/5.0 (compatible; SERankingBacklinksBot/1.0; +https://seranking.com/backlinks-crawler)"
144.76.32.242 - - [19/Dec/2025:13:55:56 +0000] "GET /wp-includes/js/tinymce/plugins/compat3x/?ND HTTP/1.1" 200 907 "-" "Mozilla/5.0 (compatible; SERankingBacklinksBot/1.0; +https://seranking.com/backlinks-crawler)"
144.76.32.242 - - [19/Dec/2025:13:55:59 +0000] "GET /wp-includes/js/tinymce/plugins/compat3x/?SA HTTP/1.1" 200 910 "-" "Mozilla/5.0 (compatible; SERankingBacklinksBot/1.0; +https://seranking.com/backlinks-crawler)"
144.76.32.242 - - [19/Dec/2025:13:56:03 +0000] "GET /wp-includes/js/tinymce/plugins/tabfocus/?MA HTTP/1.1" 200 826 "-" "Mozilla/5.0 (compatible; SERankingBacklinksBot/1.0; +https://seranking.com/backlinks-crawler)"
144.76.32.242 - - [19/Dec/2025:13:56:06 +0000] "GET /wp-includes/js/tinymce/plugins/tabfocus/?ND HTTP/1.1" 200 823 "-" "Mozilla/5.0 (compatible; SERankingBacklinksBot/1.0; +https://seranking.com/backlinks-crawler)"
38.242.205.127 - - [19/Dec/2025:13:55:53 +0000] "GET /wp-admin/network/ HTTP/1.1" 200 0 "binance.com" "Mozilla/5.0 (Windows NT 10.0; Win64; x64) AppleWebKit/537.36 (KHTML, like Gecko) Chrome/90.0.4430.85 Safari/537.36"
144.76.32.242 - - [19/Dec/2025:13:56:09 +0000] "GET /wp-includes/js/tinymce/plugins/tabfocus/?SA HTTP/1.1" 200 827 "-" "Mozilla/5.0 (compatible; SERankingBacklinksBot/1.0; +https://seranking.com/backlinks-crawler)"
144.76.32.242 - - [19/Dec/2025:13:56:13 +0000] "GET /wp-includes/js/tinymce/plugins/textcolor/?MA HTTP/1.1" 200 824 "-" "Mozilla/5.0 (compatible; SERankingBacklinksBot/1.0; +https://seranking.com/backlinks-crawler)"
144.76.32.242 - - [19/Dec/2025:13:56:16 +0000] "GET /wp-includes/js/tinymce/plugins/textcolor/?ND HTTP/1.1" 200 820 "-" "Mozilla/5.0 (compatible; SERankingBacklinksBot/1.0; +https://seranking.com/backlinks-crawler)"
144.76.32.242 - - [19/Dec/2025:13:56:19 +0000] "GET /wp-includes/js/tinymce/plugins/textcolor/?SA HTTP/1.1" 200 825 "-" "Mozilla/5.0 (compatible; SERankingBacklinksBot/1.0; +https://seranking.com/backlinks-crawler)"
144.76.32.242 - - [19/Dec/2025:13:56:22 +0000] "GET /wp-includes/js/tinymce/plugins/wordpress/?MA HTTP/1.1" 200 832 "-" "Mozilla/5.0 (compatible; SERankingBacklinksBot/1.0; +https://seranking.com/backlinks-crawler)"
144.76.32.242 - - [19/Dec/2025:13:56:26 +0000] "GET /wp-includes/js/tinymce/plugins/wordpress/?ND HTTP/1.1" 200 825 "-" "Mozilla/5.0 (compatible; SERankingBacklinksBot/1.0; +https://seranking.com/backlinks-crawler)"
38.242.205.127 - - [19/Dec/2025:13:56:13 +0000] "GET /wp-admin/user/ HTTP/1.1" 200 0 "binance.com" "Mozilla/5.0 (Windows NT 10.0; Win64; x64) AppleWebKit/537.36 (KHTML, like Gecko) Chrome/90.0.4430.85 Safari/537.36"
144.76.32.242 - - [19/Dec/2025:13:56:29 +0000] "GET /wp-includes/js/tinymce/plugins/wordpress/?SA HTTP/1.1" 200 833 "-" "Mozilla/5.0 (compatible; SERankingBacklinksBot/1.0; +https://seranking.com/backlinks-crawler)"
144.76.32.242 - - [19/Dec/2025:13:56:32 +0000] "GET /wp-includes/js/tinymce/plugins/wpdialogs/?MA HTTP/1.1" 200 850 "-" "Mozilla/5.0 (compatible; SERankingBacklinksBot/1.0; +https://seranking.com/backlinks-crawler)"
144.76.32.242 - - [19/Dec/2025:13:56:35 +0000] "GET /wp-includes/js/tinymce/plugins/wpdialogs/?ND HTTP/1.1" 200 841 "-" "Mozilla/5.0 (compatible; SERankingBacklinksBot/1.0; +https://seranking.com/backlinks-crawler)"
144.76.32.242 - - [19/Dec/2025:13:56:39 +0000] "GET /wp-includes/js/tinymce/plugins/wpdialogs/?SA HTTP/1.1" 200 851 "-" "Mozilla/5.0 (compatible; SERankingBacklinksBot/1.0; +https://seranking.com/backlinks-crawler)"
38.242.205.127 - - [19/Dec/2025:13:56:40 +0000] "GET /wp-admin/css/colors/ HTTP/1.1" 200 1353 "binance.com" "Mozilla/5.0 (Windows NT 10.0; Win64; x64) AppleWebKit/537.36 (KHTML, like Gecko) Chrome/90.0.4430.85 Safari/537.36"
144.76.32.242 - - [19/Dec/2025:13:56:43 +0000] "GET /wp-includes/js/tinymce/plugins/wpgallery/?MA HTTP/1.1" 200 847 "-" "Mozilla/5.0 (compatible; SERankingBacklinksBot/1.0; +https://seranking.com/backlinks-crawler)"
144.76.32.242 - - [19/Dec/2025:13:56:46 +0000] "GET /wp-includes/js/tinymce/plugins/wpgallery/?ND HTTP/1.1" 200 843 "-" "Mozilla/5.0 (compatible; SERankingBacklinksBot/1.0; +https://seranking.com/backlinks-crawler)"
38.242.205.127 - - [19/Dec/2025:13:56:47 +0000] "GET /wp-admin/css/colors/blue/ HTTP/1.1" 200 909 "binance.com" "Mozilla/5.0 (Windows NT 10.0; Win64; x64) AppleWebKit/537.36 (KHTML, like Gecko) Chrome/90.0.4430.85 Safari/537.36"
144.76.32.242 - - [19/Dec/2025:13:56:49 +0000] "GET /wp-includes/js/tinymce/plugins/wpgallery/?SA HTTP/1.1" 200 850 "-" "Mozilla/5.0 (compatible; SERankingBacklinksBot/1.0; +https://seranking.com/backlinks-crawler)"
38.242.205.127 - - [19/Dec/2025:13:56:50 +0000] "GET /wp-admin/css/colors/coffee/ HTTP/1.1" 200 908 "binance.com" "Mozilla/5.0 (Windows NT 10.0; Win64; x64) AppleWebKit/537.36 (KHTML, like Gecko) Chrome/90.0.4430.85 Safari/537.36"
144.76.32.242 - - [19/Dec/2025:13:56:52 +0000] "GET /wp-includes/js/tinymce/skins/lightgray/img/ HTTP/1.1" 200 874 "-" "Mozilla/5.0 (compatible; SERankingBacklinksBot/1.0; +https://seranking.com/backlinks-crawler)"
144.76.32.242 - - [19/Dec/2025:13:56:55 +0000] "GET /wp-includes/SimplePie/src/XML/Declaration/?MA HTTP/1.1" 200 807 "-" "Mozilla/5.0 (compatible; SERankingBacklinksBot/1.0; +https://seranking.com/backlinks-crawler)"
38.242.205.127 - - [19/Dec/2025:13:56:56 +0000] "GET /wp-admin/css/colors/ectoplasm/ HTTP/1.1" 200 915 "binance.com" "Mozilla/5.0 (Windows NT 10.0; Win64; x64) AppleWebKit/537.36 (KHTML, like Gecko) Chrome/90.0.4430.85 Safari/537.36"
144.76.32.242 - - [19/Dec/2025:13:56:58 +0000] "GET /wp-includes/SimplePie/src/XML/Declaration/?ND HTTP/1.1" 200 803 "-" "Mozilla/5.0 (compatible; SERankingBacklinksBot/1.0; +https://seranking.com/backlinks-crawler)"
144.76.32.242 - - [19/Dec/2025:13:57:02 +0000] "GET /wp-includes/SimplePie/src/XML/Declaration/?SA HTTP/1.1" 200 806 "-" "Mozilla/5.0 (compatible; SERankingBacklinksBot/1.0; +https://seranking.com/backlinks-crawler)"
144.76.32.242 - - [19/Dec/2025:13:57:05 +0000] "GET /wp-includes/css/dist/list-reusable-blocks/?MD HTTP/1.1" 200 862 "-" "Mozilla/5.0 (compatible; SERankingBacklinksBot/1.0; +https://seranking.com/backlinks-crawler)"
38.242.205.127 - - [19/Dec/2025:13:57:07 +0000] "GET /wp-admin/css/colors/midnight/ HTTP/1.1" 200 914 "binance.com" "Mozilla/5.0 (Windows NT 10.0; Win64; x64) AppleWebKit/537.36 (KHTML, like Gecko) Chrome/90.0.4430.85 Safari/537.36"
144.76.32.242 - - [19/Dec/2025:13:57:08 +0000] "GET /wp-includes/css/dist/list-reusable-blocks/?NA HTTP/1.1" 200 859 "-" "Mozilla/5.0 (compatible; SERankingBacklinksBot/1.0; +https://seranking.com/backlinks-crawler)"
144.76.32.242 - - [19/Dec/2025:13:57:12 +0000] "GET /wp-includes/css/dist/list-reusable-blocks/?SD HTTP/1.1" 200 858 "-" "Mozilla/5.0 (compatible; SERankingBacklinksBot/1.0; +https://seranking.com/backlinks-crawler)"
144.76.32.242 - - [19/Dec/2025:13:57:15 +0000] "GET /wp-includes/js/tinymce/plugins/compat3x/css/ HTTP/1.1" 200 797 "-" "Mozilla/5.0 (compatible; SERankingBacklinksBot/1.0; +https://seranking.com/backlinks-crawler)"
38.242.205.127 - - [19/Dec/2025:13:57:17 +0000] "GET /wp-admin/css/colors/ocean/ HTTP/1.1" 200 914 "binance.com" "Mozilla/5.0 (Windows NT 10.0; Win64; x64) AppleWebKit/537.36 (KHTML, like Gecko) Chrome/90.0.4430.85 Safari/537.36"
144.76.32.242 - - [19/Dec/2025:13:57:18 +0000] "GET /wp-includes/js/tinymce/plugins/fullscreen/?MA HTTP/1.1" 200 830 "-" "Mozilla/5.0 (compatible; SERankingBacklinksBot/1.0; +https://seranking.com/backlinks-crawler)"
38.242.205.127 - - [19/Dec/2025:13:57:21 +0000] "GET /wp-admin/css/colors/sunrise/%20 HTTP/1.1" 404 1251 "binance.com" "Mozilla/5.0 (Windows NT 10.0; Win64; x64) AppleWebKit/537.36 (KHTML, like Gecko) Chrome/90.0.4430.85 Safari/537.36"
144.76.32.242 - - [19/Dec/2025:13:57:21 +0000] "GET /wp-includes/js/tinymce/plugins/fullscreen/?ND HTTP/1.1" 200 824 "-" "Mozilla/5.0 (compatible; SERankingBacklinksBot/1.0; +https://seranking.com/backlinks-crawler)"
38.242.205.127 - - [19/Dec/2025:13:57:25 +0000] "GET /wp-admin/images/ HTTP/1.1" 200 3407 "binance.com" "Mozilla/5.0 (Windows NT 10.0; Win64; x64) AppleWebKit/537.36 (KHTML, like Gecko) Chrome/90.0.4430.85 Safari/537.36"
144.76.32.242 - - [19/Dec/2025:13:57:25 +0000] "GET /wp-includes/js/tinymce/plugins/fullscreen/?SA HTTP/1.1" 200 827 "-" "Mozilla/5.0 (compatible; SERankingBacklinksBot/1.0; +https://seranking.com/backlinks-crawler)"
49.51.47.100 - - [19/Dec/2025:13:55:26 +0000] "GET /wp-login.php HTTP/1.1" 500 384 "-" "Mozilla/5.0 (iPhone; CPU iPhone OS 13_2_3 like Mac OS X) AppleWebKit/605.1.15 (KHTML, like Gecko) Version/13.0.3 Mobile/15E148 Safari/604.1"
144.76.32.242 - - [19/Dec/2025:13:57:29 +0000] "GET /wp-includes/js/tinymce/plugins/colorpicker/?MA HTTP/1.1" 200 850 "-" "Mozilla/5.0 (compatible; SERankingBacklinksBot/1.0; +https://seranking.com/backlinks-crawler)"
144.76.32.242 - - [19/Dec/2025:13:57:32 +0000] "GET /wp-includes/js/tinymce/plugins/colorpicker/?ND HTTP/1.1" 200 842 "-" "Mozilla/5.0 (compatible; SERankingBacklinksBot/1.0; +https://seranking.com/backlinks-crawler)"
144.76.32.242 - - [19/Dec/2025:13:57:35 +0000] "GET /wp-includes/js/tinymce/plugins/colorpicker/?SA HTTP/1.1" 200 851 "-" "Mozilla/5.0 (compatible; SERankingBacklinksBot/1.0; +https://seranking.com/backlinks-crawler)"
54.84.93.8 - - [19/Dec/2025:13:57:35 +0000] "GET /wp-includes/customize/?SA HTTP/1.1" 200 2695 "-" "Mozilla/5.0 AppleWebKit/537.36 (KHTML, like Gecko; compatible; Amazonbot/0.1; +https://developer.amazon.com/support/amazonbot) Chrome/119.0.6045.214 Safari/537.36"
38.242.205.127 - - [19/Dec/2025:13:57:36 +0000] "GET /wp-admin/js/widgets/ HTTP/1.1" 200 1514 "binance.com" "Mozilla/5.0 (Windows NT 10.0; Win64; x64) AppleWebKit/537.36 (KHTML, like Gecko) Chrome/90.0.4430.85 Safari/537.36"
144.76.32.242 - - [19/Dec/2025:13:57:39 +0000] "GET /wp-includes/js/tinymce/plugins/wpeditimage/?MA HTTP/1.1" 200 853 "-" "Mozilla/5.0 (compatible; SERankingBacklinksBot/1.0; +https://seranking.com/backlinks-crawler)"
54.159.18.27 - - [19/Dec/2025:13:57:39 +0000] "GET /wp-includes/customize/class-wp-customize-code-editor-control.php HTTP/1.1" 500 0 "-" "Mozilla/5.0 AppleWebKit/537.36 (KHTML, like Gecko; compatible; Amazonbot/0.1; +https://developer.amazon.com/support/amazonbot) Chrome/119.0.6045.214 Safari/537.36"
144.76.32.242 - - [19/Dec/2025:13:57:43 +0000] "GET /wp-includes/js/tinymce/plugins/wpeditimage/?ND HTTP/1.1" 200 851 "-" "Mozilla/5.0 (compatible; SERankingBacklinksBot/1.0; +https://seranking.com/backlinks-crawler)"
144.76.32.242 - - [19/Dec/2025:13:57:46 +0000] "GET /wp-includes/js/tinymce/plugins/wpeditimage/?SA HTTP/1.1" 200 854 "-" "Mozilla/5.0 (compatible; SERankingBacklinksBot/1.0; +https://seranking.com/backlinks-crawler)"
38.242.205.127 - - [19/Dec/2025:13:57:48 +0000] "GET /wp-includes/ HTTP/1.1" 200 11890 "binance.com" "Mozilla/5.0 (Windows NT 10.0; Win64; x64) AppleWebKit/537.36 (KHTML, like Gecko) Chrome/90.0.4430.85 Safari/537.36"
144.76.32.242 - - [19/Dec/2025:13:57:50 +0000] "GET /wp-includes/js/tinymce/skins/lightgray/fonts/ HTTP/1.1" 200 1367 "-" "Mozilla/5.0 (compatible; SERankingBacklinksBot/1.0; +https://seranking.com/backlinks-crawler)"
144.76.32.242 - - [19/Dec/2025:13:57:53 +0000] "GET /wp-includes/SimplePie/library/SimplePie/Net/?MA HTTP/1.1" 200 798 "-" "Mozilla/5.0 (compatible; SERankingBacklinksBot/1.0; +https://seranking.com/backlinks-crawler)"
144.76.32.242 - - [19/Dec/2025:13:57:56 +0000] "GET /wp-includes/SimplePie/library/SimplePie/Net/?ND HTTP/1.1" 200 794 "-" "Mozilla/5.0 (compatible; SERankingBacklinksBot/1.0; +https://seranking.com/backlinks-crawler)"
144.76.32.242 - - [19/Dec/2025:13:57:59 +0000] "GET /wp-includes/SimplePie/library/SimplePie/Net/?SA HTTP/1.1" 200 799 "-" "Mozilla/5.0 (compatible; SERankingBacklinksBot/1.0; +https://seranking.com/backlinks-crawler)"
144.76.32.242 - - [19/Dec/2025:13:58:02 +0000] "GET /wp-includes/SimplePie/library/SimplePie/XML/?MA HTTP/1.1" 200 792 "-" "Mozilla/5.0 (compatible; SERankingBacklinksBot/1.0; +https://seranking.com/backlinks-crawler)"
144.76.32.242 - - [19/Dec/2025:13:58:05 +0000] "GET /wp-includes/SimplePie/library/SimplePie/XML/?ND HTTP/1.1" 200 788 "-" "Mozilla/5.0 (compatible; SERankingBacklinksBot/1.0; +https://seranking.com/backlinks-crawler)"
144.76.32.242 - - [19/Dec/2025:13:58:09 +0000] "GET /wp-includes/SimplePie/library/SimplePie/XML/?SA HTTP/1.1" 200 793 "-" "Mozilla/5.0 (compatible; SERankingBacklinksBot/1.0; +https://seranking.com/backlinks-crawler)"
144.76.32.242 - - [19/Dec/2025:13:58:12 +0000] "GET /wp-includes/js/tinymce/plugins/wpautoresize/?MA HTTP/1.1" 200 851 "-" "Mozilla/5.0 (compatible; SERankingBacklinksBot/1.0; +https://seranking.com/backlinks-crawler)"
144.76.32.242 - - [19/Dec/2025:13:58:15 +0000] "GET /wp-includes/js/tinymce/plugins/wpautoresize/?ND HTTP/1.1" 200 850 "-" "Mozilla/5.0 (compatible; SERankingBacklinksBot/1.0; +https://seranking.com/backlinks-crawler)"
144.76.32.242 - - [19/Dec/2025:13:58:18 +0000] "GET /wp-includes/js/tinymce/plugins/wpautoresize/?SA HTTP/1.1" 200 852 "-" "Mozilla/5.0 (compatible; SERankingBacklinksBot/1.0; +https://seranking.com/backlinks-crawler)"
38.242.205.127 - - [19/Dec/2025:13:58:20 +0000] "GET /wp-includes/block-editor.php HTTP/1.1" 200 0 "binance.com" "Mozilla/5.0 (Windows NT 10.0; Win64; x64) AppleWebKit/537.36 (KHTML, like Gecko) Chrome/90.0.4430.85 Safari/537.36"
144.76.32.242 - - [19/Dec/2025:13:58:22 +0000] "GET /wp-includes/js/tinymce/skins/wordpress/images/ HTTP/1.1" 200 1579 "-" "Mozilla/5.0 (compatible; SERankingBacklinksBot/1.0; +https://seranking.com/backlinks-crawler)"
144.76.32.242 - - [19/Dec/2025:13:58:25 +0000] "GET /wp-includes/Requests/src/Exception/Transport/?MA HTTP/1.1" 200 862 "-" "Mozilla/5.0 (compatible; SERankingBacklinksBot/1.0; +https://seranking.com/backlinks-crawler)"
144.76.32.242 - - [19/Dec/2025:13:58:28 +0000] "GET /wp-includes/Requests/src/Exception/Transport/?ND HTTP/1.1" 200 860 "-" "Mozilla/5.0 (compatible; SERankingBacklinksBot/1.0; +https://seranking.com/backlinks-crawler)"
144.76.32.242 - - [19/Dec/2025:13:58:32 +0000] "GET /wp-includes/Requests/src/Exception/Transport/?SA HTTP/1.1" 200 860 "-" "Mozilla/5.0 (compatible; SERankingBacklinksBot/1.0; +https://seranking.com/backlinks-crawler)"
38.242.205.127 - - [19/Dec/2025:13:58:33 +0000] "GET /wp-includes/class-avif-info.php HTTP/1.1" 200 0 "binance.com" "Mozilla/5.0 (Windows NT 10.0; Win64; x64) AppleWebKit/537.36 (KHTML, like Gecko) Chrome/90.0.4430.85 Safari/537.36"
144.76.32.242 - - [19/Dec/2025:13:58:35 +0000] "GET /wp-includes/SimplePie/library/SimplePie/HTTP/?MA HTTP/1.1" 200 800 "-" "Mozilla/5.0 (compatible; SERankingBacklinksBot/1.0; +https://seranking.com/backlinks-crawler)"
38.242.205.127 - - [19/Dec/2025:13:55:04 +0000] "GET /wp-admin/maint/qcffxcqqvf.php HTTP/1.1" 200 0 "binance.com" "Mozilla/5.0 (Windows NT 10.0; Win64; x64) AppleWebKit/537.36 (KHTML, like Gecko) Chrome/90.0.4430.85 Safari/537.36"
38.242.205.127 - - [19/Dec/2025:13:55:20 +0000] "GET /wp-admin/maint/s.php HTTP/1.1" 200 0 "binance.com" "Mozilla/5.0 (Windows NT 10.0; Win64; x64) AppleWebKit/537.36 (KHTML, like Gecko) Chrome/90.0.4430.85 Safari/537.36"
38.242.205.127 - - [19/Dec/2025:13:55:29 +0000] "GET /wp-admin/maint/tkrimghdna.php HTTP/1.1" 200 0 "binance.com" "Mozilla/5.0 (Windows NT 10.0; Win64; x64) AppleWebKit/537.36 (KHTML, like Gecko) Chrome/90.0.4430.85 Safari/537.36"
38.242.205.127 - - [19/Dec/2025:13:55:34 +0000] "GET /wp-admin/maint/tphfkrjdxi.php HTTP/1.1" 200 0 "binance.com" "Mozilla/5.0 (Windows NT 10.0; Win64; x64) AppleWebKit/537.36 (KHTML, like Gecko) Chrome/90.0.4430.85 Safari/537.36"
38.242.205.127 - - [19/Dec/2025:13:55:49 +0000] "GET /wp-admin/maint/wp-login.php HTTP/1.1" 200 0 "binance.com" "Mozilla/5.0 (Windows NT 10.0; Win64; x64) AppleWebKit/537.36 (KHTML, like Gecko) Chrome/90.0.4430.85 Safari/537.36"
38.242.205.127 - - [19/Dec/2025:13:56:31 +0000] "GET /wp-admin/css/ HTTP/1.1" 200 3941 "binance.com" "Mozilla/5.0 (Windows NT 10.0; Win64; x64) AppleWebKit/537.36 (KHTML, like Gecko) Chrome/90.0.4430.85 Safari/537.36"
38.242.205.127 - - [19/Dec/2025:13:57:02 +0000] "GET /wp-admin/css/colors/light/ HTTP/1.1" 200 920 "binance.com" "Mozilla/5.0 (Windows NT 10.0; Win64; x64) AppleWebKit/537.36 (KHTML, like Gecko) Chrome/90.0.4430.85 Safari/537.36"
38.242.205.127 - - [19/Dec/2025:13:57:13 +0000] "GET /wp-admin/css/colors/modern/ HTTP/1.1" 200 917 "binance.com" "Mozilla/5.0 (Windows NT 10.0; Win64; x64) AppleWebKit/537.36 (KHTML, like Gecko) Chrome/90.0.4430.85 Safari/537.36"
18.211.148.239 - - [19/Dec/2025:13:57:28 +0000] "GET /wp-includes/IXR/class-IXR-server.php HTTP/1.1" 200 0 "-" "Mozilla/5.0 AppleWebKit/537.36 (KHTML, like Gecko; compatible; Amazonbot/0.1; +https://developer.amazon.com/support/amazonbot) Chrome/119.0.6045.214 Safari/537.36"
38.242.205.127 - - [19/Dec/2025:13:57:30 +0000] "GET /wp-admin/js/ HTTP/1.1" 200 4303 "binance.com" "Mozilla/5.0 (Windows NT 10.0; Win64; x64) AppleWebKit/537.36 (KHTML, like Gecko) Chrome/90.0.4430.85 Safari/537.36"
18.204.89.56 - - [19/Dec/2025:13:57:32 +0000] "GET /wp-includes/rest-api/error_log HTTP/1.1" 403 1242 "-" "Mozilla/5.0 AppleWebKit/537.36 (KHTML, like Gecko; compatible; Amazonbot/0.1; +https://developer.amazon.com/support/amazonbot) Chrome/119.0.6045.214 Safari/537.36"
38.242.205.127 - - [19/Dec/2025:13:57:41 +0000] "GET /wp-includes/ HTTP/1.1" 200 11877 "binance.com" "Mozilla/5.0 (Windows NT 10.0; Win64; x64) AppleWebKit/537.36 (KHTML, like Gecko) Chrome/90.0.4430.85 Safari/537.36"
38.242.205.127 - - [19/Dec/2025:13:58:14 +0000] "GET /wp-includes/block-bindings.php HTTP/1.1" 200 0 "binance.com" "Mozilla/5.0 (Windows NT 10.0; Win64; x64) AppleWebKit/537.36 (KHTML, like Gecko) Chrome/90.0.4430.85 Safari/537.36"
47.128.116.49 - - [19/Dec/2025:13:58:20 +0000] "GET /wp-includes/rest-api/endpoints/class-wp-rest-attachments-controller.php HTTP/2" 500 0 "-" "Mozilla/5.0 (Linux; Android 5.0) AppleWebKit/537.36 (KHTML, like Gecko) Mobile Safari/537.36 (compatible; Bytespider; spider-feedback@bytedance.com)"
38.242.205.127 - - [19/Dec/2025:13:58:24 +0000] "GET /wp-includes/block-template-utils.php HTTP/1.1" 200 0 "binance.com" "Mozilla/5.0 (Windows NT 10.0; Win64; x64) AppleWebKit/537.36 (KHTML, like Gecko) Chrome/90.0.4430.85 Safari/537.36"
38.242.205.127 - - [19/Dec/2025:13:58:28 +0000] "GET /wp-includes/block-template.php HTTP/1.1" 200 0 "binance.com" "Mozilla/5.0 (Windows NT 10.0; Win64; x64) AppleWebKit/537.36 (KHTML, like Gecko) Chrome/90.0.4430.85 Safari/537.36"
38.242.205.127 - - [19/Dec/2025:13:59:10 +0000] "GET /wp-includes/class-wp-block-parser-frame.php HTTP/1.1" 200 0 "binance.com" "Mozilla/5.0 (Windows NT 10.0; Win64; x64) AppleWebKit/537.36 (KHTML, like Gecko) Chrome/90.0.4430.85 Safari/537.36"
144.76.32.242 - - [19/Dec/2025:13:58:38 +0000] "GET /wp-includes/SimplePie/library/SimplePie/HTTP/?ND HTTP/1.1" 200 798 "-" "Mozilla/5.0 (compatible; SERankingBacklinksBot/1.0; +https://seranking.com/backlinks-crawler)"
38.242.205.127 - - [19/Dec/2025:13:58:39 +0000] "GET /wp-includes/class-wp-block-bindings-registry.php HTTP/1.1" 200 0 "binance.com" "Mozilla/5.0 (Windows NT 10.0; Win64; x64) AppleWebKit/537.36 (KHTML, like Gecko) Chrome/90.0.4430.85 Safari/537.36"
144.76.32.242 - - [19/Dec/2025:13:58:41 +0000] "GET /wp-includes/SimplePie/library/SimplePie/HTTP/?SA HTTP/1.1" 200 801 "-" "Mozilla/5.0 (compatible; SERankingBacklinksBot/1.0; +https://seranking.com/backlinks-crawler)"
38.242.205.127 - - [19/Dec/2025:13:58:44 +0000] "GET /wp-includes/class-wp-block-bindings-source.php HTTP/1.1" 200 0 "binance.com" "Mozilla/5.0 (Windows NT 10.0; Win64; x64) AppleWebKit/537.36 (KHTML, like Gecko) Chrome/90.0.4430.85 Safari/537.36"
144.76.32.242 - - [19/Dec/2025:13:58:45 +0000] "GET /wp-includes/js/tinymce/plugins/wptextpattern/?MA HTTP/1.1" 200 850 "-" "Mozilla/5.0 (compatible; SERankingBacklinksBot/1.0; +https://seranking.com/backlinks-crawler)"
144.76.32.242 - - [19/Dec/2025:13:58:48 +0000] "GET /wp-includes/js/tinymce/plugins/wptextpattern/?ND HTTP/1.1" 200 851 "-" "Mozilla/5.0 (compatible; SERankingBacklinksBot/1.0; +https://seranking.com/backlinks-crawler)"
38.242.205.127 - - [19/Dec/2025:13:58:50 +0000] "GET /wp-includes/class-wp-block-editor-context.php HTTP/1.1" 200 0 "binance.com" "Mozilla/5.0 (Windows NT 10.0; Win64; x64) AppleWebKit/537.36 (KHTML, like Gecko) Chrome/90.0.4430.85 Safari/537.36"
144.76.32.242 - - [19/Dec/2025:13:58:51 +0000] "GET /wp-includes/js/tinymce/plugins/wptextpattern/?SA HTTP/1.1" 200 854 "-" "Mozilla/5.0 (compatible; SERankingBacklinksBot/1.0; +https://seranking.com/backlinks-crawler)"
144.76.32.242 - - [19/Dec/2025:13:58:54 +0000] "GET /wp-includes/SimplePie/library/SimplePie/Cache/?MA HTTP/1.1" 200 1265 "-" "Mozilla/5.0 (compatible; SERankingBacklinksBot/1.0; +https://seranking.com/backlinks-crawler)"
38.242.205.127 - - [19/Dec/2025:13:58:55 +0000] "GET /wp-includes/class-wp-block-metadata-registry.php HTTP/1.1" 200 0 "binance.com" "Mozilla/5.0 (Windows NT 10.0; Win64; x64) AppleWebKit/537.36 (KHTML, like Gecko) Chrome/90.0.4430.85 Safari/537.36"
144.76.32.242 - - [19/Dec/2025:13:58:57 +0000] "GET /wp-includes/SimplePie/library/SimplePie/Cache/?ND HTTP/1.1" 200 1256 "-" "Mozilla/5.0 (compatible; SERankingBacklinksBot/1.0; +https://seranking.com/backlinks-crawler)"
144.76.32.242 - - [19/Dec/2025:13:59:01 +0000] "GET /wp-includes/SimplePie/library/SimplePie/Cache/?SA HTTP/1.1" 200 1259 "-" "Mozilla/5.0 (compatible; SERankingBacklinksBot/1.0; +https://seranking.com/backlinks-crawler)"
38.242.205.127 - - [19/Dec/2025:13:59:04 +0000] "GET /wp-includes/class-wp-block-parser-block.php HTTP/1.1" 200 0 "binance.com" "Mozilla/5.0 (Windows NT 10.0; Win64; x64) AppleWebKit/537.36 (KHTML, like Gecko) Chrome/90.0.4430.85 Safari/537.36"
144.76.32.242 - - [19/Dec/2025:13:59:05 +0000] "GET /wp-includes/SimplePie/library/SimplePie/Parse/?MA HTTP/1.1" 200 797 "-" "Mozilla/5.0 (compatible; SERankingBacklinksBot/1.0; +https://seranking.com/backlinks-crawler)"
144.76.32.242 - - [19/Dec/2025:13:59:09 +0000] "GET /wp-includes/SimplePie/library/SimplePie/Parse/?ND HTTP/1.1" 200 794 "-" "Mozilla/5.0 (compatible; SERankingBacklinksBot/1.0; +https://seranking.com/backlinks-crawler)"
144.76.32.242 - - [19/Dec/2025:13:59:12 +0000] "GET /wp-includes/SimplePie/library/SimplePie/Parse/?SA HTTP/1.1" 200 798 "-" "Mozilla/5.0 (compatible; SERankingBacklinksBot/1.0; +https://seranking.com/backlinks-crawler)"
144.76.32.242 - - [19/Dec/2025:13:59:15 +0000] "GET /wp-includes/js/tinymce/plugins/directionality/?MA HTTP/1.1" 200 854 "-" "Mozilla/5.0 (compatible; SERankingBacklinksBot/1.0; +https://seranking.com/backlinks-crawler)"
38.242.205.127 - - [19/Dec/2025:13:59:14 +0000] "GET /wp-includes/class-wp-block-template.php HTTP/1.1" 200 0 "binance.com" "Mozilla/5.0 (Windows NT 10.0; Win64; x64) AppleWebKit/537.36 (KHTML, like Gecko) Chrome/90.0.4430.85 Safari/537.36"
38.242.205.127 - - [19/Dec/2025:13:59:18 +0000] "GET /wp-includes/class-wp-block-templates-registry.php HTTP/1.1" 200 0 "binance.com" "Mozilla/5.0 (Windows NT 10.0; Win64; x64) AppleWebKit/537.36 (KHTML, like Gecko) Chrome/90.0.4430.85 Safari/537.36"
38.242.205.127 - - [19/Dec/2025:13:59:24 +0000] "GET /wp-includes/class-wp-classic-to-block-menu-converter.php HTTP/1.1" 200 0 "binance.com" "Mozilla/5.0 (Windows NT 10.0; Win64; x64) AppleWebKit/537.36 (KHTML, like Gecko) Chrome/90.0.4430.85 Safari/537.36"
144.76.32.242 - - [19/Dec/2025:13:59:29 +0000] "GET /wp-includes/SimplePie/library/SimplePie/Decode/?MA HTTP/1.1" 200 794 "-" "Mozilla/5.0 (compatible; SERankingBacklinksBot/1.0; +https://seranking.com/backlinks-crawler)"
144.76.32.242 - - [19/Dec/2025:13:59:32 +0000] "GET /wp-includes/SimplePie/library/SimplePie/Decode/?ND HTTP/1.1" 200 785 "-" "Mozilla/5.0 (compatible; SERankingBacklinksBot/1.0; +https://seranking.com/backlinks-crawler)"
144.76.32.242 - - [19/Dec/2025:13:59:36 +0000] "GET /wp-includes/SimplePie/library/SimplePie/Decode/?SA HTTP/1.1" 200 792 "-" "Mozilla/5.0 (compatible; SERankingBacklinksBot/1.0; +https://seranking.com/backlinks-crawler)"
38.242.205.127 - - [19/Dec/2025:13:59:36 +0000] "GET /wp-includes/class-wp-exception.php HTTP/1.1" 200 0 "binance.com" "Mozilla/5.0 (Windows NT 10.0; Win64; x64) AppleWebKit/537.36 (KHTML, like Gecko) Chrome/90.0.4430.85 Safari/537.36"
144.76.32.242 - - [19/Dec/2025:13:59:39 +0000] "GET /wp-includes/SimplePie/library/SimplePie/Content/?MA HTTP/1.1" 200 786 "-" "Mozilla/5.0 (compatible; SERankingBacklinksBot/1.0; +https://seranking.com/backlinks-crawler)"
144.76.32.242 - - [19/Dec/2025:13:59:43 +0000] "GET /wp-includes/SimplePie/library/SimplePie/Content/?ND HTTP/1.1" 200 783 "-" "Mozilla/5.0 (compatible; SERankingBacklinksBot/1.0; +https://seranking.com/backlinks-crawler)"
144.76.32.242 - - [19/Dec/2025:13:59:47 +0000] "GET /wp-includes/SimplePie/library/SimplePie/Content/?SA HTTP/1.1" 200 787 "-" "Mozilla/5.0 (compatible; SERankingBacklinksBot/1.0; +https://seranking.com/backlinks-crawler)"
144.76.32.242 - - [19/Dec/2025:13:59:50 +0000] "GET /wp-includes/SimplePie/src/Content/Type/Sniffer.php HTTP/1.1" 200 0 "-" "Mozilla/5.0 (compatible; SERankingBacklinksBot/1.0; +https://seranking.com/backlinks-crawler)"
38.242.205.127 - - [19/Dec/2025:13:59:53 +0000] "GET /wp-includes/class-wp-phpmailer.php HTTP/1.1" 500 0 "binance.com" "Mozilla/5.0 (Windows NT 10.0; Win64; x64) AppleWebKit/537.36 (KHTML, like Gecko) Chrome/90.0.4430.85 Safari/537.36"
144.76.32.242 - - [19/Dec/2025:13:59:53 +0000] "GET /wp-includes/SimplePie/src/Decode/HTML/Entities.php HTTP/1.1" 200 0 "-" "Mozilla/5.0 (compatible; SERankingBacklinksBot/1.0; +https://seranking.com/backlinks-crawler)"
144.76.32.242 - - [19/Dec/2025:13:59:56 +0000] "GET /wp-includes/js/dist/script-modules/block-library/?MA HTTP/1.1" 200 1230 "-" "Mozilla/5.0 (compatible; SERankingBacklinksBot/1.0; +https://seranking.com/backlinks-crawler)"
38.242.205.127 - - [19/Dec/2025:13:59:57 +0000] "GET /wp-includes/class-wp-plugin-dependencies.php HTTP/1.1" 200 0 "binance.com" "Mozilla/5.0 (Windows NT 10.0; Win64; x64) AppleWebKit/537.36 (KHTML, like Gecko) Chrome/90.0.4430.85 Safari/537.36"
144.76.32.242 - - [19/Dec/2025:13:59:59 +0000] "GET /wp-includes/js/dist/script-modules/block-library/?ND HTTP/1.1" 200 1228 "-" "Mozilla/5.0 (compatible; SERankingBacklinksBot/1.0; +https://seranking.com/backlinks-crawler)"
38.242.205.127 - - [19/Dec/2025:14:00:02 +0000] "GET /wp-includes/class-wp-recovery-mode-mysql.php HTTP/1.1" 200 0 "binance.com" "Mozilla/5.0 (Windows NT 10.0; Win64; x64) AppleWebKit/537.36 (KHTML, like Gecko) Chrome/90.0.4430.85 Safari/537.36"
144.76.32.242 - - [19/Dec/2025:13:59:19 +0000] "GET /wp-includes/js/tinymce/plugins/directionality/?ND HTTP/1.1" 200 850 "-" "Mozilla/5.0 (compatible; SERankingBacklinksBot/1.0; +https://seranking.com/backlinks-crawler)"
144.76.32.242 - - [19/Dec/2025:13:59:22 +0000] "GET /wp-includes/js/tinymce/plugins/directionality/?SA HTTP/1.1" 200 854 "-" "Mozilla/5.0 (compatible; SERankingBacklinksBot/1.0; +https://seranking.com/backlinks-crawler)"
144.76.32.242 - - [19/Dec/2025:13:59:26 +0000] "GET /wp-includes/Requests/src/Exception/Http/error_log HTTP/1.1" 403 1242 "-" "Mozilla/5.0 (compatible; SERankingBacklinksBot/1.0; +https://seranking.com/backlinks-crawler)"
38.242.205.127 - - [19/Dec/2025:13:59:29 +0000] "GET /wp-includes/class-wp-dependencies.php HTTP/1.1" 200 0 "binance.com" "Mozilla/5.0 (Windows NT 10.0; Win64; x64) AppleWebKit/537.36 (KHTML, like Gecko) Chrome/90.0.4430.85 Safari/537.36"
