68.218.20.72 - - [27/Dec/2025:13:58:47 +0000] "GET /mah.php HTTP/1.1" 404 72003 "https://www.google.fr/" "Mozilla/5.0 (Linux; Android 11; 21081111RG) AppleWebKit/537.36 (KHTML, like Gecko) Chrome/116.0.0.0 Mobile Safari/537.36"
68.218.20.72 - - [27/Dec/2025:13:58:48 +0000] "GET /mah/function.php HTTP/1.1" 404 72003 "https://www.google.com/" "Mozilla/5.0 (Linux; Android 13; SM-S908E) AppleWebKit/537.36 (KHTML, like Gecko) Chrome/116.0.0.0 Mobile Safari/537.36"
68.218.20.72 - - [27/Dec/2025:13:58:49 +0000] "GET /mini.php HTTP/1.1" 404 72003 "https://www.google.com/" "Mozilla/5.0 (iPad; CPU OS 17_0_3 like Mac OS X) AppleWebKit/605.1.15 (KHTML, like Gecko) Version/17.0.1 Mobile/15E148 Safari/604.1"
68.218.20.72 - - [27/Dec/2025:13:58:50 +0000] "GET /modules/mod_simplefileuploadv1.3/elements/ HTTP/1.1" 404 72003 "https://duckduckgo.com/" "Mozilla/5.0 (Linux; Android 11; 21081111RG) AppleWebKit/537.36 (KHTML, like Gecko) Chrome/116.0.0.0 Mobile Safari/537.36"
68.218.20.72 - - [27/Dec/2025:13:58:51 +0000] "GET /new.php HTTP/1.1" 404 72003 "https://www.bing.com/" "Mozilla/5.0 (Linux; Android 12; SM-A525F) AppleWebKit/537.36 (KHTML, like Gecko) Chrome/117.0.0.0 Mobile Safari/537.36"
68.218.20.72 - - [27/Dec/2025:13:58:51 +0000] "GET /options-reading.php HTTP/1.1" 404 72003 "https://www.google.com/" "Mozilla/5.0 (Linux; Android 13; SM-S908E) AppleWebKit/537.36 (KHTML, like Gecko) Chrome/116.0.0.0 Mobile Safari/537.36"
74.7.241.23 - - [27/Dec/2025:13:58:52 +0000] "GET /aw.php?loknya=/proc/thread-self/root/proc/self/root/proc/thread-self/root/proc/thread-self/root/proc/thread-self/root/proc/self/root/proc/thread-self/root/proc/self/root/./proc/thread-self/root/proc/thread-self/root/proc/thread-self/root/proc/thread-self/root/proc/self/root/proc/self/root/proc/thread-self/root/proc/self/root/proc/self/root/proc/self/root/proc/thread-self/root/proc/self/root/lib/node_modules/npm/node_modules/unique-filename HTTP/2" 404 13816 "-" "Mozilla/5.0 AppleWebKit/537.36 (KHTML, like Gecko; compatible; GPTBot/1.3; +https://openai.com/gptbot)"
68.218.20.72 - - [27/Dec/2025:13:58:52 +0000] "GET /simple.php HTTP/1.1" 404 72003 "https://www.bing.com/" "Mozilla/5.0 (Linux; Android 12; SM-A525F) AppleWebKit/537.36 (KHTML, like Gecko) Chrome/117.0.0.0 Mobile Safari/537.36"
68.218.20.72 - - [27/Dec/2025:13:58:54 +0000] "GET /uploads/ HTTP/1.1" 404 72003 "https://www.bing.com/" "Mozilla/5.0 (Linux; Android 10; LM-Q720) AppleWebKit/537.36 (KHTML, like Gecko) Chrome/116.0.0.0 Mobile Safari/537.36"
68.218.20.72 - - [27/Dec/2025:13:58:54 +0000] "GET /modules/mod_simplefileuploadv1.3/elements/index.php HTTP/1.1" 301 0 "https://www.google.de/" "Mozilla/5.0 (Linux; Android 11; CPH2251) AppleWebKit/537.36 (KHTML, like Gecko) Chrome/116.0.0.0 Mobile Safari/537.36"
68.218.20.72 - - [27/Dec/2025:13:58:55 +0000] "GET /modules/mod_simplefileuploadv1.3/elements/ HTTP/1.1" 404 72003 "https://www.google.de/" "Mozilla/5.0 (Linux; Android 11; CPH2251) AppleWebKit/537.36 (KHTML, like Gecko) Chrome/116.0.0.0 Mobile Safari/537.36"
68.218.20.72 - - [27/Dec/2025:13:58:56 +0000] "GET /new.php HTTP/1.1" 404 72003 "https://www.yahoo.com/" "Mozilla/5.0 (Linux; Android 13; SM-G991U) AppleWebKit/537.36 (KHTML, like Gecko) Chrome/117.0.0.0 Mobile Safari/537.36"
68.218.20.72 - - [27/Dec/2025:13:58:57 +0000] "GET /public/files/index.php HTTP/1.1" 301 0 "https://www.google.de/" "Mozilla/5.0 (Linux; Android 12; 2201116SG) AppleWebKit/537.36 (KHTML, like Gecko) Chrome/116.0.0.0 Mobile Safari/537.36"
68.218.20.72 - - [27/Dec/2025:13:58:57 +0000] "GET /public/files/ HTTP/1.1" 404 72003 "https://www.google.de/" "Mozilla/5.0 (Linux; Android 12; 2201116SG) AppleWebKit/537.36 (KHTML, like Gecko) Chrome/116.0.0.0 Mobile Safari/537.36"
40.77.167.25 - - [27/Dec/2025:13:58:58 +0000] "GET /amsja/w8596859.html HTTP/2" 404 13776 "-" "Mozilla/5.0 AppleWebKit/537.36 (KHTML, like Gecko; compatible; bingbot/2.0; +http://www.bing.com/bingbot.htm) Chrome/116.0.1938.76 Safari/537.36"
68.218.20.72 - - [27/Dec/2025:13:58:58 +0000] "GET /public/wp-content/index.php HTTP/1.1" 301 0 "https://www.google.de/" "Mozilla/5.0 (Linux; Android 12; 2201116SG) AppleWebKit/537.36 (KHTML, like Gecko) Chrome/116.0.0.0 Mobile Safari/537.36"
68.218.20.72 - - [27/Dec/2025:13:58:58 +0000] "GET /public/wp-content/ HTTP/1.1" 404 72003 "https://www.google.de/" "Mozilla/5.0 (Linux; Android 12; 2201116SG) AppleWebKit/537.36 (KHTML, like Gecko) Chrome/116.0.0.0 Mobile Safari/537.36"
68.218.20.72 - - [27/Dec/2025:13:58:59 +0000] "GET /radio.php HTTP/1.1" 404 72003 "https://www.google.de/" "Mozilla/5.0 (Linux; Android 13; SM-G991U) AppleWebKit/537.36 (KHTML, like Gecko) Chrome/117.0.0.0 Mobile Safari/537.36"
68.218.20.72 - - [27/Dec/2025:13:59:00 +0000] "GET /wp-admin/classwithtostring.php HTTP/1.1" 404 72003 "https://www.google.fr/" "Mozilla/5.0 (iPhone; CPU iPhone OS 17_1 like Mac OS X) AppleWebKit/605.1.15 (KHTML, like Gecko) CriOS/119.0.6045.109 Mobile/15E148 Safari/604.1"
68.218.20.72 - - [27/Dec/2025:13:59:01 +0000] "GET /wp-admin/includes/colour.php HTTP/1.1" 404 72003 "https://www.google.com/" "Mozilla/5.0 (Linux; Android 10; K) AppleWebKit/537.36 (KHTML, like Gecko) Chrome/117.0.0.0 Mobile Safari/537.36"
68.218.20.72 - - [27/Dec/2025:13:59:02 +0000] "GET /wp-admin/index.php HTTP/1.1" 302 0 "https://www.google.co.uk/" "Mozilla/5.0 (iPad; CPU OS 17_0_3 like Mac OS X) AppleWebKit/605.1.15 (KHTML, like Gecko) Version/17.0.1 Mobile/15E148 Safari/604.1"
68.218.20.72 - - [27/Dec/2025:13:59:03 +0000] "GET /wp-login.php?redirect_to=https%3A%2F%2Fnandedexpress.com%2Fwp-admin%2Findex.php&reauth=1 HTTP/1.1" 200 4685 "https://www.google.co.uk/" "Mozilla/5.0 (iPad; CPU OS 17_0_3 like Mac OS X) AppleWebKit/605.1.15 (KHTML, like Gecko) Version/17.0.1 Mobile/15E148 Safari/604.1"
68.218.20.72 - - [27/Dec/2025:13:59:03 +0000] "GET /wp-admin/js/index.php HTTP/1.1" 301 0 "https://www.bing.com/" "Mozilla/5.0 (iPhone; CPU iPhone OS 15_7_9 like Mac OS X) AppleWebKit/605.1.15 (KHTML, like Gecko) Version/15.6.5 Mobile/15E148 Safari/604.1"
68.218.20.72 - - [27/Dec/2025:13:59:04 +0000] "GET /wp-admin/js/ HTTP/1.1" 200 27989 "https://www.bing.com/" "Mozilla/5.0 (iPhone; CPU iPhone OS 15_7_9 like Mac OS X) AppleWebKit/605.1.15 (KHTML, like Gecko) Version/15.6.5 Mobile/15E148 Safari/604.1"
68.218.20.72 - - [27/Dec/2025:13:59:05 +0000] "GET /wp-admin/js/widgets/ HTTP/1.1" 200 6084 "https://www.google.de/" "Mozilla/5.0 (Linux; Android 14; Pixel 8 Pro) AppleWebKit/537.36 (KHTML, like Gecko) Chrome/119.0.0.0 Mobile Safari/537.36"
68.218.20.72 - - [27/Dec/2025:13:59:05 +0000] "GET /wp-admin/wp-admins.php HTTP/1.1" 404 72003 "https://www.google.de/" "Mozilla/5.0 (Linux; Android 11; CPH2251) AppleWebKit/537.36 (KHTML, like Gecko) Chrome/116.0.0.0 Mobile Safari/537.36"
68.218.20.72 - - [27/Dec/2025:13:59:06 +0000] "GET /wp-blog.php HTTP/1.1" 404 72003 "https://www.bing.com/" "Mozilla/5.0 (iPhone; CPU iPhone OS 15_7_9 like Mac OS X) AppleWebKit/605.1.15 (KHTML, like Gecko) Version/15.6.5 Mobile/15E148 Safari/604.1"
68.218.20.72 - - [27/Dec/2025:13:59:07 +0000] "GET /wp-content/admin.php HTTP/1.1" 404 72003 "https://duckduckgo.com/" "Mozilla/5.0 (Linux; Android 13; SM-G991U) AppleWebKit/537.36 (KHTML, like Gecko) Chrome/117.0.0.0 Mobile Safari/537.36"
68.218.20.72 - - [27/Dec/2025:13:59:08 +0000] "GET /wp-content/et-cache/ HTTP/1.1" 404 72003 "https://www.google.fr/" "Mozilla/5.0 (Linux; Android 14; Pixel 8 Pro) AppleWebKit/537.36 (KHTML, like Gecko) Chrome/119.0.0.0 Mobile Safari/537.36"
68.218.20.72 - - [27/Dec/2025:13:59:09 +0000] "GET /wp-content/index.php HTTP/1.1" 200 0 "https://www.google.com/" "Mozilla/5.0 (Linux; Android 12; SM-A525F) AppleWebKit/537.36 (KHTML, like Gecko) Chrome/117.0.0.0 Mobile Safari/537.36"
68.218.20.72 - - [27/Dec/2025:13:59:10 +0000] "GET /wp-content/plugins/pwnd/as.php HTTP/1.1" 404 72003 "https://www.yahoo.com/" "Mozilla/5.0 (iPad; CPU OS 17_0_3 like Mac OS X) AppleWebKit/605.1.15 (KHTML, like Gecko) Version/17.0.1 Mobile/15E148 Safari/604.1"
68.218.20.72 - - [27/Dec/2025:13:59:11 +0000] "GET /wp-content/upgrade/index.php HTTP/1.1" 301 0 "https://www.google.de/" "Mozilla/5.0 (Linux; Android 13; M2101K6G) AppleWebKit/537.36 (KHTML, like Gecko) Chrome/116.0.0.0 Mobile Safari/537.36"
68.218.20.72 - - [27/Dec/2025:13:59:11 +0000] "GET /wp-content/upgrade/ HTTP/1.1" 200 1364 "https://www.google.de/" "Mozilla/5.0 (Linux; Android 13; M2101K6G) AppleWebKit/537.36 (KHTML, like Gecko) Chrome/116.0.0.0 Mobile Safari/537.36"
68.218.20.72 - - [27/Dec/2025:13:59:11 +0000] "GET /wp-content/uploads/ HTTP/1.1" 200 4182 "https://www.google.de/" "Mozilla/5.0 (iPhone; CPU iPhone OS 17_0_3 like Mac OS X) AppleWebKit/605.1.15 (KHTML, like Gecko) Version/17.0.1 Mobile/15E148 Safari/604.1"
68.218.20.72 - - [27/Dec/2025:13:59:12 +0000] "GET /wp-content/uploads/index.php HTTP/1.1" 301 0 "https://www.google.com/" "Mozilla/5.0 (Linux; Android 11; CPH2251) AppleWebKit/537.36 (KHTML, like Gecko) Chrome/116.0.0.0 Mobile Safari/537.36"
68.218.20.72 - - [27/Dec/2025:13:59:12 +0000] "GET /wp-content/uploads/ HTTP/1.1" 200 4182 "https://www.google.com/" "Mozilla/5.0 (Linux; Android 11; CPH2251) AppleWebKit/537.36 (KHTML, like Gecko) Chrome/116.0.0.0 Mobile Safari/537.36"
68.218.20.72 - - [27/Dec/2025:13:59:13 +0000] "GET /wp-good.php HTTP/1.1" 404 72003 "https://www.yahoo.com/" "Mozilla/5.0 (iPhone; CPU iPhone OS 17_1_1 like Mac OS X) AppleWebKit/605.1.15 (KHTML, like Gecko) Version/17.1 Mobile/15E148 Safari/604.1"
68.218.20.72 - - [27/Dec/2025:13:59:14 +0000] "GET /wp-includes/Requests/index.php HTTP/1.1" 301 0 "https://www.google.co.uk/" "Mozilla/5.0 (Linux; Android 12; V2134) AppleWebKit/537.36 (KHTML, like Gecko) Chrome/116.0.0.0 Mobile Safari/537.36"
68.218.20.72 - - [27/Dec/2025:13:59:15 +0000] "GET /wp-includes/Requests/ HTTP/1.1" 200 1847 "https://www.google.co.uk/" "Mozilla/5.0 (Linux; Android 12; V2134) AppleWebKit/537.36 (KHTML, like Gecko) Chrome/116.0.0.0 Mobile Safari/537.36"
68.218.20.72 - - [27/Dec/2025:13:59:15 +0000] "GET /wp-includes/Text/Diff/Renderer/index.php HTTP/1.1" 301 0 "https://www.google.de/" "Mozilla/5.0 (Linux; Android 12; V2134) AppleWebKit/537.36 (KHTML, like Gecko) Chrome/116.0.0.0 Mobile Safari/537.36"
68.218.20.72 - - [27/Dec/2025:13:59:16 +0000] "GET /wp-includes/Text/Diff/Renderer/ HTTP/1.1" 200 1665 "https://www.google.de/" "Mozilla/5.0 (Linux; Android 12; V2134) AppleWebKit/537.36 (KHTML, like Gecko) Chrome/116.0.0.0 Mobile Safari/537.36"
68.218.20.72 - - [27/Dec/2025:13:59:16 +0000] "GET /wp-includes/bk/index.php HTTP/1.1" 301 0 "https://www.google.com/" "Mozilla/5.0 (iPhone; CPU iPhone OS 16_0 like Mac OS X) AppleWebKit/605.1.15 (KHTML, like Gecko) FxiOS/118.0 Mobile/15E148 Safari/605.1.15"
68.218.20.72 - - [27/Dec/2025:13:59:16 +0000] "GET /wp-includes/bk/ HTTP/1.1" 404 72003 "https://www.google.com/" "Mozilla/5.0 (iPhone; CPU iPhone OS 16_0 like Mac OS X) AppleWebKit/605.1.15 (KHTML, like Gecko) FxiOS/118.0 Mobile/15E148 Safari/605.1.15"
68.218.20.72 - - [27/Dec/2025:13:59:18 +0000] "GET /wp-includes/customize/chosen.php HTTP/1.1" 404 72003 "https://www.google.co.uk/" "Mozilla/5.0 (Linux; Android 14; Pixel 8 Pro) AppleWebKit/537.36 (KHTML, like Gecko) Chrome/119.0.0.0 Mobile Safari/537.36"
68.218.20.72 - - [27/Dec/2025:13:59:19 +0000] "GET /wp-includes/index.php HTTP/1.1" 301 0 "https://duckduckgo.com/" "Mozilla/5.0 (Linux; Android 14; Pixel 8 Pro) AppleWebKit/537.36 (KHTML, like Gecko) Chrome/119.0.0.0 Mobile Safari/537.36"
68.218.20.72 - - [27/Dec/2025:13:59:19 +0000] "GET /wp-includes/ HTTP/1.1" 200 79586 "https://duckduckgo.com/" "Mozilla/5.0 (Linux; Android 14; Pixel 8 Pro) AppleWebKit/537.36 (KHTML, like Gecko) Chrome/119.0.0.0 Mobile Safari/537.36"
68.218.20.72 - - [27/Dec/2025:13:59:20 +0000] "GET /wp-includes/js/codemirror/index.php HTTP/1.1" 301 0 "https://www.google.de/" "Mozilla/5.0 (iPhone; CPU iPhone OS 17_1_1 like Mac OS X) AppleWebKit/605.1.15 (KHTML, like Gecko) Version/17.1 Mobile/15E148 Safari/604.1"
68.218.20.72 - - [27/Dec/2025:13:59:20 +0000] "GET /wp-includes/js/codemirror/ HTTP/1.1" 200 4200 "https://www.google.de/" "Mozilla/5.0 (iPhone; CPU iPhone OS 17_1_1 like Mac OS X) AppleWebKit/605.1.15 (KHTML, like Gecko) Version/17.1 Mobile/15E148 Safari/604.1"
68.218.20.72 - - [27/Dec/2025:13:59:21 +0000] "GET /wp-includes/js/jquery/jquery.php HTTP/1.1" 404 72003 "https://www.google.fr/" "Mozilla/5.0 (Linux; Android 12; SM-A525F) AppleWebKit/537.36 (KHTML, like Gecko) Chrome/117.0.0.0 Mobile Safari/537.36"
68.218.20.72 - - [27/Dec/2025:13:59:22 +0000] "GET /wp-includes/random_compat/index.php HTTP/1.1" 301 0 "https://www.yahoo.com/" "Mozilla/5.0 (Linux; Android 13; M2101K6G) AppleWebKit/537.36 (KHTML, like Gecko) Chrome/116.0.0.0 Mobile Safari/537.36"
68.218.20.72 - - [27/Dec/2025:13:59:22 +0000] "GET /wp-includes/random_compat/ HTTP/1.1" 404 72003 "https://www.yahoo.com/" "Mozilla/5.0 (Linux; Android 13; M2101K6G) AppleWebKit/537.36 (KHTML, like Gecko) Chrome/116.0.0.0 Mobile Safari/537.36"
68.218.20.72 - - [27/Dec/2025:13:59:23 +0000] "GET /wp-includes/rest-api/index.php HTTP/1.1" 301 0 "https://www.bing.com/" "Mozilla/5.0 (iPad; CPU OS 17_0_3 like Mac OS X) AppleWebKit/605.1.15 (KHTML, like Gecko) Version/17.0.1 Mobile/15E148 Safari/604.1"
68.218.20.72 - - [27/Dec/2025:13:59:24 +0000] "GET /wp-includes/rest-api/ HTTP/1.1" 200 3900 "https://www.bing.com/" "Mozilla/5.0 (iPad; CPU OS 17_0_3 like Mac OS X) AppleWebKit/605.1.15 (KHTML, like Gecko) Version/17.0.1 Mobile/15E148 Safari/604.1"
68.218.20.72 - - [27/Dec/2025:13:59:24 +0000] "GET /wp-includes/sitemaps/providers/index.php HTTP/1.1" 301 0 "https://www.google.co.uk/" "Mozilla/5.0 (Linux; Android 13; SM-S908E) AppleWebKit/537.36 (KHTML, like Gecko) Chrome/116.0.0.0 Mobile Safari/537.36"
68.218.20.72 - - [27/Dec/2025:13:59:24 +0000] "GET /wp-includes/sitemaps/providers/ HTTP/1.1" 200 2622 "https://www.google.co.uk/" "Mozilla/5.0 (Linux; Android 13; SM-S908E) AppleWebKit/537.36 (KHTML, like Gecko) Chrome/116.0.0.0 Mobile Safari/537.36"
68.218.20.72 - - [27/Dec/2025:13:59:25 +0000] "GET /wp-includes/style-engine/wp-conflg.php HTTP/1.1" 404 72003 "https://www.google.de/" "Mozilla/5.0 (Linux; Android 12; SM-A525F) AppleWebKit/537.36 (KHTML, like Gecko) Chrome/117.0.0.0 Mobile Safari/537.36"
68.218.20.72 - - [27/Dec/2025:13:59:26 +0000] "GET /wp-admin/ HTTP/1.1" 302 0 "https://www.google.com/" "Mozilla/5.0 (Linux; Android 12; V2134) AppleWebKit/537.36 (KHTML, like Gecko) Chrome/116.0.0.0 Mobile Safari/537.36"
68.218.20.72 - - [27/Dec/2025:13:59:27 +0000] "GET /wp-login.php?redirect_to=https%3A%2F%2Fnandedexpress.com%2Fwp-admin%2F&reauth=1 HTTP/1.1" 200 4676 "https://www.google.com/" "Mozilla/5.0 (Linux; Android 12; V2134) AppleWebKit/537.36 (KHTML, like Gecko) Chrome/116.0.0.0 Mobile Safari/537.36"
68.218.20.72 - - [27/Dec/2025:13:59:28 +0000] "GET /wp-admin/css/ HTTP/1.1" 200 29271 "https://www.google.co.uk/" "Mozilla/5.0 (iPad; CPU OS 16_7_2 like Mac OS X) AppleWebKit/605.1.15 (KHTML, like Gecko) Version/16.6 Mobile/15E148 Safari/604.1"
68.218.20.72 - - [27/Dec/2025:13:59:28 +0000] "GET /wp-admin/includes/index.php HTTP/1.1" 301 0 "https://www.google.co.uk/" "Mozilla/5.0 (iPhone; CPU iPhone OS 16_6_1 like Mac OS X) AppleWebKit/605.1.15 (KHTML, like Gecko) Version/16.6 Mobile/15E148 Safari/604.1"
68.218.20.72 - - [27/Dec/2025:13:59:29 +0000] "GET /wp-admin/includes/ HTTP/1.1" 200 33166 "https://www.google.co.uk/" "Mozilla/5.0 (iPhone; CPU iPhone OS 16_6_1 like Mac OS X) AppleWebKit/605.1.15 (KHTML, like Gecko) Version/16.6 Mobile/15E148 Safari/604.1"
68.218.20.72 - - [27/Dec/2025:13:59:29 +0000] "GET /wp-admin/network/admin.php HTTP/1.1" 302 0 "https://www.yahoo.com/" "Mozilla/5.0 (Linux; Android 12; V2134) AppleWebKit/537.36 (KHTML, like Gecko) Chrome/116.0.0.0 Mobile Safari/537.36"
68.218.20.72 - - [27/Dec/2025:13:59:30 +0000] "GET /wp-login.php?redirect_to=https%3A%2F%2Fnandedexpress.com%2Fwp-admin%2Fnetwork%2Fadmin.php&reauth=1 HTTP/1.1" 200 4693 "https://www.yahoo.com/" "Mozilla/5.0 (Linux; Android 12; V2134) AppleWebKit/537.36 (KHTML, like Gecko) Chrome/116.0.0.0 Mobile Safari/537.36"
68.218.20.72 - - [27/Dec/2025:13:59:31 +0000] "GET /wp-content/classwithtostring.php HTTP/1.1" 404 72003 "https://www.google.com/" "Mozilla/5.0 (Linux; Android 13; M2101K6G) AppleWebKit/537.36 (KHTML, like Gecko) Chrome/116.0.0.0 Mobile Safari/537.36"
68.218.20.72 - - [27/Dec/2025:13:59:32 +0000] "GET /wp-content/languages/index.php HTTP/1.1" 301 0 "https://duckduckgo.com/" "Mozilla/5.0 (iPhone; CPU iPhone OS 17_1 like Mac OS X) AppleWebKit/605.1.15 (KHTML, like Gecko) CriOS/119.0.6045.109 Mobile/15E148 Safari/604.1"
68.218.20.72 - - [27/Dec/2025:13:59:32 +0000] "GET /wp-content/languages/ HTTP/1.1" 404 72003 "https://duckduckgo.com/" "Mozilla/5.0 (iPhone; CPU iPhone OS 17_1 like Mac OS X) AppleWebKit/605.1.15 (KHTML, like Gecko) CriOS/119.0.6045.109 Mobile/15E148 Safari/604.1"
68.218.20.72 - - [27/Dec/2025:13:59:33 +0000] "GET /wp-content/plugins/admin.php HTTP/1.1" 404 72003 "https://www.yahoo.com/" "Mozilla/5.0 (Linux; Android 13; M2101K6G) AppleWebKit/537.36 (KHTML, like Gecko) Chrome/116.0.0.0 Mobile Safari/537.36"
68.218.20.72 - - [27/Dec/2025:13:59:34 +0000] "GET /wp-content/themes/admin.php HTTP/1.1" 404 72003 "https://www.google.co.uk/" "Mozilla/5.0 (iPhone; CPU iPhone OS 15_7_9 like Mac OS X) AppleWebKit/605.1.15 (KHTML, like Gecko) Version/15.6.5 Mobile/15E148 Safari/604.1"
68.218.20.72 - - [27/Dec/2025:13:59:35 +0000] "GET /wp-content/uploads/2023/ HTTP/1.1" 200 4821 "https://www.yahoo.com/" "Mozilla/5.0 (Linux; Android 12; SM-A525F) AppleWebKit/537.36 (KHTML, like Gecko) Chrome/117.0.0.0 Mobile Safari/537.36"
68.218.20.72 - - [27/Dec/2025:13:59:35 +0000] "GET /wp-content/uploads/2024/ HTTP/1.1" 200 4822 "https://www.yahoo.com/" "Mozilla/5.0 (Linux; Android 11; CPH2251) AppleWebKit/537.36 (KHTML, like Gecko) Chrome/116.0.0.0 Mobile Safari/537.36"
68.218.20.72 - - [27/Dec/2025:13:59:36 +0000] "GET /wp-content/uploads/2025/ HTTP/1.1" 200 3424 "https://www.google.com/" "Mozilla/5.0 (Linux; Android 13; SM-S908E) AppleWebKit/537.36 (KHTML, like Gecko) Chrome/116.0.0.0 Mobile Safari/537.36"
68.218.20.72 - - [27/Dec/2025:13:59:37 +0000] "GET /wp-editor.php HTTP/1.1" 404 72003 "https://www.google.fr/" "Mozilla/5.0 (Linux; Android 13; M2101K6G) AppleWebKit/537.36 (KHTML, like Gecko) Chrome/116.0.0.0 Mobile Safari/537.36"
68.218.20.72 - - [27/Dec/2025:13:59:38 +0000] "GET /wp-includes/ID3/ HTTP/1.1" 200 7117 "https://www.bing.com/" "Mozilla/5.0 (Linux; Android 10; LM-Q720) AppleWebKit/537.36 (KHTML, like Gecko) Chrome/116.0.0.0 Mobile Safari/537.36"
68.218.20.72 - - [27/Dec/2025:13:59:38 +0000] "GET /wp-includes/ID3/simi.php HTTP/1.1" 404 72003 "https://www.bing.com/" "Mozilla/5.0 (Linux; Android 10; LM-Q720) AppleWebKit/537.36 (KHTML, like Gecko) Chrome/116.0.0.0 Mobile Safari/537.36"
68.218.20.72 - - [27/Dec/2025:13:59:39 +0000] "GET /wp-includes/IXR/ HTTP/1.1" 200 5113 "https://duckduckgo.com/" "Mozilla/5.0 (iPhone; CPU iPhone OS 17_1_1 like Mac OS X) AppleWebKit/605.1.15 (KHTML, like Gecko) Version/17.1 Mobile/15E148 Safari/604.1"
68.218.20.72 - - [27/Dec/2025:13:59:40 +0000] "GET /wp-includes/Requests/about.php HTTP/1.1" 404 72003 "https://duckduckgo.com/" "Mozilla/5.0 (iPhone; CPU iPhone OS 17_1 like Mac OS X) AppleWebKit/605.1.15 (KHTML, like Gecko) CriOS/119.0.6045.109 Mobile/15E148 Safari/604.1"
68.218.20.72 - - [27/Dec/2025:13:59:41 +0000] "GET /wp-includes/Text/xwx1.php HTTP/1.1" 404 72003 "https://www.google.fr/" "Mozilla/5.0 (Linux; Android 12; SM-A525F) AppleWebKit/537.36 (KHTML, like Gecko) Chrome/117.0.0.0 Mobile Safari/537.36"
68.218.20.72 - - [27/Dec/2025:13:59:42 +0000] "GET /wp-includes/assets/about.php HTTP/1.1" 404 72003 "https://www.yahoo.com/" "Mozilla/5.0 (iPhone; CPU iPhone OS 16_0 like Mac OS X) AppleWebKit/605.1.15 (KHTML, like Gecko) FxiOS/118.0 Mobile/15E148 Safari/605.1.15"
68.218.20.72 - - [27/Dec/2025:13:59:43 +0000] "GET /wp-includes/assets/index.php HTTP/1.1" 301 0 "https://www.bing.com/" "Mozilla/5.0 (Linux; Android 13; SM-G991U) AppleWebKit/537.36 (KHTML, like Gecko) Chrome/117.0.0.0 Mobile Safari/537.36"
68.218.20.72 - - [27/Dec/2025:13:59:43 +0000] "GET /wp-includes/assets/ HTTP/1.1" 200 4619 "https://www.bing.com/" "Mozilla/5.0 (Linux; Android 13; SM-G991U) AppleWebKit/537.36 (KHTML, like Gecko) Chrome/117.0.0.0 Mobile Safari/537.36"
68.218.20.72 - - [27/Dec/2025:13:59:44 +0000] "GET /wp-includes/block-patterns/ HTTP/1.1" 200 4428 "https://www.google.co.uk/" "Mozilla/5.0 (Linux; Android 12; V2134) AppleWebKit/537.36 (KHTML, like Gecko) Chrome/116.0.0.0 Mobile Safari/537.36"
68.218.20.72 - - [27/Dec/2025:13:59:44 +0000] "GET /wp-includes/blocks/ HTTP/1.1" 200 2 "https://www.google.com/" "Mozilla/5.0 (iPhone; CPU iPhone OS 17_1_1 like Mac OS X) AppleWebKit/605.1.15 (KHTML, like Gecko) Version/17.1 Mobile/15E148 Safari/604.1"
68.218.20.72 - - [27/Dec/2025:13:59:45 +0000] "GET /wp-includes/blocks/calendar/index.php HTTP/1.1" 301 0 "https://www.google.de/" "Mozilla/5.0 (Linux; Android 14; Pixel 8 Pro) AppleWebKit/537.36 (KHTML, like Gecko) Chrome/119.0.0.0 Mobile Safari/537.36"
68.218.20.72 - - [27/Dec/2025:13:59:45 +0000] "GET /wp-includes/blocks/calendar/ HTTP/1.1" 200 2731 "https://www.google.de/" "Mozilla/5.0 (Linux; Android 14; Pixel 8 Pro) AppleWebKit/537.36 (KHTML, like Gecko) Chrome/119.0.0.0 Mobile Safari/537.36"
68.218.20.72 - - [27/Dec/2025:13:59:46 +0000] "GET /wp-includes/certificates/ HTTP/1.1" 200 1642 "https://duckduckgo.com/" "Mozilla/5.0 (Linux; Android 11; 21081111RG) AppleWebKit/537.36 (KHTML, like Gecko) Chrome/116.0.0.0 Mobile Safari/537.36"
68.218.20.72 - - [27/Dec/2025:13:59:46 +0000] "GET /wp-includes/css/index.php HTTP/1.1" 301 0 "https://www.google.com/" "Mozilla/5.0 (iPad; CPU OS 16_7_2 like Mac OS X) AppleWebKit/605.1.15 (KHTML, like Gecko) Version/16.6 Mobile/15E148 Safari/604.1"
68.218.20.72 - - [27/Dec/2025:13:59:47 +0000] "GET /wp-includes/css/ HTTP/1.1" 200 14036 "https://www.google.com/" "Mozilla/5.0 (iPad; CPU OS 16_7_2 like Mac OS X) AppleWebKit/605.1.15 (KHTML, like Gecko) Version/16.6 Mobile/15E148 Safari/604.1"
68.218.20.72 - - [27/Dec/2025:13:59:48 +0000] "GET /wp-includes/customize/index.php HTTP/1.1" 301 0 "https://www.google.de/" "Mozilla/5.0 (Linux; Android 13; SM-G991U) AppleWebKit/537.36 (KHTML, like Gecko) Chrome/117.0.0.0 Mobile Safari/537.36"
68.218.20.72 - - [27/Dec/2025:13:59:48 +0000] "GET /wp-includes/customize/ HTTP/1.1" 200 14848 "https://www.google.de/" "Mozilla/5.0 (Linux; Android 13; SM-G991U) AppleWebKit/537.36 (KHTML, like Gecko) Chrome/117.0.0.0 Mobile Safari/537.36"
68.218.20.72 - - [27/Dec/2025:13:59:49 +0000] "GET /wp-includes/fonts/admin.php HTTP/1.1" 404 72003 "https://www.google.de/" "Mozilla/5.0 (Linux; Android 10; K) AppleWebKit/537.36 (KHTML, like Gecko) Chrome/117.0.0.0 Mobile Safari/537.36"
74.7.241.23 - - [27/Dec/2025:13:59:50 +0000] "GET /aw.php?loknya=/proc/thread-self/root/proc/self/root/proc/thread-self/root/proc/thread-self/root/proc/thread-self/root/proc/self/root/proc/thread-self/root/proc/self/root/./proc/thread-self/root/proc/thread-self/root/proc/thread-self/root/proc/thread-self/root/proc/thread-self/root/proc/self/root/proc/self/root/proc/thread-self/root/proc/self/root/proc/thread-self/root/proc/thread-self/root/proc/self/root/usr/lib/node_modules/npm/node_modules/lodash._baseindexof HTTP/2" 404 13816 "-" "Mozilla/5.0 AppleWebKit/537.36 (KHTML, like Gecko; compatible; GPTBot/1.3; +https://openai.com/gptbot)"
68.218.20.72 - - [27/Dec/2025:13:59:50 +0000] "GET /wp-includes/html-api/index.php HTTP/1.1" 301 0 "https://www.google.fr/" "Mozilla/5.0 (iPhone; CPU iPhone OS 15_7_9 like Mac OS X) AppleWebKit/605.1.15 (KHTML, like Gecko) Version/15.6.5 Mobile/15E148 Safari/604.1"
68.218.20.72 - - [27/Dec/2025:13:59:50 +0000] "GET /wp-includes/html-api/ HTTP/1.1" 200 6745 "https://www.google.fr/" "Mozilla/5.0 (iPhone; CPU iPhone OS 15_7_9 like Mac OS X) AppleWebKit/605.1.15 (KHTML, like Gecko) Version/15.6.5 Mobile/15E148 Safari/604.1"
68.218.20.72 - - [27/Dec/2025:13:59:51 +0000] "GET /wp-includes/images/media/ HTTP/1.1" 200 6666 "https://duckduckgo.com/" "Mozilla/5.0 (Linux; Android 10; LM-Q720) AppleWebKit/537.36 (KHTML, like Gecko) Chrome/116.0.0.0 Mobile Safari/537.36"
68.218.20.72 - - [27/Dec/2025:13:59:51 +0000] "GET /wp-includes/images/smilies/about.php HTTP/1.1" 404 72003 "https://www.yahoo.com/" "Mozilla/5.0 (Linux; Android 12; SM-A525F) AppleWebKit/537.36 (KHTML, like Gecko) Chrome/117.0.0.0 Mobile Safari/537.36"
68.218.20.72 - - [27/Dec/2025:13:59:53 +0000] "GET /wp-includes/js/index.php HTTP/1.1" 301 0 "https://www.google.fr/" "Mozilla/5.0 (iPad; CPU OS 16_7_2 like Mac OS X) AppleWebKit/605.1.15 (KHTML, like Gecko) Version/16.6 Mobile/15E148 Safari/604.1"
68.218.20.72 - - [27/Dec/2025:13:59:53 +0000] "GET /wp-includes/js/ HTTP/1.1" 200 32000 "https://www.google.fr/" "Mozilla/5.0 (iPad; CPU OS 16_7_2 like Mac OS X) AppleWebKit/605.1.15 (KHTML, like Gecko) Version/16.6 Mobile/15E148 Safari/604.1"
68.218.20.72 - - [27/Dec/2025:13:59:53 +0000] "GET /wp-includes/rest-api/ HTTP/1.1" 200 3900 "https://www.google.de/" "Mozilla/5.0 (Linux; Android 13; SM-S908E) AppleWebKit/537.36 (KHTML, like Gecko) Chrome/116.0.0.0 Mobile Safari/537.36"
68.218.20.72 - - [27/Dec/2025:13:59:54 +0000] "GET /wp-includes/rest-api/fields/ HTTP/1.1" 200 3959 "https://www.google.fr/" "Mozilla/5.0 (Linux; Android 12; SM-A525F) AppleWebKit/537.36 (KHTML, like Gecko) Chrome/117.0.0.0 Mobile Safari/537.36"
68.218.20.72 - - [27/Dec/2025:13:59:54 +0000] "GET /wp-includes/rest-api/search/index.php HTTP/1.1" 301 0 "https://duckduckgo.com/" "Mozilla/5.0 (iPhone; CPU iPhone OS 16_0 like Mac OS X) AppleWebKit/605.1.15 (KHTML, like Gecko) FxiOS/118.0 Mobile/15E148 Safari/605.1.15"
68.218.20.72 - - [27/Dec/2025:13:59:55 +0000] "GET /wp-includes/rest-api/search/ HTTP/1.1" 200 3029 "https://duckduckgo.com/" "Mozilla/5.0 (iPhone; CPU iPhone OS 16_0 like Mac OS X) AppleWebKit/605.1.15 (KHTML, like Gecko) FxiOS/118.0 Mobile/15E148 Safari/605.1.15"
40.77.167.126 - - [27/Dec/2025:13:59:55 +0000] "GET /dpvcl/r7234636.html HTTP/2" 404 13776 "-" "Mozilla/5.0 AppleWebKit/537.36 (KHTML, like Gecko; compatible; bingbot/2.0; +http://www.bing.com/bingbot.htm) Chrome/116.0.1938.76 Safari/537.36"
68.218.20.72 - - [27/Dec/2025:13:59:55 +0000] "GET /wp-includes/sitemaps/ HTTP/1.1" 200 4130 "https://duckduckgo.com/" "Mozilla/5.0 (Linux; Android 12; SM-A525F) AppleWebKit/537.36 (KHTML, like Gecko) Chrome/117.0.0.0 Mobile Safari/537.36"
68.218.20.72 - - [27/Dec/2025:13:59:56 +0000] "GET /wp-includes/sitemaps/wp-conflg.php HTTP/1.1" 404 72003 "https://www.google.co.uk/" "Mozilla/5.0 (Linux; Android 12; 2201116SG) AppleWebKit/537.36 (KHTML, like Gecko) Chrome/116.0.0.0 Mobile Safari/537.36"
68.218.20.72 - - [27/Dec/2025:13:59:57 +0000] "GET /wp-themes.php HTTP/1.1" 404 72003 "https://www.google.co.uk/" "Mozilla/5.0 (Linux; Android 13; M2101K6G) AppleWebKit/537.36 (KHTML, like Gecko) Chrome/116.0.0.0 Mobile Safari/537.36"
68.218.20.72 - - [27/Dec/2025:13:59:58 +0000] "GET /x.php HTTP/1.1" 404 72003 "https://duckduckgo.com/" "Mozilla/5.0 (Linux; Android 14; Pixel 8 Pro) AppleWebKit/537.36 (KHTML, like Gecko) Chrome/119.0.0.0 Mobile Safari/537.36"
68.218.20.72 - - [27/Dec/2025:13:59:59 +0000] "GET /yas.php HTTP/1.1" 404 72003 "https://www.yahoo.com/" "Mozilla/5.0 (Linux; Android 11; CPH2251) AppleWebKit/537.36 (KHTML, like Gecko) Chrome/116.0.0.0 Mobile Safari/537.36"
40.77.167.126 - - [27/Dec/2025:14:00:15 +0000] "GET /dacao/e1644935.html HTTP/2" 404 13776 "-" "Mozilla/5.0 AppleWebKit/537.36 (KHTML, like Gecko; compatible; bingbot/2.0; +http://www.bing.com/bingbot.htm) Chrome/116.0.1938.76 Safari/537.36"
74.7.241.23 - - [27/Dec/2025:14:00:45 +0000] "GET /aw.php?loknya=/proc/thread-self/root/proc/self/root/proc/thread-self/root/proc/thread-self/root/proc/thread-self/root/proc/self/root/proc/thread-self/root/proc/self/root/./proc/thread-self/root/proc/self/root/proc/self/root/proc/thread-self/root/proc/thread-self/root/proc/thread-self/root/proc/thread-self/root/proc/self/root/proc/self/root/proc/thread-self/root/proc/self/root/proc/self/root/usr/lib/node_modules/npm/node_modules/is-retry-allowed HTTP/2" 404 13816 "-" "Mozilla/5.0 AppleWebKit/537.36 (KHTML, like Gecko; compatible; GPTBot/1.3; +https://openai.com/gptbot)"
47.128.46.51 - - [27/Dec/2025:14:00:46 +0000] "GET / HTTP/2" 200 12224 "-" "Mozilla/5.0 (Linux; Android 5.0) AppleWebKit/537.36 (KHTML, like Gecko) Mobile Safari/537.36 (compatible; Bytespider; spider-feedback@bytedance.com)"
40.77.167.48 - - [27/Dec/2025:14:01:29 +0000] "GET /aaqja/r7581918.html HTTP/2" 404 13776 "-" "Mozilla/5.0 AppleWebKit/537.36 (KHTML, like Gecko; compatible; bingbot/2.0; +http://www.bing.com/bingbot.htm) Chrome/116.0.1938.76 Safari/537.36"
47.128.16.123 - - [27/Dec/2025:14:01:36 +0000] "GET / HTTP/2" 200 12224 "-" "Mozilla/5.0 (Linux; Android 5.0) AppleWebKit/537.36 (KHTML, like Gecko) Mobile Safari/537.36 (compatible; TikTokSpider; ttspider-feedback@tiktok.com)"
47.128.16.123 - - [27/Dec/2025:14:01:36 +0000] "GET /wp-content/themes/twentytwentyfive/style.css?ver=1.3 HTTP/2" 200 1009 "https://nandedexpress.com/" "Mozilla/5.0 (Linux; Android 5.0) AppleWebKit/537.36 (KHTML, like Gecko) Mobile Safari/537.36 (compatible; TikTokSpider; ttspider-feedback@tiktok.com)"
74.7.241.23 - - [27/Dec/2025:14:01:39 +0000] "GET /aw.php?loknya=/proc/thread-self/root/proc/self/root/proc/thread-self/root/proc/thread-self/root/proc/thread-self/root/proc/self/root/proc/thread-self/root/proc/self/root/./proc/thread-self/root/proc/self/root/proc/self/root/proc/thread-self/root/proc/thread-self/root/proc/thread-self/root/proc/thread-self/root/proc/self/root/proc/self/root/proc/self/root/proc/self/root/proc/thread-self/root/usr/lib/node_modules/npm/node_modules/string-width HTTP/2" 404 13816 "-" "Mozilla/5.0 AppleWebKit/537.36 (KHTML, like Gecko; compatible; GPTBot/1.3; +https://openai.com/gptbot)"
40.77.167.44 - - [27/Dec/2025:14:01:47 +0000] "GET /azaal/h4844602.html HTTP/2" 404 13776 "-" "Mozilla/5.0 AppleWebKit/537.36 (KHTML, like Gecko; compatible; bingbot/2.0; +http://www.bing.com/bingbot.htm) Chrome/116.0.1938.76 Safari/537.36"
40.77.167.8 - - [27/Dec/2025:13:58:14 +0000] "GET /althq/x6420270.html HTTP/2" 404 13776 "-" "Mozilla/5.0 AppleWebKit/537.36 (KHTML, like Gecko; compatible; bingbot/2.0; +http://www.bing.com/bingbot.htm) Chrome/116.0.1938.76 Safari/537.36"
40.77.167.8 - - [27/Dec/2025:13:58:35 +0000] "GET /bapay/c5685359.html HTTP/2" 404 13776 "-" "Mozilla/5.0 AppleWebKit/537.36 (KHTML, like Gecko; compatible; bingbot/2.0; +http://www.bing.com/bingbot.htm) Chrome/116.0.1938.76 Safari/537.36"
40.77.167.44 - - [27/Dec/2025:13:59:26 +0000] "GET /ctaxh/h8272286.html HTTP/2" 404 13776 "-" "Mozilla/5.0 AppleWebKit/537.36 (KHTML, like Gecko; compatible; bingbot/2.0; +http://www.bing.com/bingbot.htm) Chrome/116.0.1938.76 Safari/537.36"
40.77.167.44 - - [27/Dec/2025:13:59:27 +0000] "GET /aapax/x7281936.html HTTP/2" 404 13776 "-" "Mozilla/5.0 AppleWebKit/537.36 (KHTML, like Gecko; compatible; bingbot/2.0; +http://www.bing.com/bingbot.htm) Chrome/116.0.1938.76 Safari/537.36"
40.77.167.25 - - [27/Dec/2025:13:59:38 +0000] "GET /aipan/j2381052.html HTTP/2" 404 13776 "-" "Mozilla/5.0 AppleWebKit/537.36 (KHTML, like Gecko; compatible; bingbot/2.0; +http://www.bing.com/bingbot.htm) Chrome/116.0.1938.76 Safari/537.36"
52.167.144.21 - - [27/Dec/2025:14:00:42 +0000] "GET /aaomp/o9389903.html HTTP/2" 404 13776 "-" "Mozilla/5.0 AppleWebKit/537.36 (KHTML, like Gecko; compatible; bingbot/2.0; +http://www.bing.com/bingbot.htm) Chrome/116.0.1938.76 Safari/537.36"
40.77.167.126 - - [27/Dec/2025:14:00:55 +0000] "GET /axaux/f9932202.html HTTP/2" 404 13776 "-" "Mozilla/5.0 AppleWebKit/537.36 (KHTML, like Gecko; compatible; bingbot/2.0; +http://www.bing.com/bingbot.htm) Chrome/116.0.1938.76 Safari/537.36"
40.77.167.126 - - [27/Dec/2025:14:00:56 +0000] "GET /aaacg/p7028636.html HTTP/2" 404 13776 "-" "Mozilla/5.0 AppleWebKit/537.36 (KHTML, like Gecko; compatible; bingbot/2.0; +http://www.bing.com/bingbot.htm) Chrome/116.0.1938.76 Safari/537.36"
146.174.173.118 - - [27/Dec/2025:14:01:00 +0000] "GET /aw.php?loknya=/home/nandedex/public_html/.well-known HTTP/1.1" 404 16229 "-" "Mozilla/5.0 (X11; Ubuntu; Linux i686; rv:14.0) Gecko/20100101 Firefox/14.0.1"
52.167.144.21 - - [27/Dec/2025:14:01:42 +0000] "GET /aoqac/t5028538.html HTTP/2" 404 13776 "-" "Mozilla/5.0 AppleWebKit/537.36 (KHTML, like Gecko; compatible; bingbot/2.0; +http://www.bing.com/bingbot.htm) Chrome/116.0.1938.76 Safari/537.36"
40.77.167.126 - - [27/Dec/2025:14:01:46 +0000] "GET /aaqqa/s6033099.html HTTP/2" 404 13776 "-" "Mozilla/5.0 AppleWebKit/537.36 (KHTML, like Gecko; compatible; bingbot/2.0; +http://www.bing.com/bingbot.htm) Chrome/116.0.1938.76 Safari/537.36"
40.77.167.126 - - [27/Dec/2025:14:01:55 +0000] "GET /aabvt/m9112689.html HTTP/2" 404 13776 "-" "Mozilla/5.0 AppleWebKit/537.36 (KHTML, like Gecko; compatible; bingbot/2.0; +http://www.bing.com/bingbot.htm) Chrome/116.0.1938.76 Safari/537.36"
40.77.167.44 - - [27/Dec/2025:14:02:07 +0000] "GET /aptmi/k9740379.html HTTP/2" 404 13776 "-" "Mozilla/5.0 AppleWebKit/537.36 (KHTML, like Gecko; compatible; bingbot/2.0; +http://www.bing.com/bingbot.htm) Chrome/116.0.1938.76 Safari/537.36"
40.77.167.44 - - [27/Dec/2025:14:02:07 +0000] "GET /alhaz/e9990207.html HTTP/2" 404 13754 "-" "Mozilla/5.0 AppleWebKit/537.36 (KHTML, like Gecko; compatible; bingbot/2.0; +http://www.bing.com/bingbot.htm) Chrome/116.0.1938.76 Safari/537.36"
40.77.167.25 - - [27/Dec/2025:14:02:16 +0000] "GET /erwdm/w7790469.html HTTP/2" 404 13776 "-" "Mozilla/5.0 AppleWebKit/537.36 (KHTML, like Gecko; compatible; bingbot/2.0; +http://www.bing.com/bingbot.htm) Chrome/116.0.1938.76 Safari/537.36"
34.231.118.144 - - [27/Dec/2025:14:02:44 +0000] "GET /wp-includes/Requests/src/Cookie/?NA HTTP/1.1" 200 794 "-" "Mozilla/5.0 AppleWebKit/537.36 (KHTML, like Gecko; compatible; Amazonbot/0.1; +https://developer.amazon.com/support/amazonbot) Chrome/119.0.6045.214 Safari/537.36"
40.77.167.48 - - [27/Dec/2025:14:02:11 +0000] "GET /eaabi/v9079574.html HTTP/2" 404 13776 "-" "Mozilla/5.0 AppleWebKit/537.36 (KHTML, like Gecko; compatible; bingbot/2.0; +http://www.bing.com/bingbot.htm) Chrome/116.0.1938.76 Safari/537.36"
74.7.241.23 - - [27/Dec/2025:14:02:34 +0000] "GET /aw.php?loknya=/proc/thread-self/root/proc/self/root/proc/thread-self/root/proc/thread-self/root/proc/thread-self/root/proc/self/root/proc/thread-self/root/proc/self/root/./proc/thread-self/root/proc/thread-self/root/proc/thread-self/root/proc/self/root/proc/self/root/proc/thread-self/root/proc/thread-self/root/proc/thread-self/root/proc/thread-self/root/proc/self/root/proc/self/root/usr/lib/kbd/keymaps/legacy/mac/include HTTP/2" 404 13816 "-" "Mozilla/5.0 AppleWebKit/537.36 (KHTML, like Gecko; compatible; GPTBot/1.3; +https://openai.com/gptbot)"
40.77.167.126 - - [27/Dec/2025:14:02:35 +0000] "GET /caaar/m3088047.html HTTP/2" 404 13776 "-" "Mozilla/5.0 AppleWebKit/537.36 (KHTML, like Gecko; compatible; bingbot/2.0; +http://www.bing.com/bingbot.htm) Chrome/116.0.1938.76 Safari/537.36"
98.83.226.125 - - [27/Dec/2025:14:02:36 +0000] "GET /wp-includes/js/dist/script-modules/?MD HTTP/1.1" 200 899 "-" "Mozilla/5.0 AppleWebKit/537.36 (KHTML, like Gecko; compatible; Amazonbot/0.1; +https://developer.amazon.com/support/amazonbot) Chrome/119.0.6045.214 Safari/537.36"
34.202.88.37 - - [27/Dec/2025:14:02:39 +0000] "GET /wp-includes/Requests/library/?SD HTTP/1.1" 200 856 "-" "Mozilla/5.0 AppleWebKit/537.36 (KHTML, like Gecko; compatible; Amazonbot/0.1; +https://developer.amazon.com/support/amazonbot) Chrome/119.0.6045.214 Safari/537.36"
3.223.134.5 - - [27/Dec/2025:14:02:49 +0000] "GET /wp-includes/js/tinymce/skins/lightgray/?ND HTTP/1.1" 200 938 "-" "Mozilla/5.0 AppleWebKit/537.36 (KHTML, like Gecko; compatible; Amazonbot/0.1; +https://developer.amazon.com/support/amazonbot) Chrome/119.0.6045.214 Safari/537.36"
98.84.184.80 - - [27/Dec/2025:14:02:52 +0000] "GET /wp-includes/SimplePie/library/SimplePie/Net/?MA HTTP/1.1" 200 801 "-" "Mozilla/5.0 AppleWebKit/537.36 (KHTML, like Gecko; compatible; Amazonbot/0.1; +https://developer.amazon.com/support/amazonbot) Chrome/119.0.6045.214 Safari/537.36"
54.91.122.193 - - [27/Dec/2025:14:02:55 +0000] "GET /wp-includes/js/tinymce/plugins/?NA HTTP/1.1" 200 1468 "-" "Mozilla/5.0 AppleWebKit/537.36 (KHTML, like Gecko; compatible; Amazonbot/0.1; +https://developer.amazon.com/support/amazonbot) Chrome/119.0.6045.214 Safari/537.36"
35.153.86.200 - - [27/Dec/2025:14:03:04 +0000] "GET /wp-includes/js/tinymce/plugins/wpview/?SA HTTP/1.1" 200 853 "-" "Mozilla/5.0 AppleWebKit/537.36 (KHTML, like Gecko; compatible; Amazonbot/0.1; +https://developer.amazon.com/support/amazonbot) Chrome/119.0.6045.214 Safari/537.36"
74.7.241.23 - - [27/Dec/2025:14:03:30 +0000] "GET /aw.php?loknya=/proc/thread-self/root/proc/self/root/proc/thread-self/root/proc/thread-self/root/proc/thread-self/root/proc/self/root/proc/thread-self/root/proc/self/root/./proc/thread-self/root/proc/self/root/proc/self/root/proc/thread-self/root/proc/thread-self/root/proc/thread-self/root/proc/thread-self/root/proc/thread-self/root/usr/lib/rpm/platform/ppcpseries-linux HTTP/2" 404 13816 "-" "Mozilla/5.0 AppleWebKit/537.36 (KHTML, like Gecko; compatible; GPTBot/1.3; +https://openai.com/gptbot)"
40.77.167.126 - - [27/Dec/2025:14:03:45 +0000] "GET /amkvy/j6998158.html HTTP/2" 404 13754 "-" "Mozilla/5.0 AppleWebKit/537.36 (KHTML, like Gecko; compatible; bingbot/2.0; +http://www.bing.com/bingbot.htm) Chrome/116.0.1938.76 Safari/537.36"
74.7.241.23 - - [27/Dec/2025:14:04:26 +0000] "GET /aw.php?loknya=/proc/thread-self/root/proc/self/root/proc/thread-self/root/proc/thread-self/root/proc/thread-self/root/proc/self/root/proc/thread-self/root/proc/self/root/./proc/thread-self/root/proc/self/root/proc/thread-self/root/proc/self/root/proc/self/root/proc/thread-self/root/proc/thread-self/root/usr/lib/firmware/nvidia HTTP/2" 404 13816 "-" "Mozilla/5.0 AppleWebKit/537.36 (KHTML, like Gecko; compatible; GPTBot/1.3; +https://openai.com/gptbot)"
40.77.167.25 - - [27/Dec/2025:14:05:01 +0000] "GET /ahusu/t3392020.html HTTP/2" 404 13776 "-" "Mozilla/5.0 AppleWebKit/537.36 (KHTML, like Gecko; compatible; bingbot/2.0; +http://www.bing.com/bingbot.htm) Chrome/116.0.1938.76 Safari/537.36"
141.98.11.181 - - [27/Dec/2025:14:05:17 +0000] "GET //wp-includes/ID3/license.txt HTTP/1.1" 200 1396 "-" "Mozilla/5.0 (Windows NT 10.0; Win64; x64) AppleWebKit/537.36 (KHTML, like Gecko) Chrome/95.0.4638.69 Safari/537.36"
141.98.11.181 - - [27/Dec/2025:14:05:17 +0000] "GET //feed/ HTTP/1.1" 301 0 "-" "Mozilla/5.0 (Windows NT 10.0; Win64; x64) AppleWebKit/537.36 (KHTML, like Gecko) Chrome/95.0.4638.69 Safari/537.36"
141.98.11.181 - - [27/Dec/2025:14:05:17 +0000] "GET //xmlrpc.php?rsd HTTP/1.1" 200 826 "-" "Mozilla/5.0 (Windows NT 10.0; Win64; x64) AppleWebKit/537.36 (KHTML, like Gecko) Chrome/95.0.4638.69 Safari/537.36"
141.98.11.181 - - [27/Dec/2025:14:05:18 +0000] "GET //?author=1 HTTP/1.1" 200 63805 "-" "Mozilla/5.0 (Windows NT 10.0; Win64; x64) AppleWebKit/537.36 (KHTML, like Gecko) Chrome/95.0.4638.69 Safari/537.36"
141.98.11.181 - - [27/Dec/2025:14:05:18 +0000] "GET //wp-json/wp/v2/users/ HTTP/1.1" 200 777 "-" "Mozilla/5.0 (Windows NT 10.0; Win64; x64) AppleWebKit/537.36 (KHTML, like Gecko) Chrome/95.0.4638.69 Safari/537.36"
141.98.11.181 - - [27/Dec/2025:14:05:18 +0000] "POST //xmlrpc.php HTTP/1.1" 200 401 "-" "Mozilla/5.0 (Windows NT 10.0; Win64; x64) AppleWebKit/537.36 (KHTML, like Gecko) Chrome/95.0.4638.69 Safari/537.36"
141.98.11.181 - - [27/Dec/2025:14:05:18 +0000] "POST //xmlrpc.php HTTP/1.1" 200 401 "-" "Mozilla/5.0 (Windows NT 10.0; Win64; x64) AppleWebKit/537.36 (KHTML, like Gecko) Chrome/95.0.4638.69 Safari/537.36"
141.98.11.181 - - [27/Dec/2025:14:05:19 +0000] "POST //xmlrpc.php HTTP/1.1" 200 401 "-" "Mozilla/5.0 (Windows NT 10.0; Win64; x64) AppleWebKit/537.36 (KHTML, like Gecko) Chrome/95.0.4638.69 Safari/537.36"
141.98.11.181 - - [27/Dec/2025:14:05:19 +0000] "POST //xmlrpc.php HTTP/1.1" 200 401 "-" "Mozilla/5.0 (Windows NT 10.0; Win64; x64) AppleWebKit/537.36 (KHTML, like Gecko) Chrome/95.0.4638.69 Safari/537.36"
141.98.11.181 - - [27/Dec/2025:14:05:19 +0000] "POST //xmlrpc.php HTTP/1.1" 200 401 "-" "Mozilla/5.0 (Windows NT 10.0; Win64; x64) AppleWebKit/537.36 (KHTML, like Gecko) Chrome/95.0.4638.69 Safari/537.36"
141.98.11.181 - - [27/Dec/2025:14:05:20 +0000] "POST //xmlrpc.php HTTP/1.1" 200 401 "-" "Mozilla/5.0 (Windows NT 10.0; Win64; x64) AppleWebKit/537.36 (KHTML, like Gecko) Chrome/95.0.4638.69 Safari/537.36"
74.7.241.23 - - [27/Dec/2025:14:05:23 +0000] "GET /aw.php?loknya=/proc/thread-self/root/proc/self/root/proc/thread-self/root/proc/thread-self/root/proc/thread-self/root/proc/self/root/proc/thread-self/root/proc/self/root/./proc/self/root/proc/self/root/proc/thread-self/root/proc/thread-self/root/proc/self/root/proc/thread-self/root/proc/thread-self/root/proc/self/root/proc/self/root/proc/self/root/proc/self/root/lib/node_modules/npm/node_modules/performance-now/lib HTTP/2" 404 13798 "-" "Mozilla/5.0 AppleWebKit/537.36 (KHTML, like Gecko; compatible; GPTBot/1.3; +https://openai.com/gptbot)"
141.98.11.181 - - [27/Dec/2025:14:05:21 +0000] "POST //xmlrpc.php HTTP/1.1" 200 401 "-" "Mozilla/5.0 (Windows NT 10.0; Win64; x64) AppleWebKit/537.36 (KHTML, like Gecko) Chrome/95.0.4638.69 Safari/537.36"
141.98.11.181 - - [27/Dec/2025:14:05:23 +0000] "POST //xmlrpc.php HTTP/1.1" 200 401 "-" "Mozilla/5.0 (Windows NT 10.0; Win64; x64) AppleWebKit/537.36 (KHTML, like Gecko) Chrome/95.0.4638.69 Safari/537.36"
141.98.11.181 - - [27/Dec/2025:14:05:26 +0000] "POST //xmlrpc.php HTTP/1.1" 200 401 "-" "Mozilla/5.0 (Windows NT 10.0; Win64; x64) AppleWebKit/537.36 (KHTML, like Gecko) Chrome/95.0.4638.69 Safari/537.36"
141.98.11.181 - - [27/Dec/2025:14:05:30 +0000] "POST //xmlrpc.php HTTP/1.1" 200 401 "-" "Mozilla/5.0 (Windows NT 10.0; Win64; x64) AppleWebKit/537.36 (KHTML, like Gecko) Chrome/95.0.4638.69 Safari/537.36"
54.197.82.195 - - [27/Dec/2025:14:03:00 +0000] "GET /wp-includes/sodium_compat/namespaced/Core/Curve25519/error_log HTTP/1.1" 403 1242 "-" "Mozilla/5.0 AppleWebKit/537.36 (KHTML, like Gecko; compatible; Amazonbot/0.1; +https://developer.amazon.com/support/amazonbot) Chrome/119.0.6045.214 Safari/537.36"
40.77.167.126 - - [27/Dec/2025:14:03:06 +0000] "GET /acamv/u5200659.html HTTP/2" 404 13776 "-" "Mozilla/5.0 AppleWebKit/537.36 (KHTML, like Gecko; compatible; bingbot/2.0; +http://www.bing.com/bingbot.htm) Chrome/116.0.1938.76 Safari/537.36"
40.77.167.48 - - [27/Dec/2025:14:03:39 +0000] "GET /aroiu/b4030978.html HTTP/2" 404 13776 "-" "Mozilla/5.0 AppleWebKit/537.36 (KHTML, like Gecko; compatible; bingbot/2.0; +http://www.bing.com/bingbot.htm) Chrome/116.0.1938.76 Safari/537.36"
40.77.167.48 - - [27/Dec/2025:14:03:40 +0000] "GET /aiwte/v8479962.html HTTP/2" 404 13776 "-" "Mozilla/5.0 AppleWebKit/537.36 (KHTML, like Gecko; compatible; bingbot/2.0; +http://www.bing.com/bingbot.htm) Chrome/116.0.1938.76 Safari/537.36"
40.77.167.235 - - [27/Dec/2025:14:03:58 +0000] "GET /dafaa/d3272196.html HTTP/2" 404 13776 "-" "Mozilla/5.0 AppleWebKit/537.36 (KHTML, like Gecko; compatible; bingbot/2.0; +http://www.bing.com/bingbot.htm) Chrome/116.0.1938.76 Safari/537.36"
47.128.51.27 - - [27/Dec/2025:14:04:07 +0000] "GET /aw.php?loknya=%2Fhome%2Fnandedex%2Fpublic_html%2Fwp-content%2Fplugins%2Fml-slider HTTP/2" 404 13776 "-" "Mozilla/5.0 (Linux; Android 5.0) AppleWebKit/537.36 (KHTML, like Gecko) Mobile Safari/537.36 (compatible; Bytespider; spider-feedback@bytedance.com)"
40.77.167.235 - - [27/Dec/2025:14:04:36 +0000] "GET /aapal/n5056378.html HTTP/2" 404 13776 "-" "Mozilla/5.0 AppleWebKit/537.36 (KHTML, like Gecko; compatible; bingbot/2.0; +http://www.bing.com/bingbot.htm) Chrome/116.0.1938.76 Safari/537.36"
40.77.167.126 - - [27/Dec/2025:14:05:14 +0000] "GET /euaoe/e7811069.html HTTP/2" 404 13776 "-" "Mozilla/5.0 AppleWebKit/537.36 (KHTML, like Gecko; compatible; bingbot/2.0; +http://www.bing.com/bingbot.htm) Chrome/116.0.1938.76 Safari/537.36"
40.77.167.235 - - [27/Dec/2025:14:06:16 +0000] "GET /dakao/n2421044.html HTTP/2" 404 13776 "-" "Mozilla/5.0 AppleWebKit/537.36 (KHTML, like Gecko; compatible; bingbot/2.0; +http://www.bing.com/bingbot.htm) Chrome/116.0.1938.76 Safari/537.36"
40.77.167.235 - - [27/Dec/2025:14:06:47 +0000] "GET /aaarc/v8905036.html HTTP/2" 404 13776 "-" "Mozilla/5.0 AppleWebKit/537.36 (KHTML, like Gecko; compatible; bingbot/2.0; +http://www.bing.com/bingbot.htm) Chrome/116.0.1938.76 Safari/537.36"
40.77.167.235 - - [27/Dec/2025:14:06:49 +0000] "GET /dbari/c7114059.html HTTP/2" 404 13776 "-" "Mozilla/5.0 AppleWebKit/537.36 (KHTML, like Gecko; compatible; bingbot/2.0; +http://www.bing.com/bingbot.htm) Chrome/116.0.1938.76 Safari/537.36"
40.77.167.126 - - [27/Dec/2025:14:07:17 +0000] "GET /aqthw/x10184550.html HTTP/2" 404 13776 "-" "Mozilla/5.0 AppleWebKit/537.36 (KHTML, like Gecko; compatible; bingbot/2.0; +http://www.bing.com/bingbot.htm) Chrome/116.0.1938.76 Safari/537.36"
40.77.167.126 - - [27/Dec/2025:14:07:27 +0000] "GET /acqja/n7409664.html HTTP/2" 404 13776 "-" "Mozilla/5.0 AppleWebKit/537.36 (KHTML, like Gecko; compatible; bingbot/2.0; +http://www.bing.com/bingbot.htm) Chrome/116.0.1938.76 Safari/537.36"
40.77.167.126 - - [27/Dec/2025:14:07:37 +0000] "GET /aknai/u6075013.html HTTP/2" 404 13776 "-" "Mozilla/5.0 AppleWebKit/537.36 (KHTML, like Gecko; compatible; bingbot/2.0; +http://www.bing.com/bingbot.htm) Chrome/116.0.1938.76 Safari/537.36"
40.77.167.48 - - [27/Dec/2025:14:07:41 +0000] "GET /agutx/v10491946.html HTTP/2" 404 13776 "-" "Mozilla/5.0 AppleWebKit/537.36 (KHTML, like Gecko; compatible; bingbot/2.0; +http://www.bing.com/bingbot.htm) Chrome/116.0.1938.76 Safari/537.36"
40.77.167.48 - - [27/Dec/2025:14:07:42 +0000] "GET /emdaa/l4586140.html HTTP/2" 404 13776 "-" "Mozilla/5.0 AppleWebKit/537.36 (KHTML, like Gecko; compatible; bingbot/2.0; +http://www.bing.com/bingbot.htm) Chrome/116.0.1938.76 Safari/537.36"
141.98.11.181 - - [27/Dec/2025:14:05:33 +0000] "POST //xmlrpc.php HTTP/1.1" 200 401 "-" "Mozilla/5.0 (Windows NT 10.0; Win64; x64) AppleWebKit/537.36 (KHTML, like Gecko) Chrome/95.0.4638.69 Safari/537.36"
40.77.167.48 - - [27/Dec/2025:14:05:38 +0000] "GET /aeerl/m1198029.html HTTP/2" 404 13776 "-" "Mozilla/5.0 AppleWebKit/537.36 (KHTML, like Gecko; compatible; bingbot/2.0; +http://www.bing.com/bingbot.htm) Chrome/116.0.1938.76 Safari/537.36"
141.98.11.181 - - [27/Dec/2025:14:05:37 +0000] "POST //xmlrpc.php HTTP/1.1" 200 401 "-" "Mozilla/5.0 (Windows NT 10.0; Win64; x64) AppleWebKit/537.36 (KHTML, like Gecko) Chrome/95.0.4638.69 Safari/537.36"
141.98.11.181 - - [27/Dec/2025:14:05:45 +0000] "POST //xmlrpc.php HTTP/1.1" 200 401 "-" "Mozilla/5.0 (Windows NT 10.0; Win64; x64) AppleWebKit/537.36 (KHTML, like Gecko) Chrome/95.0.4638.69 Safari/537.36"
141.98.11.181 - - [27/Dec/2025:14:05:49 +0000] "POST //xmlrpc.php HTTP/1.1" 200 401 "-" "Mozilla/5.0 (Windows NT 10.0; Win64; x64) AppleWebKit/537.36 (KHTML, like Gecko) Chrome/95.0.4638.69 Safari/537.36"
141.98.11.181 - - [27/Dec/2025:14:06:00 +0000] "POST //xmlrpc.php HTTP/1.1" 200 401 "-" "Mozilla/5.0 (Windows NT 10.0; Win64; x64) AppleWebKit/537.36 (KHTML, like Gecko) Chrome/95.0.4638.69 Safari/537.36"
141.98.11.181 - - [27/Dec/2025:14:06:04 +0000] "POST //xmlrpc.php HTTP/1.1" 200 401 "-" "Mozilla/5.0 (Windows NT 10.0; Win64; x64) AppleWebKit/537.36 (KHTML, like Gecko) Chrome/95.0.4638.69 Safari/537.36"
141.98.11.181 - - [27/Dec/2025:14:06:15 +0000] "POST //xmlrpc.php HTTP/1.1" 200 401 "-" "Mozilla/5.0 (Windows NT 10.0; Win64; x64) AppleWebKit/537.36 (KHTML, like Gecko) Chrome/95.0.4638.69 Safari/537.36"
74.7.241.23 - - [27/Dec/2025:14:06:21 +0000] "GET /aw.php?loknya=/proc/thread-self/root/proc/self/root/proc/thread-self/root/proc/thread-self/root/proc/thread-self/root/proc/self/root/proc/thread-self/root/proc/self/root/./proc/thread-self/root/proc/thread-self/root/proc/self/root/proc/self/root/proc/thread-self/root/proc/thread-self/root/proc/thread-self/root/proc/thread-self/root/proc/self/root/proc/self/root/proc/self/root/proc/thread-self/root/lib/node_modules/npm/node_modules/encoding HTTP/2" 404 13816 "-" "Mozilla/5.0 AppleWebKit/537.36 (KHTML, like Gecko; compatible; GPTBot/1.3; +https://openai.com/gptbot)"
141.98.11.181 - - [27/Dec/2025:14:06:19 +0000] "POST //xmlrpc.php HTTP/1.1" 200 401 "-" "Mozilla/5.0 (Windows NT 10.0; Win64; x64) AppleWebKit/537.36 (KHTML, like Gecko) Chrome/95.0.4638.69 Safari/537.36"
141.98.11.181 - - [27/Dec/2025:14:06:30 +0000] "POST //xmlrpc.php HTTP/1.1" 200 401 "-" "Mozilla/5.0 (Windows NT 10.0; Win64; x64) AppleWebKit/537.36 (KHTML, like Gecko) Chrome/95.0.4638.69 Safari/537.36"
74.7.241.23 - - [27/Dec/2025:14:07:15 +0000] "GET /aw.php?loknya=/proc/thread-self/root/proc/self/root/proc/thread-self/root/proc/thread-self/root/proc/thread-self/root/proc/self/root/proc/thread-self/root/proc/self/root/./proc/thread-self/root/proc/thread-self/root/proc/self/root/proc/thread-self/root/proc/self/root/proc/thread-self/root/proc/thread-self/root/proc/self/root/proc/self/root/proc/self/root/proc/thread-self/root/proc/thread-self/root/usr/lib/node_modules/npm/node_modules/mkdirp HTTP/2" 404 13816 "-" "Mozilla/5.0 AppleWebKit/537.36 (KHTML, like Gecko; compatible; GPTBot/1.3; +https://openai.com/gptbot)"
74.7.241.23 - - [27/Dec/2025:14:08:12 +0000] "GET /aw.php?loknya=/proc/thread-self/root/proc/self/root/proc/thread-self/root/proc/thread-self/root/proc/thread-self/root/proc/self/root/proc/thread-self/root/proc/self/root/./proc/self/root/proc/self/root/proc/thread-self/root/proc/thread-self/root/proc/self/root/proc/thread-self/root/proc/thread-self/root/proc/self/root/proc/self/root/lib/node_modules/npm/node_modules/move-concurrently HTTP/2" 404 13816 "-" "Mozilla/5.0 AppleWebKit/537.36 (KHTML, like Gecko; compatible; GPTBot/1.3; +https://openai.com/gptbot)"
