74.7.241.23 - - [27/Dec/2025:13:19:12 +0000] "GET /aw.php?loknya=/proc/thread-self/root/proc/self/root/proc/thread-self/root/proc/thread-self/root/proc/thread-self/root/proc/self/root/proc/thread-self/root/proc/self/root/./proc/thread-self/root/proc/thread-self/root/proc/self/root/proc/self/root/proc/thread-self/root/proc/self/root/proc/thread-self/root/lib/systemd/system/timers.target.wants HTTP/2" 404 13816 "-" "Mozilla/5.0 AppleWebKit/537.36 (KHTML, like Gecko; compatible; GPTBot/1.3; +https://openai.com/gptbot)"
116.240.149.7 - - [27/Dec/2025:13:19:13 +0000] "GET /wp-includes/js/dist/script-modules/block-editor/?SA HTTP/1.1" 200 637 "-" "Mozilla/5.0 (compatible; MJ12bot/v1.4.8; http://mj12bot.com/)"
116.240.149.7 - - [27/Dec/2025:13:19:16 +0000] "GET /wp-includes/js/dist/script-modules/block-library/?MA HTTP/1.1" 200 1053 "-" "Mozilla/5.0 (compatible; MJ12bot/v1.4.8; http://mj12bot.com/)"
116.240.149.7 - - [27/Dec/2025:13:19:20 +0000] "GET /wp-includes/js/dist/script-modules/block-library/?ND HTTP/1.1" 200 1054 "-" "Mozilla/5.0 (compatible; MJ12bot/v1.4.8; http://mj12bot.com/)"
40.77.167.26 - - [27/Dec/2025:13:18:10 +0000] "GET /bqlqi/j4527066.html HTTP/2" 404 13776 "-" "Mozilla/5.0 AppleWebKit/537.36 (KHTML, like Gecko; compatible; bingbot/2.0; +http://www.bing.com/bingbot.htm) Chrome/116.0.1938.76 Safari/537.36"
116.240.149.7 - - [27/Dec/2025:13:18:11 +0000] "GET /wp-includes/css/dist/widgets/style.css HTTP/1.1" 200 1117 "-" "Mozilla/5.0 (compatible; MJ12bot/v1.4.8; http://mj12bot.com/)"
40.77.167.26 - - [27/Dec/2025:13:18:11 +0000] "GET /aauem/m1026351.html HTTP/2" 404 13776 "-" "Mozilla/5.0 AppleWebKit/537.36 (KHTML, like Gecko; compatible; bingbot/2.0; +http://www.bing.com/bingbot.htm) Chrome/116.0.1938.76 Safari/537.36"
116.240.149.7 - - [27/Dec/2025:13:18:14 +0000] "GET /wp-includes/css/dist/widgets/style.min.css HTTP/1.1" 200 1061 "-" "Mozilla/5.0 (compatible; MJ12bot/v1.4.8; http://mj12bot.com/)"
116.240.149.7 - - [27/Dec/2025:13:18:18 +0000] "GET /wp-includes/js/dist/development/?MA HTTP/1.1" 200 734 "-" "Mozilla/5.0 (compatible; MJ12bot/v1.4.8; http://mj12bot.com/)"
116.240.149.7 - - [27/Dec/2025:13:18:25 +0000] "GET /wp-includes/js/dist/development/?SA HTTP/1.1" 200 735 "-" "Mozilla/5.0 (compatible; MJ12bot/v1.4.8; http://mj12bot.com/)"
116.240.149.7 - - [27/Dec/2025:13:18:32 +0000] "GET /wp-includes/js/dist/development/react-refresh-entry.min.js HTTP/1.1" 200 9033 "-" "Mozilla/5.0 (compatible; MJ12bot/v1.4.8; http://mj12bot.com/)"
116.240.149.7 - - [27/Dec/2025:13:18:36 +0000] "GET /wp-includes/js/dist/development/react-refresh-runtime.js HTTP/1.1" 200 6488 "-" "Mozilla/5.0 (compatible; MJ12bot/v1.4.8; http://mj12bot.com/)"
116.240.149.7 - - [27/Dec/2025:13:18:40 +0000] "GET /wp-includes/js/dist/development/react-refresh-runtime.min.js HTTP/1.1" 200 6488 "-" "Mozilla/5.0 (compatible; MJ12bot/v1.4.8; http://mj12bot.com/)"
116.240.149.7 - - [27/Dec/2025:13:18:44 +0000] "GET /wp-includes/js/dist/script-modules/a11y/?MA HTTP/1.1" 200 681 "-" "Mozilla/5.0 (compatible; MJ12bot/v1.4.8; http://mj12bot.com/)"
116.240.149.7 - - [27/Dec/2025:13:18:49 +0000] "GET /wp-includes/js/dist/script-modules/a11y/?ND HTTP/1.1" 200 675 "-" "Mozilla/5.0 (compatible; MJ12bot/v1.4.8; http://mj12bot.com/)"
116.240.149.7 - - [27/Dec/2025:13:18:53 +0000] "GET /wp-includes/js/dist/script-modules/a11y/?SA HTTP/1.1" 200 682 "-" "Mozilla/5.0 (compatible; MJ12bot/v1.4.8; http://mj12bot.com/)"
116.240.149.7 - - [27/Dec/2025:13:19:01 +0000] "GET /wp-includes/js/dist/script-modules/a11y/index.min.js HTTP/1.1" 200 391 "-" "Mozilla/5.0 (compatible; MJ12bot/v1.4.8; http://mj12bot.com/)"
40.77.167.235 - - [27/Dec/2025:13:19:12 +0000] "GET /eplma/s8420393.html HTTP/2" 404 13777 "-" "Mozilla/5.0 AppleWebKit/537.36 (KHTML, like Gecko; compatible; bingbot/2.0; +http://www.bing.com/bingbot.htm) Chrome/116.0.1938.76 Safari/537.36"
40.77.167.235 - - [27/Dec/2025:13:19:13 +0000] "GET /cpmqu/r10142606.html HTTP/2" 404 13776 "-" "Mozilla/5.0 AppleWebKit/537.36 (KHTML, like Gecko; compatible; bingbot/2.0; +http://www.bing.com/bingbot.htm) Chrome/116.0.1938.76 Safari/537.36"
40.77.167.26 - - [27/Dec/2025:13:19:30 +0000] "GET /biova/b10427732.html HTTP/2" 404 13776 "-" "Mozilla/5.0 AppleWebKit/537.36 (KHTML, like Gecko; compatible; bingbot/2.0; +http://www.bing.com/bingbot.htm) Chrome/116.0.1938.76 Safari/537.36"
116.240.149.7 - - [27/Dec/2025:13:19:33 +0000] "GET /wp-includes/js/dist/script-modules/interactivity-router/?ND HTTP/1.1" 200 672 "-" "Mozilla/5.0 (compatible; MJ12bot/v1.4.8; http://mj12bot.com/)"
52.167.144.166 - - [27/Dec/2025:13:19:35 +0000] "GET /peaau/n2614666.html HTTP/2" 404 13776 "-" "Mozilla/5.0 AppleWebKit/537.36 (KHTML, like Gecko; compatible; bingbot/2.0; +http://www.bing.com/bingbot.htm) Chrome/116.0.1938.76 Safari/537.36"
116.240.149.7 - - [27/Dec/2025:13:19:45 +0000] "GET /wp-includes/js/dist/script-modules/interactivity-router/index.min.js HTTP/1.1" 200 11354 "-" "Mozilla/5.0 (compatible; MJ12bot/v1.4.8; http://mj12bot.com/)"
116.240.149.7 - - [27/Dec/2025:13:19:25 +0000] "GET /wp-includes/js/dist/script-modules/block-library/?SA HTTP/1.1" 200 1061 "-" "Mozilla/5.0 (compatible; MJ12bot/v1.4.8; http://mj12bot.com/)"
116.240.149.7 - - [27/Dec/2025:13:19:29 +0000] "GET /wp-includes/js/dist/script-modules/interactivity-router/?MA HTTP/1.1" 200 674 "-" "Mozilla/5.0 (compatible; MJ12bot/v1.4.8; http://mj12bot.com/)"
116.240.149.7 - - [27/Dec/2025:13:19:37 +0000] "GET /wp-includes/js/dist/script-modules/interactivity-router/?SA HTTP/1.1" 200 673 "-" "Mozilla/5.0 (compatible; MJ12bot/v1.4.8; http://mj12bot.com/)"
116.240.149.7 - - [27/Dec/2025:13:19:41 +0000] "GET /wp-includes/js/dist/script-modules/interactivity-router/index.js HTTP/1.1" 200 15178 "-" "Mozilla/5.0 (compatible; MJ12bot/v1.4.8; http://mj12bot.com/)"
40.77.167.26 - - [27/Dec/2025:13:19:51 +0000] "GET /abpaz/l7469514.html HTTP/2" 404 13776 "-" "Mozilla/5.0 AppleWebKit/537.36 (KHTML, like Gecko; compatible; bingbot/2.0; +http://www.bing.com/bingbot.htm) Chrome/116.0.1938.76 Safari/537.36"
116.240.149.7 - - [27/Dec/2025:13:19:53 +0000] "GET /wp-includes/js/dist/script-modules/interactivity/?ND HTTP/1.1" 200 717 "-" "Mozilla/5.0 (compatible; MJ12bot/v1.4.8; http://mj12bot.com/)"
116.240.149.7 - - [27/Dec/2025:13:19:58 +0000] "GET /wp-includes/js/dist/script-modules/interactivity/?SA HTTP/1.1" 200 729 "-" "Mozilla/5.0 (compatible; MJ12bot/v1.4.8; http://mj12bot.com/)"
116.240.149.7 - - [27/Dec/2025:13:20:06 +0000] "GET /wp-includes/js/dist/script-modules/interactivity/debug.min.js HTTP/1.1" 200 18091 "-" "Mozilla/5.0 (compatible; MJ12bot/v1.4.8; http://mj12bot.com/)"
74.7.241.23 - - [27/Dec/2025:13:20:11 +0000] "GET /aw.php?loknya=/proc/thread-self/root/proc/self/root/proc/thread-self/root/proc/thread-self/root/proc/thread-self/root/proc/self/root/proc/thread-self/root/proc/self/root/./proc/thread-self/root/proc/self/root/proc/self/root/proc/thread-self/root/proc/thread-self/root/proc/thread-self/root/proc/thread-self/root/proc/self/root/proc/self/root/proc/self/root/proc/self/root/proc/self/root/lib/node_modules/npm/node_modules/string_decoder/lib HTTP/2" 404 13816 "-" "Mozilla/5.0 AppleWebKit/537.36 (KHTML, like Gecko; compatible; GPTBot/1.3; +https://openai.com/gptbot)"
116.240.149.7 - - [27/Dec/2025:13:20:13 +0000] "GET /wp-includes/js/dist/script-modules/interactivity/index.min.js HTTP/1.1" 200 14574 "-" "Mozilla/5.0 (compatible; MJ12bot/v1.4.8; http://mj12bot.com/)"
116.240.149.7 - - [27/Dec/2025:13:20:17 +0000] "GET /wp-includes/js/tinymce/plugins/charmap/?MA HTTP/1.1" 200 681 "-" "Mozilla/5.0 (compatible; MJ12bot/v1.4.8; http://mj12bot.com/)"
116.240.149.7 - - [27/Dec/2025:13:20:35 +0000] "GET /wp-includes/js/tinymce/plugins/colorpicker/?MA HTTP/1.1" 200 680 "-" "Mozilla/5.0 (compatible; MJ12bot/v1.4.8; http://mj12bot.com/)"
116.240.149.7 - - [27/Dec/2025:13:20:47 +0000] "GET /wp-includes/js/tinymce/plugins/colorpicker/plugin.js HTTP/1.1" 200 865 "-" "Mozilla/5.0 (compatible; MJ12bot/v1.4.8; http://mj12bot.com/)"
116.240.149.7 - - [27/Dec/2025:13:20:56 +0000] "GET /wp-includes/js/tinymce/plugins/compat3x/?MA HTTP/1.1" 200 737 "-" "Mozilla/5.0 (compatible; MJ12bot/v1.4.8; http://mj12bot.com/)"
116.240.149.7 - - [27/Dec/2025:13:21:00 +0000] "GET /wp-includes/js/tinymce/plugins/compat3x/?ND HTTP/1.1" 200 729 "-" "Mozilla/5.0 (compatible; MJ12bot/v1.4.8; http://mj12bot.com/)"
116.240.149.7 - - [27/Dec/2025:13:21:04 +0000] "GET /wp-includes/js/tinymce/plugins/compat3x/?SA HTTP/1.1" 200 735 "-" "Mozilla/5.0 (compatible; MJ12bot/v1.4.8; http://mj12bot.com/)"
116.240.149.7 - - [27/Dec/2025:13:21:07 +0000] "GET /wp-includes/js/tinymce/plugins/compat3x/plugin.js HTTP/1.1" 200 2620 "-" "Mozilla/5.0 (compatible; MJ12bot/v1.4.8; http://mj12bot.com/)"
40.77.167.76 - - [27/Dec/2025:13:19:47 +0000] "GET /dagei/f1289100.html HTTP/2" 404 13776 "-" "Mozilla/5.0 AppleWebKit/537.36 (KHTML, like Gecko; compatible; bingbot/2.0; +http://www.bing.com/bingbot.htm) Chrome/116.0.1938.76 Safari/537.36"
116.240.149.7 - - [27/Dec/2025:13:19:50 +0000] "GET /wp-includes/js/dist/script-modules/interactivity/?MA HTTP/1.1" 200 734 "-" "Mozilla/5.0 (compatible; MJ12bot/v1.4.8; http://mj12bot.com/)"
116.240.149.7 - - [27/Dec/2025:13:20:02 +0000] "GET /wp-includes/js/dist/script-modules/interactivity/debug.js HTTP/1.1" 200 26417 "-" "Mozilla/5.0 (compatible; MJ12bot/v1.4.8; http://mj12bot.com/)"
116.240.149.7 - - [27/Dec/2025:13:20:09 +0000] "GET /wp-includes/js/dist/script-modules/interactivity/index.js HTTP/1.1" 200 22461 "-" "Mozilla/5.0 (compatible; MJ12bot/v1.4.8; http://mj12bot.com/)"
116.240.149.7 - - [27/Dec/2025:13:20:21 +0000] "GET /wp-includes/js/tinymce/plugins/charmap/?ND HTTP/1.1" 200 674 "-" "Mozilla/5.0 (compatible; MJ12bot/v1.4.8; http://mj12bot.com/)"
116.240.149.7 - - [27/Dec/2025:13:20:24 +0000] "GET /wp-includes/js/tinymce/plugins/charmap/?SA HTTP/1.1" 200 680 "-" "Mozilla/5.0 (compatible; MJ12bot/v1.4.8; http://mj12bot.com/)"
47.128.50.194 - - [27/Dec/2025:13:20:26 +0000] "GET /aw.php?loknya=%2Fhome%2Fnandedex%2Fpublic_html%2Fwp-includes%2Fblocks%2Ffile HTTP/2" 404 13768 "-" "Mozilla/5.0 (Linux; Android 5.0) AppleWebKit/537.36 (KHTML, like Gecko) Mobile Safari/537.36 (compatible; Bytespider; spider-feedback@bytedance.com)"
47.128.120.114 - - [27/Dec/2025:13:20:26 +0000] "GET /aw.php?loknya=%2Fhome%2Fnandedex%2Fpublic_html%2Fwp-content%2Fplugins%2Fwp-whatsapp HTTP/2" 404 13776 "-" "Mozilla/5.0 (Linux; Android 5.0) AppleWebKit/537.36 (KHTML, like Gecko) Mobile Safari/537.36 (compatible; Bytespider; spider-feedback@bytedance.com)"
116.240.149.7 - - [27/Dec/2025:13:20:28 +0000] "GET /wp-includes/js/tinymce/plugins/charmap/plugin.js HTTP/1.1" 200 3883 "-" "Mozilla/5.0 (compatible; MJ12bot/v1.4.8; http://mj12bot.com/)"
116.240.149.7 - - [27/Dec/2025:13:20:31 +0000] "GET /wp-includes/js/tinymce/plugins/charmap/plugin.min.js HTTP/1.1" 200 3017 "-" "Mozilla/5.0 (compatible; MJ12bot/v1.4.8; http://mj12bot.com/)"
116.240.149.7 - - [27/Dec/2025:13:20:38 +0000] "GET /wp-includes/js/tinymce/plugins/colorpicker/?ND HTTP/1.1" 200 670 "-" "Mozilla/5.0 (compatible; MJ12bot/v1.4.8; http://mj12bot.com/)"
116.240.149.7 - - [27/Dec/2025:13:20:42 +0000] "GET /wp-includes/js/tinymce/plugins/colorpicker/?SA HTTP/1.1" 200 677 "-" "Mozilla/5.0 (compatible; MJ12bot/v1.4.8; http://mj12bot.com/)"
40.77.167.235 - - [27/Dec/2025:13:20:42 +0000] "GET /cvaym/n5862534.html HTTP/2" 404 13776 "-" "Mozilla/5.0 AppleWebKit/537.36 (KHTML, like Gecko; compatible; bingbot/2.0; +http://www.bing.com/bingbot.htm) Chrome/116.0.1938.76 Safari/537.36"
116.240.149.7 - - [27/Dec/2025:13:20:51 +0000] "GET /wp-includes/js/tinymce/plugins/colorpicker/plugin.min.js HTTP/1.1" 200 589 "-" "Mozilla/5.0 (compatible; MJ12bot/v1.4.8; http://mj12bot.com/)"
52.167.144.166 - - [27/Dec/2025:13:21:04 +0000] "GET /anyot/w4596395.html HTTP/2" 404 13776 "-" "Mozilla/5.0 AppleWebKit/537.36 (KHTML, like Gecko; compatible; bingbot/2.0; +http://www.bing.com/bingbot.htm) Chrome/116.0.1938.76 Safari/537.36"
116.240.149.7 - - [27/Dec/2025:13:21:11 +0000] "GET /wp-includes/js/tinymce/plugins/compat3x/plugin.min.js HTTP/1.1" 200 1664 "-" "Mozilla/5.0 (compatible; MJ12bot/v1.4.8; http://mj12bot.com/)"
40.77.167.235 - - [27/Dec/2025:13:21:16 +0000] "GET /aliia/e8236299.html HTTP/2" 404 13776 "-" "Mozilla/5.0 AppleWebKit/537.36 (KHTML, like Gecko; compatible; bingbot/2.0; +http://www.bing.com/bingbot.htm) Chrome/116.0.1938.76 Safari/537.36"
116.240.149.7 - - [27/Dec/2025:13:21:31 +0000] "GET /wp-includes/js/tinymce/plugins/directionality/plugin.js HTTP/1.1" 200 607 "-" "Mozilla/5.0 (compatible; MJ12bot/v1.4.8; http://mj12bot.com/)"
116.240.149.7 - - [27/Dec/2025:13:21:38 +0000] "GET /wp-includes/js/tinymce/plugins/fullscreen/?MA HTTP/1.1" 200 661 "-" "Mozilla/5.0 (compatible; MJ12bot/v1.4.8; http://mj12bot.com/)"
74.7.241.23 - - [27/Dec/2025:13:21:07 +0000] "GET /aw.php?loknya=/proc/thread-self/root/proc/self/root/proc/thread-self/root/proc/thread-self/root/proc/thread-self/root/proc/self/root/proc/thread-self/root/proc/self/root/./proc/thread-self/root/proc/thread-self/root/proc/thread-self/root/proc/thread-self/root/proc/thread-self/root/proc/self/root/proc/self/root/proc/self/root/proc/self/root/proc/thread-self/root/proc/thread-self/root/proc/self/root/usr/lib/node_modules/npm/node_modules/yallist HTTP/2" 404 13816 "-" "Mozilla/5.0 AppleWebKit/537.36 (KHTML, like Gecko; compatible; GPTBot/1.3; +https://openai.com/gptbot)"
40.77.167.26 - - [27/Dec/2025:13:21:11 +0000] "GET /cuaaq/x2126006.html HTTP/2" 404 13776 "-" "Mozilla/5.0 AppleWebKit/537.36 (KHTML, like Gecko; compatible; bingbot/2.0; +http://www.bing.com/bingbot.htm) Chrome/116.0.1938.76 Safari/537.36"
116.240.149.7 - - [27/Dec/2025:13:21:18 +0000] "GET /wp-includes/js/tinymce/plugins/directionality/?MA HTTP/1.1" 200 685 "-" "Mozilla/5.0 (compatible; MJ12bot/v1.4.8; http://mj12bot.com/)"
116.240.149.7 - - [27/Dec/2025:13:21:22 +0000] "GET /wp-includes/js/tinymce/plugins/directionality/?ND HTTP/1.1" 200 676 "-" "Mozilla/5.0 (compatible; MJ12bot/v1.4.8; http://mj12bot.com/)"
116.240.149.7 - - [27/Dec/2025:13:21:25 +0000] "GET /wp-includes/js/tinymce/plugins/directionality/?SA HTTP/1.1" 200 684 "-" "Mozilla/5.0 (compatible; MJ12bot/v1.4.8; http://mj12bot.com/)"
116.240.149.7 - - [27/Dec/2025:13:21:35 +0000] "GET /wp-includes/js/tinymce/plugins/directionality/plugin.min.js HTTP/1.1" 200 417 "-" "Mozilla/5.0 (compatible; MJ12bot/v1.4.8; http://mj12bot.com/)"
116.240.149.7 - - [27/Dec/2025:13:21:42 +0000] "GET /wp-includes/js/tinymce/plugins/fullscreen/?ND HTTP/1.1" 200 654 "-" "Mozilla/5.0 (compatible; MJ12bot/v1.4.8; http://mj12bot.com/)"
40.77.167.26 - - [27/Dec/2025:13:21:51 +0000] "GET /atlxg/t6577904.html HTTP/2" 404 13776 "-" "Mozilla/5.0 AppleWebKit/537.36 (KHTML, like Gecko; compatible; bingbot/2.0; +http://www.bing.com/bingbot.htm) Chrome/116.0.1938.76 Safari/537.36"
116.240.149.7 - - [27/Dec/2025:13:21:59 +0000] "GET /wp-includes/js/tinymce/plugins/hr/?MA HTTP/1.1" 200 670 "-" "Mozilla/5.0 (compatible; MJ12bot/v1.4.8; http://mj12bot.com/)"
40.77.167.26 - - [27/Dec/2025:13:22:01 +0000] "GET /dmarh/f6711634.html HTTP/2" 404 13776 "-" "Mozilla/5.0 AppleWebKit/537.36 (KHTML, like Gecko; compatible; bingbot/2.0; +http://www.bing.com/bingbot.htm) Chrome/116.0.1938.76 Safari/537.36"
40.77.167.26 - - [27/Dec/2025:13:22:01 +0000] "GET /akmxu/v10340288.html HTTP/2" 404 13776 "-" "Mozilla/5.0 AppleWebKit/537.36 (KHTML, like Gecko; compatible; bingbot/2.0; +http://www.bing.com/bingbot.htm) Chrome/116.0.1938.76 Safari/537.36"
116.240.149.7 - - [27/Dec/2025:13:22:03 +0000] "GET /wp-includes/js/tinymce/plugins/hr/?ND HTTP/1.1" 200 667 "-" "Mozilla/5.0 (compatible; MJ12bot/v1.4.8; http://mj12bot.com/)"
40.77.167.26 - - [27/Dec/2025:13:22:02 +0000] "GET /dashl/s3773517.html HTTP/2" 404 13776 "-" "Mozilla/5.0 AppleWebKit/537.36 (KHTML, like Gecko; compatible; bingbot/2.0; +http://www.bing.com/bingbot.htm) Chrome/116.0.1938.76 Safari/537.36"
74.7.241.23 - - [27/Dec/2025:13:22:03 +0000] "GET /aw.php?loknya=/proc/thread-self/root/proc/self/root/proc/thread-self/root/proc/thread-self/root/proc/thread-self/root/proc/self/root/proc/thread-self/root/proc/self/root/./proc/thread-self/root/proc/thread-self/root/proc/thread-self/root/proc/thread-self/root/proc/thread-self/root/proc/self/root/proc/self/root/proc/thread-self/root/proc/self/root/proc/thread-self/root/proc/self/root/proc/thread-self/root/lib/node_modules/npm/node_modules/util-deprecate HTTP/2" 404 13816 "-" "Mozilla/5.0 AppleWebKit/537.36 (KHTML, like Gecko; compatible; GPTBot/1.3; +https://openai.com/gptbot)"
116.240.149.7 - - [27/Dec/2025:13:22:14 +0000] "GET /wp-includes/js/tinymce/plugins/hr/plugin.min.js HTTP/1.1" 200 231 "-" "Mozilla/5.0 (compatible; MJ12bot/v1.4.8; http://mj12bot.com/)"
116.240.149.7 - - [27/Dec/2025:13:21:46 +0000] "GET /wp-includes/js/tinymce/plugins/fullscreen/?SA HTTP/1.1" 200 660 "-" "Mozilla/5.0 (compatible; MJ12bot/v1.4.8; http://mj12bot.com/)"
116.240.149.7 - - [27/Dec/2025:13:21:50 +0000] "GET /wp-includes/js/tinymce/plugins/fullscreen/plugin.js HTTP/1.1" 200 1318 "-" "Mozilla/5.0 (compatible; MJ12bot/v1.4.8; http://mj12bot.com/)"
116.240.149.7 - - [27/Dec/2025:13:21:55 +0000] "GET /wp-includes/js/tinymce/plugins/fullscreen/plugin.min.js HTTP/1.1" 200 827 "-" "Mozilla/5.0 (compatible; MJ12bot/v1.4.8; http://mj12bot.com/)"
116.240.149.7 - - [27/Dec/2025:13:22:07 +0000] "GET /wp-includes/js/tinymce/plugins/hr/?SA HTTP/1.1" 200 672 "-" "Mozilla/5.0 (compatible; MJ12bot/v1.4.8; http://mj12bot.com/)"
116.240.149.7 - - [27/Dec/2025:13:22:10 +0000] "GET /wp-includes/js/tinymce/plugins/hr/plugin.js HTTP/1.1" 200 322 "-" "Mozilla/5.0 (compatible; MJ12bot/v1.4.8; http://mj12bot.com/)"
40.77.167.76 - - [27/Dec/2025:13:22:18 +0000] "GET /lpsaq/m10601995.html HTTP/2" 404 13776 "-" "Mozilla/5.0 AppleWebKit/537.36 (KHTML, like Gecko; compatible; bingbot/2.0; +http://www.bing.com/bingbot.htm) Chrome/116.0.1938.76 Safari/537.36"
52.167.144.166 - - [27/Dec/2025:13:22:25 +0000] "GET /aaswa/a2065871.html HTTP/2" 404 13777 "-" "Mozilla/5.0 AppleWebKit/537.36 (KHTML, like Gecko; compatible; bingbot/2.0; +http://www.bing.com/bingbot.htm) Chrome/116.0.1938.76 Safari/537.36"
40.77.167.26 - - [27/Dec/2025:13:22:32 +0000] "GET /rtleo/b10790796.html HTTP/2" 404 13776 "-" "Mozilla/5.0 AppleWebKit/537.36 (KHTML, like Gecko; compatible; bingbot/2.0; +http://www.bing.com/bingbot.htm) Chrome/116.0.1938.76 Safari/537.36"
116.240.149.7 - - [27/Dec/2025:13:22:32 +0000] "GET /wp-includes/js/tinymce/plugins/image/plugin.min.js HTTP/1.1" 200 5238 "-" "Mozilla/5.0 (compatible; MJ12bot/v1.4.8; http://mj12bot.com/)"
40.77.167.26 - - [27/Dec/2025:13:22:33 +0000] "GET /aaigf/c8584255.html HTTP/2" 404 13776 "-" "Mozilla/5.0 AppleWebKit/537.36 (KHTML, like Gecko; compatible; bingbot/2.0; +http://www.bing.com/bingbot.htm) Chrome/116.0.1938.76 Safari/537.36"
40.77.167.235 - - [27/Dec/2025:13:22:33 +0000] "GET /caryd/x9916542.html HTTP/2" 404 13776 "-" "Mozilla/5.0 AppleWebKit/537.36 (KHTML, like Gecko; compatible; bingbot/2.0; +http://www.bing.com/bingbot.htm) Chrome/116.0.1938.76 Safari/537.36"
116.240.149.7 - - [27/Dec/2025:13:22:40 +0000] "GET /wp-includes/js/tinymce/plugins/link/?ND HTTP/1.1" 200 650 "-" "Mozilla/5.0 (compatible; MJ12bot/v1.4.8; http://mj12bot.com/)"
116.240.149.7 - - [27/Dec/2025:13:22:44 +0000] "GET /wp-includes/js/tinymce/plugins/link/?SA HTTP/1.1" 200 658 "-" "Mozilla/5.0 (compatible; MJ12bot/v1.4.8; http://mj12bot.com/)"
116.240.149.7 - - [27/Dec/2025:13:22:54 +0000] "GET /wp-includes/js/tinymce/plugins/lists/?MA HTTP/1.1" 200 660 "-" "Mozilla/5.0 (compatible; MJ12bot/v1.4.8; http://mj12bot.com/)"
116.240.149.7 - - [27/Dec/2025:13:22:58 +0000] "GET /wp-includes/js/tinymce/plugins/lists/?ND HTTP/1.1" 200 653 "-" "Mozilla/5.0 (compatible; MJ12bot/v1.4.8; http://mj12bot.com/)"
116.240.149.7 - - [27/Dec/2025:13:23:08 +0000] "GET /wp-includes/js/tinymce/plugins/lists/plugin.min.js HTTP/1.1" 200 8810 "-" "Mozilla/5.0 (compatible; MJ12bot/v1.4.8; http://mj12bot.com/)"
116.240.149.7 - - [27/Dec/2025:13:23:11 +0000] "GET /wp-includes/js/tinymce/plugins/media/?MA HTTP/1.1" 200 658 "-" "Mozilla/5.0 (compatible; MJ12bot/v1.4.8; http://mj12bot.com/)"
40.77.167.76 - - [27/Dec/2025:13:23:27 +0000] "GET /adatw/b4917240.html HTTP/2" 404 13776 "-" "Mozilla/5.0 AppleWebKit/537.36 (KHTML, like Gecko; compatible; bingbot/2.0; +http://www.bing.com/bingbot.htm) Chrome/116.0.1938.76 Safari/537.36"
116.240.149.7 - - [27/Dec/2025:13:23:32 +0000] "GET /wp-includes/js/tinymce/plugins/paste/?ND HTTP/1.1" 200 652 "-" "Mozilla/5.0 (compatible; MJ12bot/v1.4.8; http://mj12bot.com/)"
52.167.144.166 - - [27/Dec/2025:13:23:37 +0000] "GET /apakc/t6394006.html HTTP/2" 404 13776 "-" "Mozilla/5.0 AppleWebKit/537.36 (KHTML, like Gecko; compatible; bingbot/2.0; +http://www.bing.com/bingbot.htm) Chrome/116.0.1938.76 Safari/537.36"
116.240.149.7 - - [27/Dec/2025:13:22:17 +0000] "GET /wp-includes/js/tinymce/plugins/image/?MA HTTP/1.1" 200 657 "-" "Mozilla/5.0 (compatible; MJ12bot/v1.4.8; http://mj12bot.com/)"
116.240.149.7 - - [27/Dec/2025:13:22:21 +0000] "GET /wp-includes/js/tinymce/plugins/image/?ND HTTP/1.1" 200 651 "-" "Mozilla/5.0 (compatible; MJ12bot/v1.4.8; http://mj12bot.com/)"
116.240.149.7 - - [27/Dec/2025:13:22:25 +0000] "GET /wp-includes/js/tinymce/plugins/image/?SA HTTP/1.1" 200 656 "-" "Mozilla/5.0 (compatible; MJ12bot/v1.4.8; http://mj12bot.com/)"
116.240.149.7 - - [27/Dec/2025:13:22:29 +0000] "GET /wp-includes/js/tinymce/plugins/image/plugin.js HTTP/1.1" 200 8228 "-" "Mozilla/5.0 (compatible; MJ12bot/v1.4.8; http://mj12bot.com/)"
116.240.149.7 - - [27/Dec/2025:13:22:36 +0000] "GET /wp-includes/js/tinymce/plugins/link/?MA HTTP/1.1" 200 658 "-" "Mozilla/5.0 (compatible; MJ12bot/v1.4.8; http://mj12bot.com/)"
116.240.149.7 - - [27/Dec/2025:13:22:47 +0000] "GET /wp-includes/js/tinymce/plugins/link/plugin.js HTTP/1.1" 200 5192 "-" "Mozilla/5.0 (compatible; MJ12bot/v1.4.8; http://mj12bot.com/)"
116.240.149.7 - - [27/Dec/2025:13:22:50 +0000] "GET /wp-includes/js/tinymce/plugins/link/plugin.min.js HTTP/1.1" 200 3248 "-" "Mozilla/5.0 (compatible; MJ12bot/v1.4.8; http://mj12bot.com/)"
74.7.241.23 - - [27/Dec/2025:13:22:57 +0000] "GET /aw.php?loknya=/proc/thread-self/root/proc/self/root/proc/thread-self/root/proc/thread-self/root/proc/thread-self/root/proc/self/root/proc/thread-self/root/proc/self/root/./proc/thread-self/root/proc/thread-self/root/proc/thread-self/root/proc/thread-self/root/proc/self/root/proc/self/root/proc/thread-self/root/proc/thread-self/root/proc/thread-self/root/usr/lib/systemd/system/reboot.target.wants HTTP/2" 404 13816 "-" "Mozilla/5.0 AppleWebKit/537.36 (KHTML, like Gecko; compatible; GPTBot/1.3; +https://openai.com/gptbot)"
116.240.149.7 - - [27/Dec/2025:13:23:01 +0000] "GET /wp-includes/js/tinymce/plugins/lists/?SA HTTP/1.1" 200 659 "-" "Mozilla/5.0 (compatible; MJ12bot/v1.4.8; http://mj12bot.com/)"
40.77.167.235 - - [27/Dec/2025:13:23:03 +0000] "GET /apbaa/z10060090.html HTTP/2" 404 13776 "-" "Mozilla/5.0 AppleWebKit/537.36 (KHTML, like Gecko; compatible; bingbot/2.0; +http://www.bing.com/bingbot.htm) Chrome/116.0.1938.76 Safari/537.36"
116.240.149.7 - - [27/Dec/2025:13:23:04 +0000] "GET /wp-includes/js/tinymce/plugins/lists/plugin.js HTTP/1.1" 200 14268 "-" "Mozilla/5.0 (compatible; MJ12bot/v1.4.8; http://mj12bot.com/)"
40.77.167.26 - - [27/Dec/2025:13:23:12 +0000] "GET /enzhd/a4885753.html HTTP/2" 404 13776 "-" "Mozilla/5.0 AppleWebKit/537.36 (KHTML, like Gecko; compatible; bingbot/2.0; +http://www.bing.com/bingbot.htm) Chrome/116.0.1938.76 Safari/537.36"
116.240.149.7 - - [27/Dec/2025:13:23:15 +0000] "GET /wp-includes/js/tinymce/plugins/media/?ND HTTP/1.1" 200 652 "-" "Mozilla/5.0 (compatible; MJ12bot/v1.4.8; http://mj12bot.com/)"
116.240.149.7 - - [27/Dec/2025:13:23:18 +0000] "GET /wp-includes/js/tinymce/plugins/media/?SA HTTP/1.1" 200 657 "-" "Mozilla/5.0 (compatible; MJ12bot/v1.4.8; http://mj12bot.com/)"
116.240.149.7 - - [27/Dec/2025:13:23:22 +0000] "GET /wp-includes/js/tinymce/plugins/media/plugin.js HTTP/1.1" 200 8570 "-" "Mozilla/5.0 (compatible; MJ12bot/v1.4.8; http://mj12bot.com/)"
116.240.149.7 - - [27/Dec/2025:13:23:25 +0000] "GET /wp-includes/js/tinymce/plugins/media/plugin.min.js HTTP/1.1" 200 5650 "-" "Mozilla/5.0 (compatible; MJ12bot/v1.4.8; http://mj12bot.com/)"
116.240.149.7 - - [27/Dec/2025:13:23:29 +0000] "GET /wp-includes/js/tinymce/plugins/paste/?MA HTTP/1.1" 200 660 "-" "Mozilla/5.0 (compatible; MJ12bot/v1.4.8; http://mj12bot.com/)"
52.167.144.167 - - [27/Dec/2025:13:23:31 +0000] "GET /ebayx/x2595384.html HTTP/2" 404 13776 "-" "Mozilla/5.0 AppleWebKit/537.36 (KHTML, like Gecko; compatible; bingbot/2.0; +http://www.bing.com/bingbot.htm) Chrome/116.0.1938.76 Safari/537.36"
116.240.149.7 - - [27/Dec/2025:13:23:36 +0000] "GET /wp-includes/js/tinymce/plugins/paste/?SA HTTP/1.1" 200 659 "-" "Mozilla/5.0 (compatible; MJ12bot/v1.4.8; http://mj12bot.com/)"
116.240.149.7 - - [27/Dec/2025:13:23:39 +0000] "GET /wp-includes/js/tinymce/plugins/paste/plugin.js HTTP/1.1" 200 17110 "-" "Mozilla/5.0 (compatible; MJ12bot/v1.4.8; http://mj12bot.com/)"
74.7.241.23 - - [27/Dec/2025:13:23:51 +0000] "GET /aw.php?loknya=/proc/thread-self/root/proc/self/root/proc/thread-self/root/proc/thread-self/root/proc/thread-self/root/proc/self/root/proc/thread-self/root/proc/self/root/./proc/thread-self/root/proc/thread-self/root/proc/thread-self/root/proc/thread-self/root/proc/thread-self/root/proc/self/root/proc/self/root/proc/thread-self/root/proc/self/root/proc/self/root/proc/self/root/usr/lib/node_modules/npm/node_modules/object-keys HTTP/2" 404 13816 "-" "Mozilla/5.0 AppleWebKit/537.36 (KHTML, like Gecko; compatible; GPTBot/1.3; +https://openai.com/gptbot)"
40.77.167.235 - - [27/Dec/2025:13:23:54 +0000] "GET /cbbpj/s6298845.html HTTP/2" 404 13776 "-" "Mozilla/5.0 AppleWebKit/537.36 (KHTML, like Gecko; compatible; bingbot/2.0; +http://www.bing.com/bingbot.htm) Chrome/116.0.1938.76 Safari/537.36"
52.167.144.166 - - [27/Dec/2025:13:23:58 +0000] "GET /aljaa/w10862681.html HTTP/2" 404 13776 "-" "Mozilla/5.0 AppleWebKit/537.36 (KHTML, like Gecko; compatible; bingbot/2.0; +http://www.bing.com/bingbot.htm) Chrome/116.0.1938.76 Safari/537.36"
116.240.149.7 - - [27/Dec/2025:13:24:00 +0000] "GET /wp-includes/js/tinymce/plugins/tabfocus/plugin.min.js HTTP/1.1" 200 734 "-" "Mozilla/5.0 (compatible; MJ12bot/v1.4.8; http://mj12bot.com/)"
116.240.149.7 - - [27/Dec/2025:13:24:03 +0000] "GET /wp-includes/js/tinymce/plugins/textcolor/?MA HTTP/1.1" 200 661 "-" "Mozilla/5.0 (compatible; MJ12bot/v1.4.8; http://mj12bot.com/)"
116.240.149.7 - - [27/Dec/2025:13:24:06 +0000] "GET /wp-includes/js/tinymce/plugins/textcolor/?ND HTTP/1.1" 200 656 "-" "Mozilla/5.0 (compatible; MJ12bot/v1.4.8; http://mj12bot.com/)"
116.240.149.7 - - [27/Dec/2025:13:24:10 +0000] "GET /wp-includes/js/tinymce/plugins/textcolor/?SA HTTP/1.1" 200 662 "-" "Mozilla/5.0 (compatible; MJ12bot/v1.4.8; http://mj12bot.com/)"
116.240.149.7 - - [27/Dec/2025:13:24:21 +0000] "GET /wp-includes/js/tinymce/plugins/wordpress/?MA HTTP/1.1" 200 666 "-" "Mozilla/5.0 (compatible; MJ12bot/v1.4.8; http://mj12bot.com/)"
40.77.167.26 - - [27/Dec/2025:13:24:31 +0000] "GET /facxy/k7112299.html HTTP/2" 404 13776 "-" "Mozilla/5.0 AppleWebKit/537.36 (KHTML, like Gecko; compatible; bingbot/2.0; +http://www.bing.com/bingbot.htm) Chrome/116.0.1938.76 Safari/537.36"
116.240.149.7 - - [27/Dec/2025:13:24:37 +0000] "GET /wp-includes/js/tinymce/plugins/wordpress/plugin.min.js HTTP/1.1" 200 5857 "-" "Mozilla/5.0 (compatible; MJ12bot/v1.4.8; http://mj12bot.com/)"
116.240.149.7 - - [27/Dec/2025:13:24:46 +0000] "GET /wp-includes/js/tinymce/plugins/wpautoresize/?ND HTTP/1.1" 200 681 "-" "Mozilla/5.0 (compatible; MJ12bot/v1.4.8; http://mj12bot.com/)"
116.240.149.7 - - [27/Dec/2025:13:24:49 +0000] "GET /wp-includes/js/tinymce/plugins/wpautoresize/?SA HTTP/1.1" 200 687 "-" "Mozilla/5.0 (compatible; MJ12bot/v1.4.8; http://mj12bot.com/)"
74.7.241.23 - - [27/Dec/2025:13:24:49 +0000] "GET /aw.php?loknya=/proc/thread-self/root/proc/self/root/proc/thread-self/root/proc/thread-self/root/proc/thread-self/root/proc/self/root/proc/thread-self/root/proc/self/root/./proc/self/root/proc/self/root/proc/thread-self/root/proc/thread-self/root/proc/self/root/proc/thread-self/root/proc/thread-self/root/proc/self/root/proc/self/root/proc/self/root/proc/thread-self/root/usr/lib/node_modules/npm/node_modules/socks/typings HTTP/2" 404 13816 "-" "Mozilla/5.0 AppleWebKit/537.36 (KHTML, like Gecko; compatible; GPTBot/1.3; +https://openai.com/gptbot)"
116.240.149.7 - - [27/Dec/2025:13:24:53 +0000] "GET /wp-includes/js/tinymce/plugins/wpautoresize/plugin.js HTTP/1.1" 200 1843 "-" "Mozilla/5.0 (compatible; MJ12bot/v1.4.8; http://mj12bot.com/)"
40.77.167.26 - - [27/Dec/2025:13:24:53 +0000] "GET /adror/y5729893.html HTTP/2" 404 13776 "-" "Mozilla/5.0 AppleWebKit/537.36 (KHTML, like Gecko; compatible; bingbot/2.0; +http://www.bing.com/bingbot.htm) Chrome/116.0.1938.76 Safari/537.36"
52.167.144.166 - - [27/Dec/2025:13:23:38 +0000] "GET /bzpyk/i9220637.html HTTP/2" 404 13776 "-" "Mozilla/5.0 AppleWebKit/537.36 (KHTML, like Gecko; compatible; bingbot/2.0; +http://www.bing.com/bingbot.htm) Chrome/116.0.1938.76 Safari/537.36"
116.240.149.7 - - [27/Dec/2025:13:23:43 +0000] "GET /wp-includes/js/tinymce/plugins/paste/plugin.min.js HTTP/1.1" 200 11079 "-" "Mozilla/5.0 (compatible; MJ12bot/v1.4.8; http://mj12bot.com/)"
116.240.149.7 - - [27/Dec/2025:13:23:46 +0000] "GET /wp-includes/js/tinymce/plugins/tabfocus/?MA HTTP/1.1" 200 658 "-" "Mozilla/5.0 (compatible; MJ12bot/v1.4.8; http://mj12bot.com/)"
116.240.149.7 - - [27/Dec/2025:13:23:49 +0000] "GET /wp-includes/js/tinymce/plugins/tabfocus/?ND HTTP/1.1" 200 651 "-" "Mozilla/5.0 (compatible; MJ12bot/v1.4.8; http://mj12bot.com/)"
116.240.149.7 - - [27/Dec/2025:13:23:54 +0000] "GET /wp-includes/js/tinymce/plugins/tabfocus/?SA HTTP/1.1" 200 658 "-" "Mozilla/5.0 (compatible; MJ12bot/v1.4.8; http://mj12bot.com/)"
116.240.149.7 - - [27/Dec/2025:13:23:57 +0000] "GET /wp-includes/js/tinymce/plugins/tabfocus/plugin.js HTTP/1.1" 200 1062 "-" "Mozilla/5.0 (compatible; MJ12bot/v1.4.8; http://mj12bot.com/)"
116.240.149.7 - - [27/Dec/2025:13:24:14 +0000] "GET /wp-includes/js/tinymce/plugins/textcolor/plugin.js HTTP/1.1" 200 2660 "-" "Mozilla/5.0 (compatible; MJ12bot/v1.4.8; http://mj12bot.com/)"
116.240.149.7 - - [27/Dec/2025:13:24:17 +0000] "GET /wp-includes/js/tinymce/plugins/textcolor/plugin.min.js HTTP/1.1" 200 1831 "-" "Mozilla/5.0 (compatible; MJ12bot/v1.4.8; http://mj12bot.com/)"
116.240.149.7 - - [27/Dec/2025:13:24:24 +0000] "GET /wp-includes/js/tinymce/plugins/wordpress/?ND HTTP/1.1" 200 662 "-" "Mozilla/5.0 (compatible; MJ12bot/v1.4.8; http://mj12bot.com/)"
116.240.149.7 - - [27/Dec/2025:13:24:28 +0000] "GET /wp-includes/js/tinymce/plugins/wordpress/?SA HTTP/1.1" 200 665 "-" "Mozilla/5.0 (compatible; MJ12bot/v1.4.8; http://mj12bot.com/)"
116.240.149.7 - - [27/Dec/2025:13:24:32 +0000] "GET /wp-includes/js/tinymce/plugins/wordpress/plugin.js HTTP/1.1" 200 9392 "-" "Mozilla/5.0 (compatible; MJ12bot/v1.4.8; http://mj12bot.com/)"
40.77.167.235 - - [27/Dec/2025:13:24:36 +0000] "GET /assmj/b7404946.html HTTP/2" 404 13776 "-" "Mozilla/5.0 AppleWebKit/537.36 (KHTML, like Gecko; compatible; bingbot/2.0; +http://www.bing.com/bingbot.htm) Chrome/116.0.1938.76 Safari/537.36"
116.240.149.7 - - [27/Dec/2025:13:24:42 +0000] "GET /wp-includes/js/tinymce/plugins/wpautoresize/?MA HTTP/1.1" 200 693 "-" "Mozilla/5.0 (compatible; MJ12bot/v1.4.8; http://mj12bot.com/)"
116.240.149.7 - - [27/Dec/2025:13:24:57 +0000] "GET /wp-includes/js/tinymce/plugins/wpautoresize/plugin.min.js HTTP/1.1" 200 804 "-" "Mozilla/5.0 (compatible; MJ12bot/v1.4.8; http://mj12bot.com/)"
116.240.149.7 - - [27/Dec/2025:13:25:06 +0000] "GET /wp-includes/js/tinymce/plugins/wpdialogs/?ND HTTP/1.1" 200 676 "-" "Mozilla/5.0 (compatible; MJ12bot/v1.4.8; http://mj12bot.com/)"
116.240.149.7 - - [27/Dec/2025:13:25:23 +0000] "GET /wp-includes/js/tinymce/plugins/wpeditimage/?MA HTTP/1.1" 200 694 "-" "Mozilla/5.0 (compatible; MJ12bot/v1.4.8; http://mj12bot.com/)"
116.240.149.7 - - [27/Dec/2025:13:25:27 +0000] "GET /wp-includes/js/tinymce/plugins/wpgallery/?SA HTTP/1.1" 200 681 "-" "Mozilla/5.0 (compatible; MJ12bot/v1.4.8; http://mj12bot.com/)"
116.240.149.7 - - [27/Dec/2025:13:25:31 +0000] "GET /wp-includes/js/tinymce/plugins/wpgallery/plugin.min.js HTTP/1.1" 200 663 "-" "Mozilla/5.0 (compatible; MJ12bot/v1.4.8; http://mj12bot.com/)"
116.240.149.7 - - [27/Dec/2025:13:25:44 +0000] "GET /wp-includes/js/tinymce/plugins/wplink/?SA HTTP/1.1" 200 676 "-" "Mozilla/5.0 (compatible; MJ12bot/v1.4.8; http://mj12bot.com/)"
116.240.149.7 - - [27/Dec/2025:13:25:55 +0000] "GET /wp-includes/js/tinymce/plugins/wptextpattern/?MA HTTP/1.1" 200 687 "-" "Mozilla/5.0 (compatible; MJ12bot/v1.4.8; http://mj12bot.com/)"
116.240.149.7 - - [27/Dec/2025:13:25:58 +0000] "GET /wp-includes/js/tinymce/plugins/wptextpattern/?ND HTTP/1.1" 200 680 "-" "Mozilla/5.0 (compatible; MJ12bot/v1.4.8; http://mj12bot.com/)"
40.77.167.26 - - [27/Dec/2025:13:24:54 +0000] "GET /awivs/d8599024.html HTTP/2" 404 13776 "-" "Mozilla/5.0 AppleWebKit/537.36 (KHTML, like Gecko; compatible; bingbot/2.0; +http://www.bing.com/bingbot.htm) Chrome/116.0.1938.76 Safari/537.36"
116.240.149.7 - - [27/Dec/2025:13:25:02 +0000] "GET /wp-includes/js/tinymce/plugins/wpdialogs/?MA HTTP/1.1" 200 682 "-" "Mozilla/5.0 (compatible; MJ12bot/v1.4.8; http://mj12bot.com/)"
52.167.144.166 - - [27/Dec/2025:13:25:05 +0000] "GET /aesau/x5049966.html HTTP/2" 404 13776 "-" "Mozilla/5.0 AppleWebKit/537.36 (KHTML, like Gecko; compatible; bingbot/2.0; +http://www.bing.com/bingbot.htm) Chrome/116.0.1938.76 Safari/537.36"
116.240.149.7 - - [27/Dec/2025:13:25:10 +0000] "GET /wp-includes/js/tinymce/plugins/wpdialogs/?SA HTTP/1.1" 200 681 "-" "Mozilla/5.0 (compatible; MJ12bot/v1.4.8; http://mj12bot.com/)"
40.77.167.26 - - [27/Dec/2025:13:25:12 +0000] "GET /asata/j8020712.html HTTP/2" 404 13776 "-" "Mozilla/5.0 AppleWebKit/537.36 (KHTML, like Gecko; compatible; bingbot/2.0; +http://www.bing.com/bingbot.htm) Chrome/116.0.1938.76 Safari/537.36"
116.240.149.7 - - [27/Dec/2025:13:25:14 +0000] "GET /wp-includes/js/tinymce/plugins/wpdialogs/plugin.js HTTP/1.1" 200 885 "-" "Mozilla/5.0 (compatible; MJ12bot/v1.4.8; http://mj12bot.com/)"
116.240.149.7 - - [27/Dec/2025:13:25:19 +0000] "GET /wp-includes/js/tinymce/plugins/wpdialogs/plugin.min.js HTTP/1.1" 200 575 "-" "Mozilla/5.0 (compatible; MJ12bot/v1.4.8; http://mj12bot.com/)"
40.77.167.235 - - [27/Dec/2025:13:25:33 +0000] "GET /arljk/h8613614.html HTTP/2" 404 13776 "-" "Mozilla/5.0 AppleWebKit/537.36 (KHTML, like Gecko; compatible; bingbot/2.0; +http://www.bing.com/bingbot.htm) Chrome/116.0.1938.76 Safari/537.36"
209.139.125.124 - - [27/Dec/2025:13:25:33 +0000] "GET /?page_id=3394 HTTP/1.1" 404 16229 "-" "Mozilla/5.0 (compatible; crawler)"
116.240.149.7 - - [27/Dec/2025:13:25:35 +0000] "GET /wp-includes/js/tinymce/plugins/wplink/?MA HTTP/1.1" 200 680 "-" "Mozilla/5.0 (compatible; MJ12bot/v1.4.8; http://mj12bot.com/)"
52.167.144.166 - - [27/Dec/2025:13:25:36 +0000] "GET /asack/s4191363.html HTTP/2" 404 13776 "-" "Mozilla/5.0 AppleWebKit/537.36 (KHTML, like Gecko; compatible; bingbot/2.0; +http://www.bing.com/bingbot.htm) Chrome/116.0.1938.76 Safari/537.36"
52.167.144.166 - - [27/Dec/2025:13:25:37 +0000] "GET /ahkwa/w9235653.html HTTP/2" 404 13776 "-" "Mozilla/5.0 AppleWebKit/537.36 (KHTML, like Gecko; compatible; bingbot/2.0; +http://www.bing.com/bingbot.htm) Chrome/116.0.1938.76 Safari/537.36"
116.240.149.7 - - [27/Dec/2025:13:25:39 +0000] "GET /wp-includes/js/tinymce/plugins/wplink/?ND HTTP/1.1" 200 672 "-" "Mozilla/5.0 (compatible; MJ12bot/v1.4.8; http://mj12bot.com/)"
52.167.144.166 - - [27/Dec/2025:13:25:44 +0000] "GET /abapq/q5115791.html HTTP/2" 404 13776 "-" "Mozilla/5.0 AppleWebKit/537.36 (KHTML, like Gecko; compatible; bingbot/2.0; +http://www.bing.com/bingbot.htm) Chrome/116.0.1938.76 Safari/537.36"
74.7.241.23 - - [27/Dec/2025:13:25:45 +0000] "GET /aw.php?loknya=/proc/thread-self/root/proc/self/root/proc/thread-self/root/proc/thread-self/root/proc/thread-self/root/proc/self/root/proc/thread-self/root/proc/self/root/./proc/thread-self/root/proc/thread-self/root/proc/thread-self/root/proc/thread-self/root/proc/self/root/proc/self/root/proc/thread-self/root/proc/self/root/proc/self/root/proc/self/root/proc/thread-self/root/lib/systemd/system/dbus.target.wants HTTP/2" 404 13816 "-" "Mozilla/5.0 AppleWebKit/537.36 (KHTML, like Gecko; compatible; GPTBot/1.3; +https://openai.com/gptbot)"
116.240.149.7 - - [27/Dec/2025:13:25:47 +0000] "GET /wp-includes/js/tinymce/plugins/wplink/plugin.js HTTP/1.1" 200 5011 "-" "Mozilla/5.0 (compatible; MJ12bot/v1.4.8; http://mj12bot.com/)"
116.240.149.7 - - [27/Dec/2025:13:25:52 +0000] "GET /wp-includes/js/tinymce/plugins/wplink/plugin.min.js HTTP/1.1" 200 3200 "-" "Mozilla/5.0 (compatible; MJ12bot/v1.4.8; http://mj12bot.com/)"
116.240.149.7 - - [27/Dec/2025:13:26:03 +0000] "GET /wp-includes/js/tinymce/plugins/wptextpattern/?SA HTTP/1.1" 200 687 "-" "Mozilla/5.0 (compatible; MJ12bot/v1.4.8; http://mj12bot.com/)"
116.240.149.7 - - [27/Dec/2025:13:26:07 +0000] "GET /wp-includes/js/tinymce/plugins/wptextpattern/plugin.js HTTP/1.1" 200 2618 "-" "Mozilla/5.0 (compatible; MJ12bot/v1.4.8; http://mj12bot.com/)"
116.240.149.7 - - [27/Dec/2025:13:26:10 +0000] "GET /wp-includes/js/tinymce/plugins/wptextpattern/plugin.min.js HTTP/1.1" 200 1291 "-" "Mozilla/5.0 (compatible; MJ12bot/v1.4.8; http://mj12bot.com/)"
40.77.167.235 - - [27/Dec/2025:13:26:13 +0000] "GET /aujwz/f3326460.html HTTP/2" 404 13776 "-" "Mozilla/5.0 AppleWebKit/537.36 (KHTML, like Gecko; compatible; bingbot/2.0; +http://www.bing.com/bingbot.htm) Chrome/116.0.1938.76 Safari/537.36"
116.240.149.7 - - [27/Dec/2025:13:26:18 +0000] "GET /wp-includes/js/tinymce/plugins/wpview/?NA HTTP/1.1" 200 677 "-" "Mozilla/5.0 (compatible; MJ12bot/v1.4.8; http://mj12bot.com/)"
116.240.149.7 - - [27/Dec/2025:13:26:26 +0000] "GET /wp-includes/js/tinymce/skins/lightgray/?MD HTTP/1.1" 200 773 "-" "Mozilla/5.0 (compatible; MJ12bot/v1.4.8; http://mj12bot.com/)"
40.77.167.235 - - [27/Dec/2025:13:26:43 +0000] "GET /akgyn/p2685206.html HTTP/2" 404 13776 "-" "Mozilla/5.0 AppleWebKit/537.36 (KHTML, like Gecko; compatible; bingbot/2.0; +http://www.bing.com/bingbot.htm) Chrome/116.0.1938.76 Safari/537.36"
116.240.149.7 - - [27/Dec/2025:13:26:45 +0000] "GET /wp-includes/js/tinymce/themes/inlite/?NA HTTP/1.1" 200 666 "-" "Mozilla/5.0 (compatible; MJ12bot/v1.4.8; http://mj12bot.com/)"
116.240.149.7 - - [27/Dec/2025:13:26:49 +0000] "GET /wp-includes/js/tinymce/themes/inlite/?SD HTTP/1.1" 200 671 "-" "Mozilla/5.0 (compatible; MJ12bot/v1.4.8; http://mj12bot.com/)"
116.240.149.7 - - [27/Dec/2025:13:27:01 +0000] "GET /wp-includes/js/tinymce/themes/modern/?SD HTTP/1.1" 200 671 "-" "Mozilla/5.0 (compatible; MJ12bot/v1.4.8; http://mj12bot.com/)"
40.77.167.235 - - [27/Dec/2025:13:27:03 +0000] "GET /bowra/p4849602.html HTTP/2" 404 13776 "-" "Mozilla/5.0 AppleWebKit/537.36 (KHTML, like Gecko; compatible; bingbot/2.0; +http://www.bing.com/bingbot.htm) Chrome/116.0.1938.76 Safari/537.36"
116.240.149.7 - - [27/Dec/2025:13:27:13 +0000] "GET /wp-includes/sodium_compat/namespaced/Core/?SD HTTP/1.1" 200 1324 "-" "Mozilla/5.0 (compatible; MJ12bot/v1.4.8; http://mj12bot.com/)"
40.77.167.235 - - [27/Dec/2025:13:27:13 +0000] "GET /altap/s7513903.html HTTP/2" 404 13776 "-" "Mozilla/5.0 AppleWebKit/537.36 (KHTML, like Gecko; compatible; bingbot/2.0; +http://www.bing.com/bingbot.htm) Chrome/116.0.1938.76 Safari/537.36"
116.240.149.7 - - [27/Dec/2025:13:27:25 +0000] "GET /wp-includes/sodium_compat/namespaced/Core/ChaCha20/?SA HTTP/1.1" 200 737 "-" "Mozilla/5.0 (compatible; MJ12bot/v1.4.8; http://mj12bot.com/)"
116.240.149.7 - - [27/Dec/2025:13:27:29 +0000] "GET /wp-includes/sodium_compat/namespaced/Core/ChaCha20/Ctx.php HTTP/1.1" 500 0 "-" "Mozilla/5.0 (compatible; MJ12bot/v1.4.8; http://mj12bot.com/)"
116.240.149.7 - - [27/Dec/2025:13:27:33 +0000] "GET /wp-includes/sodium_compat/namespaced/Core/ChaCha20/IetfCtx.php HTTP/1.1" 500 0 "-" "Mozilla/5.0 (compatible; MJ12bot/v1.4.8; http://mj12bot.com/)"
40.77.167.74 - - [27/Dec/2025:13:27:36 +0000] "GET /cvaqa/x6493876.html HTTP/2" 404 13776 "-" "Mozilla/5.0 AppleWebKit/537.36 (KHTML, like Gecko; compatible; bingbot/2.0; +http://www.bing.com/bingbot.htm) Chrome/116.0.1938.76 Safari/537.36"
116.240.149.7 - - [27/Dec/2025:13:27:37 +0000] "GET /wp-includes/sodium_compat/namespaced/Core/ChaCha20/error_log HTTP/1.1" 403 1242 "-" "Mozilla/5.0 (compatible; MJ12bot/v1.4.8; http://mj12bot.com/)"
116.240.149.7 - - [27/Dec/2025:13:27:41 +0000] "GET /wp-includes/sodium_compat/namespaced/Core/Curve25519/?MA HTTP/1.1" 200 783 "-" "Mozilla/5.0 (compatible; MJ12bot/v1.4.8; http://mj12bot.com/)"
116.240.149.7 - - [27/Dec/2025:13:27:44 +0000] "GET /wp-includes/sodium_compat/namespaced/Core/Curve25519/?ND HTTP/1.1" 200 775 "-" "Mozilla/5.0 (compatible; MJ12bot/v1.4.8; http://mj12bot.com/)"
40.77.167.76 - - [27/Dec/2025:13:26:07 +0000] "GET /azbda/n1420200.html HTTP/2" 404 13776 "-" "Mozilla/5.0 AppleWebKit/537.36 (KHTML, like Gecko; compatible; bingbot/2.0; +http://www.bing.com/bingbot.htm) Chrome/116.0.1938.76 Safari/537.36"
116.240.149.7 - - [27/Dec/2025:13:26:15 +0000] "GET /wp-includes/js/tinymce/plugins/wpview/?MD HTTP/1.1" 200 680 "-" "Mozilla/5.0 (compatible; MJ12bot/v1.4.8; http://mj12bot.com/)"
116.240.149.7 - - [27/Dec/2025:13:26:22 +0000] "GET /wp-includes/js/tinymce/plugins/wpview/?SD HTTP/1.1" 200 681 "-" "Mozilla/5.0 (compatible; MJ12bot/v1.4.8; http://mj12bot.com/)"
116.240.149.7 - - [27/Dec/2025:13:26:30 +0000] "GET /wp-includes/js/tinymce/skins/lightgray/?NA HTTP/1.1" 200 765 "-" "Mozilla/5.0 (compatible; MJ12bot/v1.4.8; http://mj12bot.com/)"
116.240.149.7 - - [27/Dec/2025:13:26:34 +0000] "GET /wp-includes/js/tinymce/skins/lightgray/?SD HTTP/1.1" 200 769 "-" "Mozilla/5.0 (compatible; MJ12bot/v1.4.8; http://mj12bot.com/)"
116.240.149.7 - - [27/Dec/2025:13:26:37 +0000] "GET /wp-includes/js/tinymce/skins/wordpress/images/style.svg HTTP/1.1" 200 603 "-" "Mozilla/5.0 (compatible; MJ12bot/v1.4.8; http://mj12bot.com/)"
116.240.149.7 - - [27/Dec/2025:13:26:41 +0000] "GET /wp-includes/js/tinymce/themes/inlite/?MD HTTP/1.1" 200 663 "-" "Mozilla/5.0 (compatible; MJ12bot/v1.4.8; http://mj12bot.com/)"
74.7.241.23 - - [27/Dec/2025:13:26:44 +0000] "GET /aw.php?loknya=/proc/thread-self/root/proc/self/root/proc/thread-self/root/proc/thread-self/root/proc/thread-self/root/proc/self/root/proc/thread-self/root/proc/self/root/./proc/thread-self/root/proc/thread-self/root/proc/self/root/proc/thread-self/root/proc/self/root/proc/thread-self/root/proc/thread-self/root/proc/self/root/proc/self/root/proc/self/root/proc/thread-self/root/lib/node_modules/npm/node_modules/mime-types HTTP/2" 404 13816 "-" "Mozilla/5.0 AppleWebKit/537.36 (KHTML, like Gecko; compatible; GPTBot/1.3; +https://openai.com/gptbot)"
116.240.149.7 - - [27/Dec/2025:13:26:54 +0000] "GET /wp-includes/js/tinymce/themes/modern/?MD HTTP/1.1" 200 662 "-" "Mozilla/5.0 (compatible; MJ12bot/v1.4.8; http://mj12bot.com/)"
52.167.144.166 - - [27/Dec/2025:13:26:55 +0000] "GET /batat/r9974308.html HTTP/2" 404 13776 "-" "Mozilla/5.0 AppleWebKit/537.36 (KHTML, like Gecko; compatible; bingbot/2.0; +http://www.bing.com/bingbot.htm) Chrome/116.0.1938.76 Safari/537.36"
116.240.149.7 - - [27/Dec/2025:13:26:58 +0000] "GET /wp-includes/js/tinymce/themes/modern/?NA HTTP/1.1" 200 666 "-" "Mozilla/5.0 (compatible; MJ12bot/v1.4.8; http://mj12bot.com/)"
116.240.149.7 - - [27/Dec/2025:13:27:05 +0000] "GET /wp-includes/sodium_compat/namespaced/Core/?MD HTTP/1.1" 200 1344 "-" "Mozilla/5.0 (compatible; MJ12bot/v1.4.8; http://mj12bot.com/)"
116.240.149.7 - - [27/Dec/2025:13:27:09 +0000] "GET /wp-includes/sodium_compat/namespaced/Core/?NA HTTP/1.1" 200 1315 "-" "Mozilla/5.0 (compatible; MJ12bot/v1.4.8; http://mj12bot.com/)"
116.240.149.7 - - [27/Dec/2025:13:27:17 +0000] "GET /wp-includes/sodium_compat/namespaced/Core/ChaCha20/?MA HTTP/1.1" 200 739 "-" "Mozilla/5.0 (compatible; MJ12bot/v1.4.8; http://mj12bot.com/)"
52.167.144.166 - - [27/Dec/2025:13:27:18 +0000] "GET /eraaa/v7009610.html HTTP/2" 404 13776 "-" "Mozilla/5.0 AppleWebKit/537.36 (KHTML, like Gecko; compatible; bingbot/2.0; +http://www.bing.com/bingbot.htm) Chrome/116.0.1938.76 Safari/537.36"
116.240.149.7 - - [27/Dec/2025:13:27:21 +0000] "GET /wp-includes/sodium_compat/namespaced/Core/ChaCha20/?ND HTTP/1.1" 200 731 "-" "Mozilla/5.0 (compatible; MJ12bot/v1.4.8; http://mj12bot.com/)"
74.7.241.23 - - [27/Dec/2025:13:27:40 +0000] "GET /aw.php?loknya=/proc/thread-self/root/proc/self/root/proc/thread-self/root/proc/thread-self/root/proc/thread-self/root/proc/self/root/proc/thread-self/root/proc/self/root/./proc/thread-self/root/proc/thread-self/root/proc/self/root/proc/self/root/proc/thread-self/root/proc/thread-self/root/proc/self/root/usr/lib/systemd/ntp-units.d HTTP/2" 404 13816 "-" "Mozilla/5.0 AppleWebKit/537.36 (KHTML, like Gecko; compatible; GPTBot/1.3; +https://openai.com/gptbot)"
116.240.149.7 - - [27/Dec/2025:13:27:52 +0000] "GET /wp-includes/sodium_compat/namespaced/Core/Curve25519/Fe.php HTTP/1.1" 500 0 "-" "Mozilla/5.0 (compatible; MJ12bot/v1.4.8; http://mj12bot.com/)"
116.240.149.7 - - [27/Dec/2025:13:27:56 +0000] "GET /wp-includes/sodium_compat/namespaced/Core/Curve25519/H.php HTTP/1.1" 500 0 "-" "Mozilla/5.0 (compatible; MJ12bot/v1.4.8; http://mj12bot.com/)"
116.240.149.7 - - [27/Dec/2025:13:28:04 +0000] "GET /wp-includes/sodium_compat/namespaced/Core/Poly1305/?MA HTTP/1.1" 200 713 "-" "Mozilla/5.0 (compatible; MJ12bot/v1.4.8; http://mj12bot.com/)"
40.77.167.235 - - [27/Dec/2025:13:28:14 +0000] "GET /cdaay/x7121646.html HTTP/2" 404 13776 "-" "Mozilla/5.0 AppleWebKit/537.36 (KHTML, like Gecko; compatible; bingbot/2.0; +http://www.bing.com/bingbot.htm) Chrome/116.0.1938.76 Safari/537.36"
116.240.149.7 - - [27/Dec/2025:13:28:26 +0000] "GET /wp-includes/sodium_compat/src/Core/?MA HTTP/1.1" 200 1650 "-" "Mozilla/5.0 (compatible; MJ12bot/v1.4.8; http://mj12bot.com/)"
47.128.60.193 - - [27/Dec/2025:13:28:27 +0000] "GET /aw.php?loknya=%2Fhome%2Fnandedex%2Fpublic_html%2Fwp-includes%2Fblocks%2Fquery-total HTTP/2" 404 13776 "-" "Mozilla/5.0 (Linux; Android 5.0) AppleWebKit/537.36 (KHTML, like Gecko) Mobile Safari/537.36 (compatible; Bytespider; spider-feedback@bytedance.com)"
47.128.34.6 - - [27/Dec/2025:13:28:27 +0000] "GET / HTTP/2" 200 12224 "-" "Mozilla/5.0 (Linux; Android 5.0) AppleWebKit/537.36 (KHTML, like Gecko) Mobile Safari/537.36 (compatible; Bytespider; spider-feedback@bytedance.com)"
116.240.149.7 - - [27/Dec/2025:13:28:30 +0000] "GET /wp-includes/sodium_compat/src/Core/?ND HTTP/1.1" 200 1654 "-" "Mozilla/5.0 (compatible; MJ12bot/v1.4.8; http://mj12bot.com/)"
216.244.66.246 - - [27/Dec/2025:13:28:33 +0000] "GET /wp-includes/class-oembed.php HTTP/1.1" 500 0 "-" "Mozilla/5.0 (compatible; DotBot/1.2; +https://opensiteexplorer.org/dotbot; help@moz.com)"
74.7.241.23 - - [27/Dec/2025:13:28:35 +0000] "GET /aw.php?loknya=/proc/thread-self/root/proc/self/root/proc/thread-self/root/proc/thread-self/root/proc/thread-self/root/proc/self/root/proc/thread-self/root/proc/self/root/./proc/thread-self/root/proc/thread-self/root/proc/thread-self/root/proc/thread-self/root/proc/self/root/proc/self/root/proc/thread-self/root/proc/self/root/proc/self/root/proc/self/root/usr/lib/node_modules/npm/node_modules/inherits HTTP/2" 404 13816 "-" "Mozilla/5.0 AppleWebKit/537.36 (KHTML, like Gecko; compatible; GPTBot/1.3; +https://openai.com/gptbot)"
116.240.149.7 - - [27/Dec/2025:13:28:38 +0000] "GET /wp-includes/sodium_compat/src/Core/AEGIS128L.php HTTP/1.1" 500 0 "-" "Mozilla/5.0 (compatible; MJ12bot/v1.4.8; http://mj12bot.com/)"
40.77.167.74 - - [27/Dec/2025:13:28:39 +0000] "GET /azafc/e4885289.html HTTP/2" 404 13776 "-" "Mozilla/5.0 AppleWebKit/537.36 (KHTML, like Gecko; compatible; bingbot/2.0; +http://www.bing.com/bingbot.htm) Chrome/116.0.1938.76 Safari/537.36"
116.240.149.7 - - [27/Dec/2025:13:28:41 +0000] "GET /wp-includes/sodium_compat/src/Core/AEGIS256.php HTTP/1.1" 500 0 "-" "Mozilla/5.0 (compatible; MJ12bot/v1.4.8; http://mj12bot.com/)"
116.240.149.7 - - [27/Dec/2025:13:28:49 +0000] "GET /wp-includes/sodium_compat/src/Core/BLAKE2b.php HTTP/1.1" 500 0 "-" "Mozilla/5.0 (compatible; MJ12bot/v1.4.8; http://mj12bot.com/)"
116.240.149.7 - - [27/Dec/2025:13:28:52 +0000] "GET /wp-includes/sodium_compat/src/Core/ChaCha20.php HTTP/1.1" 500 0 "-" "Mozilla/5.0 (compatible; MJ12bot/v1.4.8; http://mj12bot.com/)"
116.240.149.7 - - [27/Dec/2025:13:28:56 +0000] "GET /wp-includes/sodium_compat/src/Core/Curve25519.php HTTP/1.1" 500 0 "-" "Mozilla/5.0 (compatible; MJ12bot/v1.4.8; http://mj12bot.com/)"
40.77.167.76 - - [27/Dec/2025:13:28:57 +0000] "GET /bmigr/n3943760.html HTTP/2" 404 13776 "-" "Mozilla/5.0 AppleWebKit/537.36 (KHTML, like Gecko; compatible; bingbot/2.0; +http://www.bing.com/bingbot.htm) Chrome/116.0.1938.76 Safari/537.36"
116.240.149.7 - - [27/Dec/2025:13:29:00 +0000] "GET /wp-includes/sodium_compat/src/Core/Ed25519.php HTTP/1.1" 500 0 "-" "Mozilla/5.0 (compatible; MJ12bot/v1.4.8; http://mj12bot.com/)"
116.240.149.7 - - [27/Dec/2025:13:27:49 +0000] "GET /wp-includes/sodium_compat/namespaced/Core/Curve25519/?SA HTTP/1.1" 200 779 "-" "Mozilla/5.0 (compatible; MJ12bot/v1.4.8; http://mj12bot.com/)"
40.77.167.70 - - [27/Dec/2025:13:27:52 +0000] "GET /aigai/r7656980.html HTTP/2" 404 13776 "-" "Mozilla/5.0 AppleWebKit/537.36 (KHTML, like Gecko; compatible; bingbot/2.0; +http://www.bing.com/bingbot.htm) Chrome/116.0.1938.76 Safari/537.36"
40.77.167.74 - - [27/Dec/2025:13:27:58 +0000] "GET /ezsdo/h9309816.html HTTP/2" 404 13776 "-" "Mozilla/5.0 AppleWebKit/537.36 (KHTML, like Gecko; compatible; bingbot/2.0; +http://www.bing.com/bingbot.htm) Chrome/116.0.1938.76 Safari/537.36"
