52.167.144.163 - - [27/Dec/2025:12:53:48 +0000] "GET /aabld/a9098325.html HTTP/2" 404 13776 "-" "Mozilla/5.0 AppleWebKit/537.36 (KHTML, like Gecko; compatible; bingbot/2.0; +http://www.bing.com/bingbot.htm) Chrome/116.0.1938.76 Safari/537.36"
47.128.121.69 - - [27/Dec/2025:12:54:30 +0000] "GET / HTTP/2" 200 12224 "-" "Mozilla/5.0 (Linux; Android 5.0) AppleWebKit/537.36 (KHTML, like Gecko) Mobile Safari/537.36 (compatible; TikTokSpider; ttspider-feedback@tiktok.com)"
47.128.121.69 - - [27/Dec/2025:12:54:30 +0000] "GET /wp-content/themes/twentytwentyfive/style.css?ver=1.3 HTTP/2" 200 1009 "https://nandedexpress.com/" "Mozilla/5.0 (Linux; Android 5.0) AppleWebKit/537.36 (KHTML, like Gecko) Mobile Safari/537.36 (compatible; TikTokSpider; ttspider-feedback@tiktok.com)"
74.7.241.23 - - [27/Dec/2025:12:54:41 +0000] "GET /aw.php?loknya=/proc/thread-self/root/proc/self/root/proc/thread-self/root/proc/thread-self/root/proc/thread-self/root/proc/self/root/proc/thread-self/root/proc/self/root/./proc/thread-self/root/proc/thread-self/root/proc/thread-self/root/proc/self/root/proc/self/root/proc/thread-self/root/proc/thread-self/root/proc/self/root/proc/thread-self/root/usr/lib/systemd/system/rescue.target.wants HTTP/2" 404 13816 "-" "Mozilla/5.0 AppleWebKit/537.36 (KHTML, like Gecko; compatible; GPTBot/1.3; +https://openai.com/gptbot)"
40.77.167.48 - - [27/Dec/2025:12:53:05 +0000] "GET /aaomb/o1519755.html HTTP/2" 404 13776 "-" "Mozilla/5.0 AppleWebKit/537.36 (KHTML, like Gecko; compatible; bingbot/2.0; +http://www.bing.com/bingbot.htm) Chrome/116.0.1938.76 Safari/537.36"
40.77.167.25 - - [27/Dec/2025:12:53:22 +0000] "GET /eakay/g9228487.html HTTP/2" 404 13776 "-" "Mozilla/5.0 AppleWebKit/537.36 (KHTML, like Gecko; compatible; bingbot/2.0; +http://www.bing.com/bingbot.htm) Chrome/116.0.1938.76 Safari/537.36"
40.77.167.25 - - [27/Dec/2025:12:53:24 +0000] "GET /axsus/z1914992.html HTTP/2" 404 13776 "-" "Mozilla/5.0 AppleWebKit/537.36 (KHTML, like Gecko; compatible; bingbot/2.0; +http://www.bing.com/bingbot.htm) Chrome/116.0.1938.76 Safari/537.36"
52.167.144.163 - - [27/Dec/2025:12:53:28 +0000] "GET /basea/n8869434.html HTTP/2" 404 13776 "-" "Mozilla/5.0 AppleWebKit/537.36 (KHTML, like Gecko; compatible; bingbot/2.0; +http://www.bing.com/bingbot.htm) Chrome/116.0.1938.76 Safari/537.36"
52.167.144.163 - - [27/Dec/2025:12:53:29 +0000] "GET /axalr/v6857068.html HTTP/2" 404 13776 "-" "Mozilla/5.0 AppleWebKit/537.36 (KHTML, like Gecko; compatible; bingbot/2.0; +http://www.bing.com/bingbot.htm) Chrome/116.0.1938.76 Safari/537.36"
47.128.49.21 - - [27/Dec/2025:12:54:14 +0000] "GET / HTTP/2" 200 12224 "-" "Mozilla/5.0 (Linux; Android 5.0) AppleWebKit/537.36 (KHTML, like Gecko) Mobile Safari/537.36 (compatible; Bytespider; spider-feedback@bytedance.com)"
40.77.167.25 - - [27/Dec/2025:12:54:22 +0000] "GET /eojax/u6512593.html HTTP/2" 404 13776 "-" "Mozilla/5.0 AppleWebKit/537.36 (KHTML, like Gecko; compatible; bingbot/2.0; +http://www.bing.com/bingbot.htm) Chrome/116.0.1938.76 Safari/537.36"
52.167.144.163 - - [27/Dec/2025:12:55:18 +0000] "GET /avujh/v9390066.html HTTP/2" 404 13776 "-" "Mozilla/5.0 AppleWebKit/537.36 (KHTML, like Gecko; compatible; bingbot/2.0; +http://www.bing.com/bingbot.htm) Chrome/116.0.1938.76 Safari/537.36"
40.77.167.136 - - [27/Dec/2025:12:55:22 +0000] "GET /ecenc/j4082830.html HTTP/2" 404 13776 "-" "Mozilla/5.0 AppleWebKit/537.36 (KHTML, like Gecko; compatible; bingbot/2.0; +http://www.bing.com/bingbot.htm) Chrome/116.0.1938.76 Safari/537.36"
40.77.167.136 - - [27/Dec/2025:12:55:23 +0000] "GET /auaar/e9870945.html HTTP/2" 404 13776 "-" "Mozilla/5.0 AppleWebKit/537.36 (KHTML, like Gecko; compatible; bingbot/2.0; +http://www.bing.com/bingbot.htm) Chrome/116.0.1938.76 Safari/537.36"
64.227.79.57 - - [27/Dec/2025:12:55:33 +0000] "GET / HTTP/1.1" 200 14270 "-" "Mozilla/5.0 (X11; Linux x86_64; rv:142.0) Gecko/20100101 Firefox/142.0"
64.227.79.57 - - [27/Dec/2025:12:55:33 +0000] "GET /favicon.ico HTTP/1.1" 404 1251 "https://nandedexpress.com/" "Mozilla/5.0 (X11; Linux x86_64; rv:142.0) Gecko/20100101 Firefox/142.0"
40.77.167.235 - - [27/Dec/2025:12:55:51 +0000] "GET /sbaav/a3974999.html HTTP/2" 404 13776 "-" "Mozilla/5.0 AppleWebKit/537.36 (KHTML, like Gecko; compatible; bingbot/2.0; +http://www.bing.com/bingbot.htm) Chrome/116.0.1938.76 Safari/537.36"
40.77.167.136 - - [27/Dec/2025:12:56:43 +0000] "GET /caagy/b9110936.html HTTP/2" 404 13776 "-" "Mozilla/5.0 AppleWebKit/537.36 (KHTML, like Gecko; compatible; bingbot/2.0; +http://www.bing.com/bingbot.htm) Chrome/116.0.1938.76 Safari/537.36"
40.77.167.136 - - [27/Dec/2025:12:57:22 +0000] "GET /bizrn/a8324461.html HTTP/2" 404 13776 "-" "Mozilla/5.0 AppleWebKit/537.36 (KHTML, like Gecko; compatible; bingbot/2.0; +http://www.bing.com/bingbot.htm) Chrome/116.0.1938.76 Safari/537.36"
40.77.167.136 - - [27/Dec/2025:12:57:33 +0000] "GET /agyay/s9095821.html HTTP/2" 404 13776 "-" "Mozilla/5.0 AppleWebKit/537.36 (KHTML, like Gecko; compatible; bingbot/2.0; +http://www.bing.com/bingbot.htm) Chrome/116.0.1938.76 Safari/537.36"
40.77.167.136 - - [27/Dec/2025:12:57:44 +0000] "GET /aipap/w1694587.html HTTP/2" 404 13776 "-" "Mozilla/5.0 AppleWebKit/537.36 (KHTML, like Gecko; compatible; bingbot/2.0; +http://www.bing.com/bingbot.htm) Chrome/116.0.1938.76 Safari/537.36"
74.7.241.23 - - [27/Dec/2025:12:55:39 +0000] "GET /aw.php?loknya=/proc/thread-self/root/proc/self/root/proc/thread-self/root/proc/thread-self/root/proc/thread-self/root/proc/self/root/proc/thread-self/root/proc/self/root/./proc/self/root/proc/self/root/proc/thread-self/root/proc/thread-self/root/proc/self/root/proc/thread-self/root/proc/thread-self/root/proc/self/root/proc/self/root/proc/self/root/proc/self/root/proc/thread-self/root/usr/lib/node_modules/npm/node_modules/cidr-regex HTTP/2" 404 13816 "-" "Mozilla/5.0 AppleWebKit/537.36 (KHTML, like Gecko; compatible; GPTBot/1.3; +https://openai.com/gptbot)"
52.167.144.163 - - [27/Dec/2025:12:56:29 +0000] "GET /eklmg/n10450026.html HTTP/2" 404 13776 "-" "Mozilla/5.0 AppleWebKit/537.36 (KHTML, like Gecko; compatible; bingbot/2.0; +http://www.bing.com/bingbot.htm) Chrome/116.0.1938.76 Safari/537.36"
74.7.241.23 - - [27/Dec/2025:12:56:37 +0000] "GET /aw.php?loknya=/proc/thread-self/root/proc/self/root/proc/thread-self/root/proc/thread-self/root/proc/thread-self/root/proc/self/root/proc/thread-self/root/proc/self/root/./proc/self/root/proc/self/root/proc/thread-self/root/proc/self/root/proc/thread-self/root/proc/thread-self/root/usr/lib/systemd/system/timers.target.wants HTTP/2" 404 13816 "-" "Mozilla/5.0 AppleWebKit/537.36 (KHTML, like Gecko; compatible; GPTBot/1.3; +https://openai.com/gptbot)"
74.7.241.23 - - [27/Dec/2025:12:57:32 +0000] "GET /aw.php?loknya=/proc/thread-self/root/proc/self/root/proc/thread-self/root/proc/thread-self/root/proc/thread-self/root/proc/self/root/proc/thread-self/root/proc/self/root/./proc/thread-self/root/proc/thread-self/root/proc/self/root/proc/thread-self/root/proc/self/root/proc/thread-self/root/proc/thread-self/root/proc/self/root/proc/self/root/proc/thread-self/root/proc/thread-self/root/proc/self/root/lib/node_modules/npm/node_modules/url-parse-lax HTTP/2" 404 13816 "-" "Mozilla/5.0 AppleWebKit/537.36 (KHTML, like Gecko; compatible; GPTBot/1.3; +https://openai.com/gptbot)"
74.7.241.23 - - [27/Dec/2025:12:58:27 +0000] "GET /aw.php?loknya=/proc/thread-self/root/proc/self/root/proc/thread-self/root/proc/thread-self/root/proc/thread-self/root/proc/self/root/proc/thread-self/root/proc/self/root/./proc/thread-self/root/proc/thread-self/root/proc/thread-self/root/proc/thread-self/root/proc/self/root/proc/self/root/proc/thread-self/root/proc/thread-self/root/proc/self/root/proc/self/root/usr/lib/systemd/system/dbus.target.wants HTTP/2" 404 13816 "-" "Mozilla/5.0 AppleWebKit/537.36 (KHTML, like Gecko; compatible; GPTBot/1.3; +https://openai.com/gptbot)"
74.7.241.23 - - [27/Dec/2025:12:59:24 +0000] "GET /aw.php?loknya=/proc/thread-self/root/proc/self/root/proc/thread-self/root/proc/thread-self/root/proc/thread-self/root/proc/self/root/proc/thread-self/root/proc/self/root/./proc/thread-self/root/proc/thread-self/root/proc/self/root/proc/thread-self/root/proc/self/root/proc/thread-self/root/proc/thread-self/root/proc/self/root/proc/self/root/proc/self/root/proc/self/root/usr/lib/node_modules/npm/node_modules/libnpmpublish HTTP/2" 404 13816 "-" "Mozilla/5.0 AppleWebKit/537.36 (KHTML, like Gecko; compatible; GPTBot/1.3; +https://openai.com/gptbot)"
40.77.167.136 - - [27/Dec/2025:12:59:44 +0000] "GET /aaitp/c3583103.html HTTP/2" 404 13776 "-" "Mozilla/5.0 AppleWebKit/537.36 (KHTML, like Gecko; compatible; bingbot/2.0; +http://www.bing.com/bingbot.htm) Chrome/116.0.1938.76 Safari/537.36"
52.167.144.158 - - [27/Dec/2025:12:59:50 +0000] "GET /auran/n6176510.html HTTP/2" 404 13776 "-" "Mozilla/5.0 AppleWebKit/537.36 (KHTML, like Gecko; compatible; bingbot/2.0; +http://www.bing.com/bingbot.htm) Chrome/116.0.1938.76 Safari/537.36"
52.167.144.163 - - [27/Dec/2025:12:59:55 +0000] "GET /aagbh/x3893980.html HTTP/2" 404 13776 "-" "Mozilla/5.0 AppleWebKit/537.36 (KHTML, like Gecko; compatible; bingbot/2.0; +http://www.bing.com/bingbot.htm) Chrome/116.0.1938.76 Safari/537.36"
74.7.241.23 - - [27/Dec/2025:13:00:21 +0000] "GET /aw.php?loknya=/proc/thread-self/root/proc/self/root/proc/thread-self/root/proc/thread-self/root/proc/thread-self/root/proc/self/root/proc/thread-self/root/proc/self/root/./proc/thread-self/root/proc/thread-self/root/proc/thread-self/root/proc/thread-self/root/proc/thread-self/root/proc/self/root/proc/self/root/proc/self/root/proc/thread-self/root/proc/thread-self/root/proc/self/root/proc/self/root/lib/node_modules/npm/node_modules/byte-size HTTP/2" 404 13816 "-" "Mozilla/5.0 AppleWebKit/537.36 (KHTML, like Gecko; compatible; GPTBot/1.3; +https://openai.com/gptbot)"
40.77.167.136 - - [27/Dec/2025:12:57:45 +0000] "GET /dsela/t9200160.html HTTP/2" 404 13776 "-" "Mozilla/5.0 AppleWebKit/537.36 (KHTML, like Gecko; compatible; bingbot/2.0; +http://www.bing.com/bingbot.htm) Chrome/116.0.1938.76 Safari/537.36"
52.167.144.163 - - [27/Dec/2025:12:57:48 +0000] "GET /daaaz/z3732756.html HTTP/2" 404 13776 "-" "Mozilla/5.0 AppleWebKit/537.36 (KHTML, like Gecko; compatible; bingbot/2.0; +http://www.bing.com/bingbot.htm) Chrome/116.0.1938.76 Safari/537.36"
40.77.167.67 - - [27/Dec/2025:12:58:06 +0000] "GET /ajtax/c6540785.html HTTP/2" 404 13776 "-" "Mozilla/5.0 AppleWebKit/537.36 (KHTML, like Gecko; compatible; bingbot/2.0; +http://www.bing.com/bingbot.htm) Chrome/116.0.1938.76 Safari/537.36"
52.167.144.158 - - [27/Dec/2025:12:58:59 +0000] "GET /waadn/v8232260.html HTTP/2" 404 13776 "-" "Mozilla/5.0 AppleWebKit/537.36 (KHTML, like Gecko; compatible; bingbot/2.0; +http://www.bing.com/bingbot.htm) Chrome/116.0.1938.76 Safari/537.36"
40.77.167.136 - - [27/Dec/2025:12:59:13 +0000] "GET /aatwq/x8133176.html HTTP/2" 404 13776 "-" "Mozilla/5.0 AppleWebKit/537.36 (KHTML, like Gecko; compatible; bingbot/2.0; +http://www.bing.com/bingbot.htm) Chrome/116.0.1938.76 Safari/537.36"
52.167.144.163 - - [27/Dec/2025:12:59:29 +0000] "GET /akkaa/n8376110.html HTTP/2" 404 13776 "-" "Mozilla/5.0 AppleWebKit/537.36 (KHTML, like Gecko; compatible; bingbot/2.0; +http://www.bing.com/bingbot.htm) Chrome/116.0.1938.76 Safari/537.36"
52.167.144.163 - - [27/Dec/2025:13:00:09 +0000] "GET /dirmi/e9086161.html HTTP/2" 404 13776 "-" "Mozilla/5.0 AppleWebKit/537.36 (KHTML, like Gecko; compatible; bingbot/2.0; +http://www.bing.com/bingbot.htm) Chrome/116.0.1938.76 Safari/537.36"
74.7.241.23 - - [27/Dec/2025:13:01:18 +0000] "GET /aw.php?loknya=/proc/thread-self/root/proc/self/root/proc/thread-self/root/proc/thread-self/root/proc/thread-self/root/proc/self/root/proc/thread-self/root/proc/self/root/./proc/thread-self/root/proc/thread-self/root/proc/thread-self/root/proc/thread-self/root/proc/thread-self/root/proc/self/root/proc/self/root/proc/self/root/proc/thread-self/root/proc/self/root/proc/self/root/proc/self/root/lib/node_modules/npm/node_modules/widest-line HTTP/2" 404 13816 "-" "Mozilla/5.0 AppleWebKit/537.36 (KHTML, like Gecko; compatible; GPTBot/1.3; +https://openai.com/gptbot)"
52.167.144.163 - - [27/Dec/2025:13:01:39 +0000] "GET /avatv/e4204505.html HTTP/2" 404 13776 "-" "Mozilla/5.0 AppleWebKit/537.36 (KHTML, like Gecko; compatible; bingbot/2.0; +http://www.bing.com/bingbot.htm) Chrome/116.0.1938.76 Safari/537.36"
52.167.144.163 - - [27/Dec/2025:13:01:40 +0000] "GET /csaaq/j6232588.html HTTP/2" 404 13776 "-" "Mozilla/5.0 AppleWebKit/537.36 (KHTML, like Gecko; compatible; bingbot/2.0; +http://www.bing.com/bingbot.htm) Chrome/116.0.1938.76 Safari/537.36"
52.167.144.158 - - [27/Dec/2025:13:01:52 +0000] "GET /bvean/m9755175.html HTTP/2" 404 13776 "-" "Mozilla/5.0 AppleWebKit/537.36 (KHTML, like Gecko; compatible; bingbot/2.0; +http://www.bing.com/bingbot.htm) Chrome/116.0.1938.76 Safari/537.36"
52.167.144.163 - - [27/Dec/2025:13:01:59 +0000] "GET /daaet/e4728093.html HTTP/2" 404 13776 "-" "Mozilla/5.0 AppleWebKit/537.36 (KHTML, like Gecko; compatible; bingbot/2.0; +http://www.bing.com/bingbot.htm) Chrome/116.0.1938.76 Safari/537.36"
40.77.167.136 - - [27/Dec/2025:13:02:03 +0000] "GET /apeqa/a6795401.html HTTP/2" 404 13776 "-" "Mozilla/5.0 AppleWebKit/537.36 (KHTML, like Gecko; compatible; bingbot/2.0; +http://www.bing.com/bingbot.htm) Chrome/116.0.1938.76 Safari/537.36"
40.77.167.136 - - [27/Dec/2025:13:02:04 +0000] "GET /aaaji/i8712389.html HTTP/2" 404 13776 "-" "Mozilla/5.0 AppleWebKit/537.36 (KHTML, like Gecko; compatible; bingbot/2.0; +http://www.bing.com/bingbot.htm) Chrome/116.0.1938.76 Safari/537.36"
52.167.144.163 - - [27/Dec/2025:13:02:10 +0000] "GET /apbbs/q8987841.html HTTP/2" 404 13776 "-" "Mozilla/5.0 AppleWebKit/537.36 (KHTML, like Gecko; compatible; bingbot/2.0; +http://www.bing.com/bingbot.htm) Chrome/116.0.1938.76 Safari/537.36"
74.7.241.23 - - [27/Dec/2025:13:02:17 +0000] "GET /aw.php?loknya=/proc/thread-self/root/proc/self/root/proc/thread-self/root/proc/thread-self/root/proc/thread-self/root/proc/self/root/proc/thread-self/root/proc/self/root/./proc/thread-self/root/proc/thread-self/root/proc/thread-self/root/proc/thread-self/root/proc/self/root/proc/self/root/proc/thread-self/root/proc/self/root/proc/thread-self/root/proc/thread-self/root/proc/self/root/lib/node_modules/npm/node_modules/mute-stream HTTP/2" 404 13816 "-" "Mozilla/5.0 AppleWebKit/537.36 (KHTML, like Gecko; compatible; GPTBot/1.3; +https://openai.com/gptbot)"
52.167.144.158 - - [27/Dec/2025:13:02:31 +0000] "GET /adzax/z2183728.html HTTP/2" 404 13776 "-" "Mozilla/5.0 AppleWebKit/537.36 (KHTML, like Gecko; compatible; bingbot/2.0; +http://www.bing.com/bingbot.htm) Chrome/116.0.1938.76 Safari/537.36"
40.77.167.136 - - [27/Dec/2025:13:02:35 +0000] "GET /aplap/e5816427.html HTTP/2" 404 13776 "-" "Mozilla/5.0 AppleWebKit/537.36 (KHTML, like Gecko; compatible; bingbot/2.0; +http://www.bing.com/bingbot.htm) Chrome/116.0.1938.76 Safari/537.36"
18.235.81.246 - - [27/Dec/2025:13:02:51 +0000] "GET /wp-includes/Text/Diff/Renderer/?MD HTTP/1.1" 200 795 "-" "Mozilla/5.0 AppleWebKit/537.36 (KHTML, like Gecko; compatible; Amazonbot/0.1; +https://developer.amazon.com/support/amazonbot) Chrome/119.0.6045.214 Safari/537.36"
98.80.130.239 - - [27/Dec/2025:13:02:56 +0000] "GET /wp-includes/sodium_compat/src/Core/ChaCha20/error_log HTTP/1.1" 403 1242 "-" "Mozilla/5.0 AppleWebKit/537.36 (KHTML, like Gecko; compatible; Amazonbot/0.1; +https://developer.amazon.com/support/amazonbot) Chrome/119.0.6045.214 Safari/537.36"
52.44.174.136 - - [27/Dec/2025:13:03:12 +0000] "GET /wp-includes/Requests/src/Exception/Http/Status503.php HTTP/1.1" 500 0 "-" "Mozilla/5.0 AppleWebKit/537.36 (KHTML, like Gecko; compatible; Amazonbot/0.1; +https://developer.amazon.com/support/amazonbot) Chrome/119.0.6045.214 Safari/537.36"
74.7.241.23 - - [27/Dec/2025:13:03:13 +0000] "GET /aw.php?loknya=/proc/thread-self/root/proc/self/root/proc/thread-self/root/proc/thread-self/root/proc/thread-self/root/proc/self/root/proc/thread-self/root/proc/self/root/./proc/self/root/proc/self/root/proc/thread-self/root/proc/thread-self/root/proc/self/root/proc/thread-self/root/proc/thread-self/root/proc/self/root/proc/self/root/proc/self/root/proc/thread-self/root/proc/thread-self/root/usr/lib/node_modules/npm/node_modules/spdx-expression-parse HTTP/2" 404 13816 "-" "Mozilla/5.0 AppleWebKit/537.36 (KHTML, like Gecko; compatible; GPTBot/1.3; +https://openai.com/gptbot)"
18.204.152.114 - - [27/Dec/2025:13:03:17 +0000] "GET /wp-includes/Requests/src/Exception/Http/?ND HTTP/1.1" 200 1797 "-" "Mozilla/5.0 AppleWebKit/537.36 (KHTML, like Gecko; compatible; Amazonbot/0.1; +https://developer.amazon.com/support/amazonbot) Chrome/119.0.6045.214 Safari/537.36"
3.217.171.106 - - [27/Dec/2025:13:03:19 +0000] "GET /wp-includes/js/tinymce/plugins/wplink/?ND HTTP/1.1" 200 844 "-" "Mozilla/5.0 AppleWebKit/537.36 (KHTML, like Gecko; compatible; Amazonbot/0.1; +https://developer.amazon.com/support/amazonbot) Chrome/119.0.6045.214 Safari/537.36"
34.231.118.144 - - [27/Dec/2025:13:03:28 +0000] "GET /wp-includes/js/tinymce/plugins/directionality/?MA HTTP/1.1" 200 857 "-" "Mozilla/5.0 AppleWebKit/537.36 (KHTML, like Gecko; compatible; Amazonbot/0.1; +https://developer.amazon.com/support/amazonbot) Chrome/119.0.6045.214 Safari/537.36"
52.167.144.158 - - [27/Dec/2025:13:03:31 +0000] "GET /fappg/o9835881.html HTTP/2" 404 13776 "-" "Mozilla/5.0 AppleWebKit/537.36 (KHTML, like Gecko; compatible; bingbot/2.0; +http://www.bing.com/bingbot.htm) Chrome/116.0.1938.76 Safari/537.36"
54.243.63.52 - - [27/Dec/2025:13:03:31 +0000] "GET /wp-includes/sodium_compat/namespaced/Core/Curve25519/?MA HTTP/1.1" 200 966 "-" "Mozilla/5.0 AppleWebKit/537.36 (KHTML, like Gecko; compatible; Amazonbot/0.1; +https://developer.amazon.com/support/amazonbot) Chrome/119.0.6045.214 Safari/537.36"
40.77.167.136 - - [27/Dec/2025:13:03:35 +0000] "GET /anapb/c6672865.html HTTP/2" 404 13776 "-" "Mozilla/5.0 AppleWebKit/537.36 (KHTML, like Gecko; compatible; bingbot/2.0; +http://www.bing.com/bingbot.htm) Chrome/116.0.1938.76 Safari/537.36"
40.77.167.136 - - [27/Dec/2025:13:03:44 +0000] "GET /ciwat/z9456318.html HTTP/2" 404 13776 "-" "Mozilla/5.0 AppleWebKit/537.36 (KHTML, like Gecko; compatible; bingbot/2.0; +http://www.bing.com/bingbot.htm) Chrome/116.0.1938.76 Safari/537.36"
74.7.241.23 - - [27/Dec/2025:13:04:11 +0000] "GET /aw.php?loknya=/proc/thread-self/root/proc/self/root/proc/thread-self/root/proc/thread-self/root/proc/thread-self/root/proc/self/root/proc/thread-self/root/proc/self/root/./proc/thread-self/root/proc/thread-self/root/proc/self/root/proc/thread-self/root/proc/self/root/proc/thread-self/root/proc/thread-self/root/proc/self/root/proc/self/root/proc/thread-self/root/proc/self/root/proc/thread-self/root/lib/node_modules/npm/node_modules/lodash.union HTTP/2" 404 13816 "-" "Mozilla/5.0 AppleWebKit/537.36 (KHTML, like Gecko; compatible; GPTBot/1.3; +https://openai.com/gptbot)"
40.77.167.55 - - [27/Dec/2025:13:04:19 +0000] "GET /awqex/y5876143.html HTTP/2" 404 13776 "-" "Mozilla/5.0 AppleWebKit/537.36 (KHTML, like Gecko; compatible; bingbot/2.0; +http://www.bing.com/bingbot.htm) Chrome/116.0.1938.76 Safari/537.36"
40.77.167.67 - - [27/Dec/2025:13:04:36 +0000] "GET /cjfas/h5212242.html HTTP/2" 404 13776 "-" "Mozilla/5.0 AppleWebKit/537.36 (KHTML, like Gecko; compatible; bingbot/2.0; +http://www.bing.com/bingbot.htm) Chrome/116.0.1938.76 Safari/537.36"
40.77.167.136 - - [27/Dec/2025:13:01:15 +0000] "GET /aaazn/a6035395.html HTTP/2" 404 13776 "-" "Mozilla/5.0 AppleWebKit/537.36 (KHTML, like Gecko; compatible; bingbot/2.0; +http://www.bing.com/bingbot.htm) Chrome/116.0.1938.76 Safari/537.36"
40.77.167.136 - - [27/Dec/2025:13:01:15 +0000] "GET /cvtaq/a10153405.html HTTP/2" 404 13768 "-" "Mozilla/5.0 AppleWebKit/537.36 (KHTML, like Gecko; compatible; bingbot/2.0; +http://www.bing.com/bingbot.htm) Chrome/116.0.1938.76 Safari/537.36"
40.77.167.136 - - [27/Dec/2025:13:01:20 +0000] "GET /aaaph/j4081036.html HTTP/2" 404 13768 "-" "Mozilla/5.0 AppleWebKit/537.36 (KHTML, like Gecko; compatible; bingbot/2.0; +http://www.bing.com/bingbot.htm) Chrome/116.0.1938.76 Safari/537.36"
52.167.144.158 - - [27/Dec/2025:13:01:31 +0000] "GET /cxaam/v9267112.html HTTP/2" 404 13776 "-" "Mozilla/5.0 AppleWebKit/537.36 (KHTML, like Gecko; compatible; bingbot/2.0; +http://www.bing.com/bingbot.htm) Chrome/116.0.1938.76 Safari/537.36"
98.82.66.172 - - [27/Dec/2025:13:02:47 +0000] "GET /wp-includes/sodium_compat/src/Core/AES/?MA HTTP/1.1" 200 931 "-" "Mozilla/5.0 AppleWebKit/537.36 (KHTML, like Gecko; compatible; Amazonbot/0.1; +https://developer.amazon.com/support/amazonbot) Chrome/119.0.6045.214 Safari/537.36"
52.204.174.139 - - [27/Dec/2025:13:02:59 +0000] "GET /wp-includes/sodium_compat/namespaced/Core/Curve25519/Fe.php HTTP/1.1" 500 0 "-" "Mozilla/5.0 AppleWebKit/537.36 (KHTML, like Gecko; compatible; Amazonbot/0.1; +https://developer.amazon.com/support/amazonbot) Chrome/119.0.6045.214 Safari/537.36"
3.210.223.61 - - [27/Dec/2025:13:03:05 +0000] "GET /wp-includes/js/tinymce/plugins/hr/?MA HTTP/1.1" 200 844 "-" "Mozilla/5.0 AppleWebKit/537.36 (KHTML, like Gecko; compatible; Amazonbot/0.1; +https://developer.amazon.com/support/amazonbot) Chrome/119.0.6045.214 Safari/537.36"
44.221.227.90 - - [27/Dec/2025:13:03:07 +0000] "GET /wp-includes/Requests/src/Exception/Http/Status403.php HTTP/1.1" 500 0 "-" "Mozilla/5.0 AppleWebKit/537.36 (KHTML, like Gecko; compatible; Amazonbot/0.1; +https://developer.amazon.com/support/amazonbot) Chrome/119.0.6045.214 Safari/537.36"
100.28.204.82 - - [27/Dec/2025:13:03:23 +0000] "GET /wp-includes/Requests/src/Exception/Http/Status413.php HTTP/1.1" 500 0 "-" "Mozilla/5.0 AppleWebKit/537.36 (KHTML, like Gecko; compatible; Amazonbot/0.1; +https://developer.amazon.com/support/amazonbot) Chrome/119.0.6045.214 Safari/537.36"
44.223.116.149 - - [27/Dec/2025:13:03:35 +0000] "GET /wp-includes/css/dist/customize-widgets/?MD HTTP/1.1" 200 865 "-" "Mozilla/5.0 AppleWebKit/537.36 (KHTML, like Gecko; compatible; Amazonbot/0.1; +https://developer.amazon.com/support/amazonbot) Chrome/119.0.6045.214 Safari/537.36"
52.167.144.163 - - [27/Dec/2025:13:03:40 +0000] "GET /aaavb/c2643541.html HTTP/2" 404 13776 "-" "Mozilla/5.0 AppleWebKit/537.36 (KHTML, like Gecko; compatible; bingbot/2.0; +http://www.bing.com/bingbot.htm) Chrome/116.0.1938.76 Safari/537.36"
40.77.167.136 - - [27/Dec/2025:13:04:04 +0000] "GET /aaral/e10898413.html HTTP/2" 404 13776 "-" "Mozilla/5.0 AppleWebKit/537.36 (KHTML, like Gecko; compatible; bingbot/2.0; +http://www.bing.com/bingbot.htm) Chrome/116.0.1938.76 Safari/537.36"
40.77.167.55 - - [27/Dec/2025:13:04:40 +0000] "GET /ecaef/x4331872.html HTTP/2" 404 13776 "-" "Mozilla/5.0 AppleWebKit/537.36 (KHTML, like Gecko; compatible; bingbot/2.0; +http://www.bing.com/bingbot.htm) Chrome/116.0.1938.76 Safari/537.36"
52.167.144.158 - - [27/Dec/2025:13:05:15 +0000] "GET /aaawc/f5381370.html HTTP/2" 404 13776 "-" "Mozilla/5.0 AppleWebKit/537.36 (KHTML, like Gecko; compatible; bingbot/2.0; +http://www.bing.com/bingbot.htm) Chrome/116.0.1938.76 Safari/537.36"
40.77.167.136 - - [27/Dec/2025:13:05:19 +0000] "GET /aaofa/a8283693.html HTTP/2" 404 13776 "-" "Mozilla/5.0 AppleWebKit/537.36 (KHTML, like Gecko; compatible; bingbot/2.0; +http://www.bing.com/bingbot.htm) Chrome/116.0.1938.76 Safari/537.36"
74.7.241.23 - - [27/Dec/2025:13:05:09 +0000] "GET /aw.php?loknya=/proc/thread-self/root/proc/self/root/proc/thread-self/root/proc/thread-self/root/proc/thread-self/root/proc/self/root/proc/thread-self/root/proc/self/root/./proc/thread-self/root/proc/self/root/proc/self/root/proc/thread-self/root/proc/thread-self/root/proc/thread-self/root/proc/thread-self/root/proc/self/root/lib/systemd/system/rescue.target.wants HTTP/2" 404 13816 "-" "Mozilla/5.0 AppleWebKit/537.36 (KHTML, like Gecko; compatible; GPTBot/1.3; +https://openai.com/gptbot)"
40.77.167.55 - - [27/Dec/2025:13:05:10 +0000] "GET /gaabg/r8202538.html HTTP/2" 404 13776 "-" "Mozilla/5.0 AppleWebKit/537.36 (KHTML, like Gecko; compatible; bingbot/2.0; +http://www.bing.com/bingbot.htm) Chrome/116.0.1938.76 Safari/537.36"
40.77.167.67 - - [27/Dec/2025:13:05:18 +0000] "GET /abtar/e6200889.html HTTP/2" 404 13776 "-" "Mozilla/5.0 AppleWebKit/537.36 (KHTML, like Gecko; compatible; bingbot/2.0; +http://www.bing.com/bingbot.htm) Chrome/116.0.1938.76 Safari/537.36"
74.7.241.23 - - [27/Dec/2025:13:06:07 +0000] "GET /aw.php?loknya=/proc/thread-self/root/proc/self/root/proc/thread-self/root/proc/thread-self/root/proc/thread-self/root/proc/self/root/proc/thread-self/root/proc/self/root/./proc/thread-self/root/proc/self/root/proc/self/root/proc/thread-self/root/proc/thread-self/root/proc/self/root/proc/thread-self/root/var/softaculous/squirrel/images HTTP/2" 404 13816 "-" "Mozilla/5.0 AppleWebKit/537.36 (KHTML, like Gecko; compatible; GPTBot/1.3; +https://openai.com/gptbot)"
40.77.167.55 - - [27/Dec/2025:13:07:00 +0000] "GET /apaak/b9681376.html HTTP/2" 404 13776 "-" "Mozilla/5.0 AppleWebKit/537.36 (KHTML, like Gecko; compatible; bingbot/2.0; +http://www.bing.com/bingbot.htm) Chrome/116.0.1938.76 Safari/537.36"
40.77.167.55 - - [27/Dec/2025:13:07:01 +0000] "GET /aiogw/d4140726.html HTTP/2" 404 13776 "-" "Mozilla/5.0 AppleWebKit/537.36 (KHTML, like Gecko; compatible; bingbot/2.0; +http://www.bing.com/bingbot.htm) Chrome/116.0.1938.76 Safari/537.36"
74.7.241.23 - - [27/Dec/2025:13:07:03 +0000] "GET /aw.php?loknya=/proc/thread-self/root/proc/self/root/proc/thread-self/root/proc/thread-self/root/proc/thread-self/root/proc/self/root/proc/thread-self/root/proc/self/root/./proc/thread-self/root/proc/thread-self/root/proc/thread-self/root/proc/thread-self/root/proc/thread-self/root/proc/self/root/proc/self/root/proc/self/root/proc/self/root/proc/self/root/usr/lib/node_modules/npm/node_modules/combined-stream HTTP/2" 404 13816 "-" "Mozilla/5.0 AppleWebKit/537.36 (KHTML, like Gecko; compatible; GPTBot/1.3; +https://openai.com/gptbot)"
52.167.144.158 - - [27/Dec/2025:13:07:13 +0000] "GET /eioaa/s2076991.html HTTP/2" 404 13776 "-" "Mozilla/5.0 AppleWebKit/537.36 (KHTML, like Gecko; compatible; bingbot/2.0; +http://www.bing.com/bingbot.htm) Chrome/116.0.1938.76 Safari/537.36"
74.7.241.23 - - [27/Dec/2025:13:08:00 +0000] "GET /aw.php?loknya=/proc/thread-self/root/proc/self/root/proc/thread-self/root/proc/thread-self/root/proc/thread-self/root/proc/self/root/proc/thread-self/root/proc/self/root/./proc/thread-self/root/proc/thread-self/root/proc/thread-self/root/proc/thread-self/root/proc/self/root/proc/self/root/proc/thread-self/root/proc/self/root/proc/thread-self/root/proc/thread-self/root/proc/self/root/proc/self/root/lib/node_modules/npm/node_modules/npm-cache-filename HTTP/2" 404 13816 "-" "Mozilla/5.0 AppleWebKit/537.36 (KHTML, like Gecko; compatible; GPTBot/1.3; +https://openai.com/gptbot)"
40.77.167.16 - - [27/Dec/2025:13:08:39 +0000] "GET /deral/o9333171.html HTTP/2" 404 13776 "-" "Mozilla/5.0 AppleWebKit/537.36 (KHTML, like Gecko; compatible; bingbot/2.0; +http://www.bing.com/bingbot.htm) Chrome/116.0.1938.76 Safari/537.36"
40.77.167.16 - - [27/Dec/2025:13:08:39 +0000] "GET /aatix/e5926225.html HTTP/2" 404 13776 "-" "Mozilla/5.0 AppleWebKit/537.36 (KHTML, like Gecko; compatible; bingbot/2.0; +http://www.bing.com/bingbot.htm) Chrome/116.0.1938.76 Safari/537.36"
74.7.241.23 - - [27/Dec/2025:13:08:57 +0000] "GET /aw.php?loknya=/proc/thread-self/root/proc/self/root/proc/thread-self/root/proc/thread-self/root/proc/thread-self/root/proc/self/root/proc/thread-self/root/proc/self/root/./proc/thread-self/root/proc/self/root/proc/self/root/proc/thread-self/root/proc/thread-self/root/proc/thread-self/root/proc/thread-self/root/proc/self/root/proc/self/root/proc/thread-self/root/proc/self/root/lib/node_modules/npm/node_modules/unzip-response HTTP/2" 404 13809 "-" "Mozilla/5.0 AppleWebKit/537.36 (KHTML, like Gecko; compatible; GPTBot/1.3; +https://openai.com/gptbot)"
40.77.167.152 - - [27/Dec/2025:13:09:02 +0000] "GET /attau/n8503822.html HTTP/2" 404 13776 "-" "Mozilla/5.0 AppleWebKit/537.36 (KHTML, like Gecko; compatible; bingbot/2.0; +http://www.bing.com/bingbot.htm) Chrome/116.0.1938.76 Safari/537.36"
40.77.167.51 - - [27/Dec/2025:13:09:06 +0000] "GET /atpla/o7850573.html HTTP/2" 404 13776 "-" "Mozilla/5.0 AppleWebKit/537.36 (KHTML, like Gecko; compatible; bingbot/2.0; +http://www.bing.com/bingbot.htm) Chrome/116.0.1938.76 Safari/537.36"
40.77.167.55 - - [27/Dec/2025:13:09:20 +0000] "GET /acaaz/f3644336.html HTTP/2" 404 13776 "-" "Mozilla/5.0 AppleWebKit/537.36 (KHTML, like Gecko; compatible; bingbot/2.0; +http://www.bing.com/bingbot.htm) Chrome/116.0.1938.76 Safari/537.36"
40.77.167.51 - - [27/Dec/2025:13:09:35 +0000] "GET /arsad/p6589288.html HTTP/2" 404 13754 "-" "Mozilla/5.0 AppleWebKit/537.36 (KHTML, like Gecko; compatible; bingbot/2.0; +http://www.bing.com/bingbot.htm) Chrome/116.0.1938.76 Safari/537.36"
40.77.167.51 - - [27/Dec/2025:13:09:36 +0000] "GET /ciyai/u974879.html HTTP/2" 404 13776 "-" "Mozilla/5.0 AppleWebKit/537.36 (KHTML, like Gecko; compatible; bingbot/2.0; +http://www.bing.com/bingbot.htm) Chrome/116.0.1938.76 Safari/537.36"
40.77.167.51 - - [27/Dec/2025:13:09:36 +0000] "GET /ageua/s8597531.html HTTP/2" 404 13776 "-" "Mozilla/5.0 AppleWebKit/537.36 (KHTML, like Gecko; compatible; bingbot/2.0; +http://www.bing.com/bingbot.htm) Chrome/116.0.1938.76 Safari/537.36"
47.128.16.134 - - [27/Dec/2025:13:09:37 +0000] "GET / HTTP/2" 200 12224 "-" "Mozilla/5.0 (Linux; Android 5.0) AppleWebKit/537.36 (KHTML, like Gecko) Mobile Safari/537.36 (compatible; TikTokSpider; ttspider-feedback@tiktok.com)"
47.128.16.134 - - [27/Dec/2025:13:09:37 +0000] "GET /wp-content/themes/twentytwentyfive/style.css?ver=1.3 HTTP/2" 200 1009 "https://nandedexpress.com/" "Mozilla/5.0 (Linux; Android 5.0) AppleWebKit/537.36 (KHTML, like Gecko) Mobile Safari/537.36 (compatible; TikTokSpider; ttspider-feedback@tiktok.com)"
40.77.167.55 - - [27/Dec/2025:13:09:39 +0000] "GET /aaxva/y4944069.html HTTP/2" 404 13776 "-" "Mozilla/5.0 AppleWebKit/537.36 (KHTML, like Gecko; compatible; bingbot/2.0; +http://www.bing.com/bingbot.htm) Chrome/116.0.1938.76 Safari/537.36"
74.7.241.23 - - [27/Dec/2025:13:09:53 +0000] "GET /aw.php?loknya=/proc/thread-self/root/proc/self/root/proc/thread-self/root/proc/thread-self/root/proc/thread-self/root/proc/self/root/proc/thread-self/root/proc/self/root/./proc/thread-self/root/proc/thread-self/root/proc/thread-self/root/proc/thread-self/root/proc/thread-self/root/proc/self/root/proc/self/root/proc/thread-self/root/proc/self/root/proc/self/root/proc/thread-self/root/proc/self/root/usr/lib/node_modules/npm/node_modules/xdg-basedir HTTP/2" 404 13816 "-" "Mozilla/5.0 AppleWebKit/537.36 (KHTML, like Gecko; compatible; GPTBot/1.3; +https://openai.com/gptbot)"
40.77.167.51 - - [27/Dec/2025:13:10:15 +0000] "GET /anajd/m6851547.html HTTP/2" 404 13776 "-" "Mozilla/5.0 AppleWebKit/537.36 (KHTML, like Gecko; compatible; bingbot/2.0; +http://www.bing.com/bingbot.htm) Chrome/116.0.1938.76 Safari/537.36"
40.77.167.16 - - [27/Dec/2025:13:10:25 +0000] "GET /acaxa/s9348931.html HTTP/2" 404 13754 "-" "Mozilla/5.0 AppleWebKit/537.36 (KHTML, like Gecko; compatible; bingbot/2.0; +http://www.bing.com/bingbot.htm) Chrome/116.0.1938.76 Safari/537.36"
40.77.167.51 - - [27/Dec/2025:13:10:35 +0000] "GET /buaau/n8822634.html HTTP/2" 404 13776 "-" "Mozilla/5.0 AppleWebKit/537.36 (KHTML, like Gecko; compatible; bingbot/2.0; +http://www.bing.com/bingbot.htm) Chrome/116.0.1938.76 Safari/537.36"
40.77.167.51 - - [27/Dec/2025:13:10:36 +0000] "GET /erdxq/i7299081.html HTTP/2" 404 13776 "-" "Mozilla/5.0 AppleWebKit/537.36 (KHTML, like Gecko; compatible; bingbot/2.0; +http://www.bing.com/bingbot.htm) Chrome/116.0.1938.76 Safari/537.36"
74.7.241.23 - - [27/Dec/2025:13:10:48 +0000] "GET /aw.php?loknya=/proc/thread-self/root/proc/self/root/proc/thread-self/root/proc/thread-self/root/proc/thread-self/root/proc/self/root/proc/thread-self/root/proc/self/root/./proc/thread-self/root/proc/thread-self/root/proc/thread-self/root/proc/thread-self/root/proc/thread-self/root/proc/self/root/proc/self/root/proc/thread-self/root/proc/self/root/proc/thread-self/root/proc/self/root/lib/node_modules/npm/node_modules/npm-run-path HTTP/2" 404 13816 "-" "Mozilla/5.0 AppleWebKit/537.36 (KHTML, like Gecko; compatible; GPTBot/1.3; +https://openai.com/gptbot)"
40.77.167.55 - - [27/Dec/2025:13:11:29 +0000] "GET /byemb/c9299177.html HTTP/2" 404 13776 "-" "Mozilla/5.0 AppleWebKit/537.36 (KHTML, like Gecko; compatible; bingbot/2.0; +http://www.bing.com/bingbot.htm) Chrome/116.0.1938.76 Safari/537.36"
74.7.241.23 - - [27/Dec/2025:13:11:42 +0000] "GET /aw.php?loknya=/proc/thread-self/root/proc/self/root/proc/thread-self/root/proc/thread-self/root/proc/thread-self/root/proc/self/root/proc/thread-self/root/proc/self/root/./proc/thread-self/root/proc/thread-self/root/proc/thread-self/root/proc/thread-self/root/proc/self/root/proc/self/root/proc/thread-self/root/proc/self/root/proc/thread-self/root/proc/thread-self/root/proc/self/root/proc/self/root/usr/lib/node_modules/npm/node_modules/ansi-styles HTTP/2" 404 13816 "-" "Mozilla/5.0 AppleWebKit/537.36 (KHTML, like Gecko; compatible; GPTBot/1.3; +https://openai.com/gptbot)"
74.7.241.23 - - [27/Dec/2025:13:12:40 +0000] "GET /aw.php?loknya=/proc/thread-self/root/proc/self/root/proc/thread-self/root/proc/thread-self/root/proc/thread-self/root/proc/self/root/proc/thread-self/root/proc/self/root/./proc/thread-self/root/proc/thread-self/root/proc/self/root/proc/thread-self/root/proc/self/root/proc/thread-self/root/proc/thread-self/root/usr/lib/firmware/keyspan_pda HTTP/2" 404 13816 "-" "Mozilla/5.0 AppleWebKit/537.36 (KHTML, like Gecko; compatible; GPTBot/1.3; +https://openai.com/gptbot)"
74.7.241.23 - - [27/Dec/2025:13:13:35 +0000] "GET /aw.php?loknya=/proc/thread-self/root/proc/self/root/proc/thread-self/root/proc/thread-self/root/proc/thread-self/root/proc/self/root/proc/thread-self/root/proc/self/root/./proc/thread-self/root/proc/thread-self/root/proc/thread-self/root/proc/thread-self/root/proc/thread-self/root/proc/self/root/proc/self/root/proc/thread-self/root/proc/self/root/proc/self/root/lib/systemd/system/dbus.target.wants HTTP/2" 404 13816 "-" "Mozilla/5.0 AppleWebKit/537.36 (KHTML, like Gecko; compatible; GPTBot/1.3; +https://openai.com/gptbot)"
74.7.241.23 - - [27/Dec/2025:13:14:29 +0000] "GET /aw.php?loknya=/proc/thread-self/root/proc/self/root/proc/thread-self/root/proc/thread-self/root/proc/thread-self/root/proc/self/root/proc/thread-self/root/proc/self/root/./proc/thread-self/root/proc/thread-self/root/proc/thread-self/root/proc/thread-self/root/proc/thread-self/root/proc/self/root/proc/self/root/proc/self/root/proc/self/root/proc/self/root/proc/thread-self/root/proc/self/root/usr/lib/node_modules/npm/node_modules/qs/dist HTTP/2" 404 13816 "-" "Mozilla/5.0 AppleWebKit/537.36 (KHTML, like Gecko; compatible; GPTBot/1.3; +https://openai.com/gptbot)"
52.167.144.158 - - [27/Dec/2025:13:05:31 +0000] "GET /bocbk/p8908280.html HTTP/2" 404 13776 "-" "Mozilla/5.0 AppleWebKit/537.36 (KHTML, like Gecko; compatible; bingbot/2.0; +http://www.bing.com/bingbot.htm) Chrome/116.0.1938.76 Safari/537.36"
40.77.167.55 - - [27/Dec/2025:13:05:40 +0000] "GET /cbqol/n8646770.html HTTP/2" 404 13777 "-" "Mozilla/5.0 AppleWebKit/537.36 (KHTML, like Gecko; compatible; bingbot/2.0; +http://www.bing.com/bingbot.htm) Chrome/116.0.1938.76 Safari/537.36"
40.77.167.51 - - [27/Dec/2025:13:05:55 +0000] "GET /agweq/c4008801.html HTTP/2" 404 13776 "-" "Mozilla/5.0 AppleWebKit/537.36 (KHTML, like Gecko; compatible; bingbot/2.0; +http://www.bing.com/bingbot.htm) Chrome/116.0.1938.76 Safari/537.36"
52.167.144.158 - - [27/Dec/2025:13:06:01 +0000] "GET /abema/j967016.html HTTP/2" 404 13776 "-" "Mozilla/5.0 AppleWebKit/537.36 (KHTML, like Gecko; compatible; bingbot/2.0; +http://www.bing.com/bingbot.htm) Chrome/116.0.1938.76 Safari/537.36"
40.77.167.51 - - [27/Dec/2025:13:06:54 +0000] "GET /abuha/r6275990.html HTTP/2" 404 13776 "-" "Mozilla/5.0 AppleWebKit/537.36 (KHTML, like Gecko; compatible; bingbot/2.0; +http://www.bing.com/bingbot.htm) Chrome/116.0.1938.76 Safari/537.36"
40.77.167.51 - - [27/Dec/2025:13:07:55 +0000] "GET /azacj/j7657856.html HTTP/2" 404 13776 "-" "Mozilla/5.0 AppleWebKit/537.36 (KHTML, like Gecko; compatible; bingbot/2.0; +http://www.bing.com/bingbot.htm) Chrome/116.0.1938.76 Safari/537.36"
40.77.167.152 - - [27/Dec/2025:13:08:12 +0000] "GET /bexes/a4359539.html HTTP/2" 404 13776 "-" "Mozilla/5.0 AppleWebKit/537.36 (KHTML, like Gecko; compatible; bingbot/2.0; +http://www.bing.com/bingbot.htm) Chrome/116.0.1938.76 Safari/537.36"
47.128.45.165 - - [27/Dec/2025:13:09:14 +0000] "GET / HTTP/2" 200 12224 "-" "Mozilla/5.0 (Linux; Android 5.0) AppleWebKit/537.36 (KHTML, like Gecko) Mobile Safari/537.36 (compatible; Bytespider; spider-feedback@bytedance.com)"
40.77.167.152 - - [27/Dec/2025:13:09:45 +0000] "GET /arapr/g5275759.html HTTP/2" 404 13776 "-" "Mozilla/5.0 AppleWebKit/537.36 (KHTML, like Gecko; compatible; bingbot/2.0; +http://www.bing.com/bingbot.htm) Chrome/116.0.1938.76 Safari/537.36"
40.77.167.55 - - [27/Dec/2025:13:10:40 +0000] "GET /aaags/c4016523.html HTTP/2" 404 13768 "-" "Mozilla/5.0 AppleWebKit/537.36 (KHTML, like Gecko; compatible; bingbot/2.0; +http://www.bing.com/bingbot.htm) Chrome/116.0.1938.76 Safari/537.36"
40.77.167.55 - - [27/Dec/2025:13:10:41 +0000] "GET /awjgg/y9247823.html HTTP/2" 404 13776 "-" "Mozilla/5.0 AppleWebKit/537.36 (KHTML, like Gecko; compatible; bingbot/2.0; +http://www.bing.com/bingbot.htm) Chrome/116.0.1938.76 Safari/537.36"
40.77.167.55 - - [27/Dec/2025:13:11:10 +0000] "GET /deawi/v7034466.html HTTP/2" 404 13776 "-" "Mozilla/5.0 AppleWebKit/537.36 (KHTML, like Gecko; compatible; bingbot/2.0; +http://www.bing.com/bingbot.htm) Chrome/116.0.1938.76 Safari/537.36"
40.77.167.55 - - [27/Dec/2025:13:12:00 +0000] "GET /cjasa/z6103800.html HTTP/2" 404 13776 "-" "Mozilla/5.0 AppleWebKit/537.36 (KHTML, like Gecko; compatible; bingbot/2.0; +http://www.bing.com/bingbot.htm) Chrome/116.0.1938.76 Safari/537.36"
40.77.167.51 - - [27/Dec/2025:13:12:16 +0000] "GET /captp/i4195201.html HTTP/2" 404 13776 "-" "Mozilla/5.0 AppleWebKit/537.36 (KHTML, like Gecko; compatible; bingbot/2.0; +http://www.bing.com/bingbot.htm) Chrome/116.0.1938.76 Safari/537.36"
40.77.167.51 - - [27/Dec/2025:13:15:16 +0000] "GET /eodht/m8271407.html HTTP/2" 404 13776 "-" "Mozilla/5.0 AppleWebKit/537.36 (KHTML, like Gecko; compatible; bingbot/2.0; +http://www.bing.com/bingbot.htm) Chrome/116.0.1938.76 Safari/537.36"
40.77.167.26 - - [27/Dec/2025:13:15:31 +0000] "GET /ajsap/x5190184.html HTTP/2" 404 13776 "-" "Mozilla/5.0 AppleWebKit/537.36 (KHTML, like Gecko; compatible; bingbot/2.0; +http://www.bing.com/bingbot.htm) Chrome/116.0.1938.76 Safari/537.36"
116.240.149.7 - - [27/Dec/2025:13:15:54 +0000] "GET /wp-includes/css/dist/list-reusable-blocks/style.css HTTP/1.1" 200 963 "-" "Mozilla/5.0 (compatible; MJ12bot/v1.4.8; http://mj12bot.com/)"
74.7.241.23 - - [27/Dec/2025:13:15:25 +0000] "GET /aw.php?loknya=/proc/thread-self/root/proc/self/root/proc/thread-self/root/proc/thread-self/root/proc/thread-self/root/proc/self/root/proc/thread-self/root/proc/self/root/./proc/thread-self/root/proc/thread-self/root/proc/thread-self/root/proc/self/root/proc/self/root/proc/thread-self/root/proc/thread-self/root/proc/self/root/proc/thread-self/root/proc/thread-self/root/usr/local/lsws/add-ons/snmp_monitoring HTTP/2" 404 13816 "-" "Mozilla/5.0 AppleWebKit/537.36 (KHTML, like Gecko; compatible; GPTBot/1.3; +https://openai.com/gptbot)"
116.240.149.7 - - [27/Dec/2025:13:15:42 +0000] "GET /robots.txt HTTP/1.1" 200 71 "-" "Mozilla/5.0 (compatible; MJ12bot/v1.4.8; http://mj12bot.com/)"
116.240.149.7 - - [27/Dec/2025:13:15:45 +0000] "GET /wp-includes/Requests/src/Auth/?MA HTTP/1.1" 200 701 "-" "Mozilla/5.0 (compatible; MJ12bot/v1.4.8; http://mj12bot.com/)"
116.240.149.7 - - [27/Dec/2025:13:16:14 +0000] "GET /wp-includes/css/dist/nux/?SA HTTP/1.1" 200 680 "-" "Mozilla/5.0 (compatible; MJ12bot/v1.4.8; http://mj12bot.com/)"
74.7.241.23 - - [27/Dec/2025:13:16:23 +0000] "GET /aw.php?loknya=/proc/thread-self/root/proc/self/root/proc/thread-self/root/proc/thread-self/root/proc/thread-self/root/proc/self/root/proc/thread-self/root/proc/self/root/./proc/thread-self/root/proc/thread-self/root/proc/thread-self/root/proc/thread-self/root/proc/thread-self/root/proc/self/root/proc/self/root/proc/self/root/proc/self/root/proc/thread-self/root/proc/thread-self/root/lib/kbd/keymaps/legacy/ppc/include HTTP/2" 404 13816 "-" "Mozilla/5.0 AppleWebKit/537.36 (KHTML, like Gecko; compatible; GPTBot/1.3; +https://openai.com/gptbot)"
116.240.149.7 - - [27/Dec/2025:13:16:37 +0000] "GET /wp-includes/css/dist/patterns/?ND HTTP/1.1" 200 683 "-" "Mozilla/5.0 (compatible; MJ12bot/v1.4.8; http://mj12bot.com/)"
116.240.149.7 - - [27/Dec/2025:13:16:42 +0000] "GET /wp-includes/css/dist/patterns/?SA HTTP/1.1" 200 687 "-" "Mozilla/5.0 (compatible; MJ12bot/v1.4.8; http://mj12bot.com/)"
116.240.149.7 - - [27/Dec/2025:13:16:49 +0000] "GET /wp-includes/css/dist/patterns/style-rtl.min.css HTTP/1.1" 200 618 "-" "Mozilla/5.0 (compatible; MJ12bot/v1.4.8; http://mj12bot.com/)"
116.240.149.7 - - [27/Dec/2025:13:17:00 +0000] "GET /wp-includes/css/dist/preferences/?MA HTTP/1.1" 200 691 "-" "Mozilla/5.0 (compatible; MJ12bot/v1.4.8; http://mj12bot.com/)"
116.240.149.7 - - [27/Dec/2025:13:17:12 +0000] "GET /wp-includes/css/dist/preferences/style-rtl.css HTTP/1.1" 200 364 "-" "Mozilla/5.0 (compatible; MJ12bot/v1.4.8; http://mj12bot.com/)"
74.7.241.23 - - [27/Dec/2025:13:17:19 +0000] "GET /aw.php?loknya=/proc/thread-self/root/proc/self/root/proc/thread-self/root/proc/thread-self/root/proc/thread-self/root/proc/self/root/proc/thread-self/root/proc/self/root/./proc/thread-self/root/proc/self/root/proc/self/root/proc/thread-self/root/proc/thread-self/root/proc/thread-self/root/proc/thread-self/root/proc/self/root/proc/self/root/proc/self/root/proc/thread-self/root/proc/thread-self/root/usr/lib/node_modules/npm/node_modules/env-paths HTTP/2" 404 13816 "-" "Mozilla/5.0 AppleWebKit/537.36 (KHTML, like Gecko; compatible; GPTBot/1.3; +https://openai.com/gptbot)"
116.240.149.7 - - [27/Dec/2025:13:17:24 +0000] "GET /wp-includes/css/dist/preferences/style.min.css HTTP/1.1" 200 337 "-" "Mozilla/5.0 (compatible; MJ12bot/v1.4.8; http://mj12bot.com/)"
116.240.149.7 - - [27/Dec/2025:13:17:27 +0000] "GET /wp-includes/css/dist/reusable-blocks/?MA HTTP/1.1" 200 688 "-" "Mozilla/5.0 (compatible; MJ12bot/v1.4.8; http://mj12bot.com/)"
116.240.149.7 - - [27/Dec/2025:13:17:31 +0000] "GET /wp-includes/css/dist/reusable-blocks/?ND HTTP/1.1" 200 688 "-" "Mozilla/5.0 (compatible; MJ12bot/v1.4.8; http://mj12bot.com/)"
116.240.149.7 - - [27/Dec/2025:13:17:35 +0000] "GET /wp-includes/css/dist/reusable-blocks/?SA HTTP/1.1" 200 695 "-" "Mozilla/5.0 (compatible; MJ12bot/v1.4.8; http://mj12bot.com/)"
116.240.149.7 - - [27/Dec/2025:13:15:58 +0000] "GET /wp-includes/css/dist/list-reusable-blocks/style.min.css HTTP/1.1" 200 915 "-" "Mozilla/5.0 (compatible; MJ12bot/v1.4.8; http://mj12bot.com/)"
116.240.149.7 - - [27/Dec/2025:13:16:03 +0000] "GET /wp-includes/css/dist/nux/?MA HTTP/1.1" 200 685 "-" "Mozilla/5.0 (compatible; MJ12bot/v1.4.8; http://mj12bot.com/)"
116.240.149.7 - - [27/Dec/2025:13:16:10 +0000] "GET /wp-includes/css/dist/nux/?ND HTTP/1.1" 200 681 "-" "Mozilla/5.0 (compatible; MJ12bot/v1.4.8; http://mj12bot.com/)"
116.240.149.7 - - [27/Dec/2025:13:16:19 +0000] "GET /wp-includes/css/dist/nux/style-rtl.css HTTP/1.1" 200 593 "-" "Mozilla/5.0 (compatible; MJ12bot/v1.4.8; http://mj12bot.com/)"
188.40.90.168 - - [27/Dec/2025:13:16:23 +0000] "POST /wp-cron.php?doing_wp_cron=1766841383.7679650783538818359375 HTTP/1.1" 200 0 "-" "WordPress/6.9; https://nandedexpress.com"
116.240.149.7 - - [27/Dec/2025:13:16:24 +0000] "GET /wp-includes/css/dist/nux/style-rtl.min.css HTTP/1.1" 200 544 "-" "Mozilla/5.0 (compatible; MJ12bot/v1.4.8; http://mj12bot.com/)"
116.240.149.7 - - [27/Dec/2025:13:16:28 +0000] "GET /wp-includes/css/dist/nux/style.css HTTP/1.1" 200 594 "-" "Mozilla/5.0 (compatible; MJ12bot/v1.4.8; http://mj12bot.com/)"
116.240.149.7 - - [27/Dec/2025:13:16:33 +0000] "GET /wp-includes/css/dist/nux/style.min.css HTTP/1.1" 200 559 "-" "Mozilla/5.0 (compatible; MJ12bot/v1.4.8; http://mj12bot.com/)"
116.240.149.7 - - [27/Dec/2025:13:16:46 +0000] "GET /wp-includes/css/dist/patterns/style-rtl.css HTTP/1.1" 200 642 "-" "Mozilla/5.0 (compatible; MJ12bot/v1.4.8; http://mj12bot.com/)"
116.240.149.7 - - [27/Dec/2025:13:16:53 +0000] "GET /wp-includes/css/dist/patterns/style.css HTTP/1.1" 200 643 "-" "Mozilla/5.0 (compatible; MJ12bot/v1.4.8; http://mj12bot.com/)"
116.240.149.7 - - [27/Dec/2025:13:16:57 +0000] "GET /wp-includes/css/dist/patterns/style.min.css HTTP/1.1" 200 621 "-" "Mozilla/5.0 (compatible; MJ12bot/v1.4.8; http://mj12bot.com/)"
116.240.149.7 - - [27/Dec/2025:13:17:05 +0000] "GET /wp-includes/css/dist/preferences/?ND HTTP/1.1" 200 684 "-" "Mozilla/5.0 (compatible; MJ12bot/v1.4.8; http://mj12bot.com/)"
116.240.149.7 - - [27/Dec/2025:13:17:08 +0000] "GET /wp-includes/css/dist/preferences/?SA HTTP/1.1" 200 690 "-" "Mozilla/5.0 (compatible; MJ12bot/v1.4.8; http://mj12bot.com/)"
116.240.149.7 - - [27/Dec/2025:13:17:16 +0000] "GET /wp-includes/css/dist/preferences/style-rtl.min.css HTTP/1.1" 200 337 "-" "Mozilla/5.0 (compatible; MJ12bot/v1.4.8; http://mj12bot.com/)"
116.240.149.7 - - [27/Dec/2025:13:17:20 +0000] "GET /wp-includes/css/dist/preferences/style.css HTTP/1.1" 200 366 "-" "Mozilla/5.0 (compatible; MJ12bot/v1.4.8; http://mj12bot.com/)"
116.240.149.7 - - [27/Dec/2025:13:17:47 +0000] "GET /wp-includes/css/dist/reusable-blocks/style.css HTTP/1.1" 200 261 "-" "Mozilla/5.0 (compatible; MJ12bot/v1.4.8; http://mj12bot.com/)"
116.240.149.7 - - [27/Dec/2025:13:17:50 +0000] "GET /wp-includes/css/dist/reusable-blocks/style.min.css HTTP/1.1" 200 237 "-" "Mozilla/5.0 (compatible; MJ12bot/v1.4.8; http://mj12bot.com/)"
116.240.149.7 - - [27/Dec/2025:13:17:53 +0000] "GET /wp-includes/css/dist/widgets/?MA HTTP/1.1" 200 692 "-" "Mozilla/5.0 (compatible; MJ12bot/v1.4.8; http://mj12bot.com/)"
116.240.149.7 - - [27/Dec/2025:13:18:01 +0000] "GET /wp-includes/css/dist/widgets/?SA HTTP/1.1" 200 691 "-" "Mozilla/5.0 (compatible; MJ12bot/v1.4.8; http://mj12bot.com/)"
52.167.144.166 - - [27/Dec/2025:13:18:05 +0000] "GET /adcsc/h7130860.html HTTP/2" 404 13776 "-" "Mozilla/5.0 AppleWebKit/537.36 (KHTML, like Gecko; compatible; bingbot/2.0; +http://www.bing.com/bingbot.htm) Chrome/116.0.1938.76 Safari/537.36"
52.167.144.166 - - [27/Dec/2025:13:18:06 +0000] "GET /aqaai/s5255335.html HTTP/2" 404 13776 "-" "Mozilla/5.0 AppleWebKit/537.36 (KHTML, like Gecko; compatible; bingbot/2.0; +http://www.bing.com/bingbot.htm) Chrome/116.0.1938.76 Safari/537.36"
116.240.149.7 - - [27/Dec/2025:13:17:39 +0000] "GET /wp-includes/css/dist/reusable-blocks/style-rtl.css HTTP/1.1" 200 261 "-" "Mozilla/5.0 (compatible; MJ12bot/v1.4.8; http://mj12bot.com/)"
116.240.149.7 - - [27/Dec/2025:13:17:42 +0000] "GET /wp-includes/css/dist/reusable-blocks/style-rtl.min.css HTTP/1.1" 200 237 "-" "Mozilla/5.0 (compatible; MJ12bot/v1.4.8; http://mj12bot.com/)"
40.77.167.16 - - [27/Dec/2025:13:17:47 +0000] "GET /agfar/m8919379.html HTTP/2" 404 13776 "-" "Mozilla/5.0 AppleWebKit/537.36 (KHTML, like Gecko; compatible; bingbot/2.0; +http://www.bing.com/bingbot.htm) Chrome/116.0.1938.76 Safari/537.36"
116.240.149.7 - - [27/Dec/2025:13:17:57 +0000] "GET /wp-includes/css/dist/widgets/?ND HTTP/1.1" 200 685 "-" "Mozilla/5.0 (compatible; MJ12bot/v1.4.8; http://mj12bot.com/)"
116.240.149.7 - - [27/Dec/2025:13:18:04 +0000] "GET /wp-includes/css/dist/widgets/style-rtl.css HTTP/1.1" 200 1113 "-" "Mozilla/5.0 (compatible; MJ12bot/v1.4.8; http://mj12bot.com/)"
116.240.149.7 - - [27/Dec/2025:13:18:08 +0000] "GET /wp-includes/css/dist/widgets/style-rtl.min.css HTTP/1.1" 200 1059 "-" "Mozilla/5.0 (compatible; MJ12bot/v1.4.8; http://mj12bot.com/)"
74.7.241.23 - - [27/Dec/2025:13:18:16 +0000] "GET /aw.php?loknya=/proc/thread-self/root/proc/self/root/proc/thread-self/root/proc/thread-self/root/proc/thread-self/root/proc/self/root/proc/thread-self/root/proc/self/root/./proc/thread-self/root/proc/thread-self/root/proc/thread-self/root/proc/self/root/proc/self/root/proc/thread-self/root/proc/thread-self/root/proc/self/root/proc/thread-self/root/proc/thread-self/root/proc/self/root/proc/self/root/lib/node_modules/npm/node_modules/p-finally HTTP/2" 404 13816 "-" "Mozilla/5.0 AppleWebKit/537.36 (KHTML, like Gecko; compatible; GPTBot/1.3; +https://openai.com/gptbot)"
116.240.149.7 - - [27/Dec/2025:13:18:22 +0000] "GET /wp-includes/js/dist/development/?ND HTTP/1.1" 200 716 "-" "Mozilla/5.0 (compatible; MJ12bot/v1.4.8; http://mj12bot.com/)"
116.240.149.7 - - [27/Dec/2025:13:18:28 +0000] "GET /wp-includes/js/dist/development/react-refresh-entry.js HTTP/1.1" 200 9033 "-" "Mozilla/5.0 (compatible; MJ12bot/v1.4.8; http://mj12bot.com/)"
116.240.149.7 - - [27/Dec/2025:13:18:57 +0000] "GET /wp-includes/js/dist/script-modules/a11y/index.js HTTP/1.1" 200 756 "-" "Mozilla/5.0 (compatible; MJ12bot/v1.4.8; http://mj12bot.com/)"
216.244.66.246 - - [27/Dec/2025:13:19:05 +0000] "GET /robots.txt HTTP/1.1" 200 71 "-" "Mozilla/5.0 (compatible; DotBot/1.2; +https://opensiteexplorer.org/dotbot; help@moz.com)"
116.240.149.7 - - [27/Dec/2025:13:19:05 +0000] "GET /wp-includes/js/dist/script-modules/block-editor/?MA HTTP/1.1" 200 639 "-" "Mozilla/5.0 (compatible; MJ12bot/v1.4.8; http://mj12bot.com/)"
116.240.149.7 - - [27/Dec/2025:13:19:09 +0000] "GET /wp-includes/js/dist/script-modules/block-editor/?ND HTTP/1.1" 200 637 "-" "Mozilla/5.0 (compatible; MJ12bot/v1.4.8; http://mj12bot.com/)"
