52.167.144.208 - - [18/Jan/2026:22:59:49 +0000] "GET /dhcea/n5732872.html HTTP/2" 404 13768 "-" "Mozilla/5.0 AppleWebKit/537.36 (KHTML, like Gecko; compatible; bingbot/2.0; +http://www.bing.com/bingbot.htm) Chrome/116.0.1938.76 Safari/537.36"
52.167.144.202 - - [18/Jan/2026:23:00:01 +0000] "GET /axaxu/n8045429.html HTTP/2" 301 0 "-" "Mozilla/5.0 AppleWebKit/537.36 (KHTML, like Gecko; compatible; bingbot/2.0; +http://www.bing.com/bingbot.htm) Chrome/116.0.1938.76 Safari/537.36"
40.77.167.59 - - [18/Jan/2026:23:00:16 +0000] "GET /amffa/w10102155.html HTTP/2" 404 13776 "-" "Mozilla/5.0 AppleWebKit/537.36 (KHTML, like Gecko; compatible; bingbot/2.0; +http://www.bing.com/bingbot.htm) Chrome/116.0.1938.76 Safari/537.36"
157.173.120.59 - - [18/Jan/2026:23:00:41 +0000] "GET /wp-includes/class-wp-script-modules.php HTTP/1.1" 200 0 "binance.com" "Mozilla/5.0 (Windows NT 10.0; Win64; x64) AppleWebKit/537.36 (KHTML, like Gecko) Chrome/90.0.4430.85 Safari/537.36"
52.167.144.202 - - [18/Jan/2026:23:00:43 +0000] "GET /anspt/m3907710.html HTTP/2" 301 0 "-" "Mozilla/5.0 AppleWebKit/537.36 (KHTML, like Gecko; compatible; bingbot/2.0; +http://www.bing.com/bingbot.htm) Chrome/116.0.1938.76 Safari/537.36"
52.167.144.202 - - [18/Jan/2026:23:00:43 +0000] "GET /cntik/n3013415.html HTTP/2" 301 0 "-" "Mozilla/5.0 AppleWebKit/537.36 (KHTML, like Gecko; compatible; bingbot/2.0; +http://www.bing.com/bingbot.htm) Chrome/116.0.1938.76 Safari/537.36"
157.173.120.59 - - [18/Jan/2026:23:00:52 +0000] "GET /wp-includes/class-wp-scripts.php HTTP/1.1" 500 0 "binance.com" "Mozilla/5.0 (Windows NT 10.0; Win64; x64) AppleWebKit/537.36 (KHTML, like Gecko) Chrome/90.0.4430.85 Safari/537.36"
52.167.144.208 - - [18/Jan/2026:23:01:00 +0000] "GET /ajsar/a3104779.html HTTP/2" 404 13754 "-" "Mozilla/5.0 AppleWebKit/537.36 (KHTML, like Gecko; compatible; bingbot/2.0; +http://www.bing.com/bingbot.htm) Chrome/116.0.1938.76 Safari/537.36"
52.167.144.166 - - [18/Jan/2026:23:01:05 +0000] "GET /avaoz/r7438151.html HTTP/2" 301 0 "-" "Mozilla/5.0 AppleWebKit/537.36 (KHTML, like Gecko; compatible; bingbot/2.0; +http://www.bing.com/bingbot.htm) Chrome/116.0.1938.76 Safari/537.36"
52.167.144.166 - - [18/Jan/2026:23:01:06 +0000] "GET /clmkq/l781183.html HTTP/2" 301 0 "-" "Mozilla/5.0 AppleWebKit/537.36 (KHTML, like Gecko; compatible; bingbot/2.0; +http://www.bing.com/bingbot.htm) Chrome/116.0.1938.76 Safari/537.36"
40.77.167.59 - - [18/Jan/2026:23:01:13 +0000] "GET /cdiva/y2577848.html HTTP/2" 301 0 "-" "Mozilla/5.0 AppleWebKit/537.36 (KHTML, like Gecko; compatible; bingbot/2.0; +http://www.bing.com/bingbot.htm) Chrome/116.0.1938.76 Safari/537.36"
157.173.120.59 - - [18/Jan/2026:23:01:16 +0000] "GET /wp-includes/class-wp-styles.php HTTP/1.1" 500 0 "binance.com" "Mozilla/5.0 (Windows NT 10.0; Win64; x64) AppleWebKit/537.36 (KHTML, like Gecko) Chrome/90.0.4430.85 Safari/537.36"
52.167.144.166 - - [18/Jan/2026:23:01:17 +0000] "GET /aqajk/t6998571.html HTTP/2" 301 0 "-" "Mozilla/5.0 AppleWebKit/537.36 (KHTML, like Gecko; compatible; bingbot/2.0; +http://www.bing.com/bingbot.htm) Chrome/116.0.1938.76 Safari/537.36"
40.77.167.59 - - [18/Jan/2026:23:01:22 +0000] "GET /bkxfj/d1876503.html HTTP/2" 301 0 "-" "Mozilla/5.0 AppleWebKit/537.36 (KHTML, like Gecko; compatible; bingbot/2.0; +http://www.bing.com/bingbot.htm) Chrome/116.0.1938.76 Safari/537.36"
40.77.167.15 - - [18/Jan/2026:23:01:34 +0000] "GET /breox/y4956601.html HTTP/2" 404 13776 "-" "Mozilla/5.0 AppleWebKit/537.36 (KHTML, like Gecko; compatible; bingbot/2.0; +http://www.bing.com/bingbot.htm) Chrome/116.0.1938.76 Safari/537.36"
52.167.144.166 - - [18/Jan/2026:23:01:48 +0000] "GET /bnraw/e8152436.html HTTP/2" 301 0 "-" "Mozilla/5.0 AppleWebKit/537.36 (KHTML, like Gecko; compatible; bingbot/2.0; +http://www.bing.com/bingbot.htm) Chrome/116.0.1938.76 Safari/537.36"
52.167.144.208 - - [18/Jan/2026:23:01:50 +0000] "GET /aainx/h6375794.html HTTP/2" 404 13776 "-" "Mozilla/5.0 AppleWebKit/537.36 (KHTML, like Gecko; compatible; bingbot/2.0; +http://www.bing.com/bingbot.htm) Chrome/116.0.1938.76 Safari/537.36"
157.173.120.59 - - [18/Jan/2026:23:02:03 +0000] "GET /wp-includes/class-wp-theme-json-schema.php HTTP/1.1" 200 0 "binance.com" "Mozilla/5.0 (Windows NT 10.0; Win64; x64) AppleWebKit/537.36 (KHTML, like Gecko) Chrome/90.0.4430.85 Safari/537.36"
40.77.167.15 - - [18/Jan/2026:23:02:16 +0000] "GET /cttza/q4448501.html HTTP/2" 404 13776 "-" "Mozilla/5.0 AppleWebKit/537.36 (KHTML, like Gecko; compatible; bingbot/2.0; +http://www.bing.com/bingbot.htm) Chrome/116.0.1938.76 Safari/537.36"
40.77.167.59 - - [18/Jan/2026:23:02:25 +0000] "GET /vaaka/u4396258.html HTTP/2" 301 0 "-" "Mozilla/5.0 AppleWebKit/537.36 (KHTML, like Gecko; compatible; bingbot/2.0; +http://www.bing.com/bingbot.htm) Chrome/116.0.1938.76 Safari/537.36"
40.77.167.59 - - [18/Jan/2026:23:02:26 +0000] "GET /cczar/i3570304.html HTTP/2" 301 0 "-" "Mozilla/5.0 AppleWebKit/537.36 (KHTML, like Gecko; compatible; bingbot/2.0; +http://www.bing.com/bingbot.htm) Chrome/116.0.1938.76 Safari/537.36"
157.173.120.59 - - [18/Jan/2026:23:02:30 +0000] "GET /wp-includes/class-wp-url-pattern-prefixer.php HTTP/1.1" 200 0 "binance.com" "Mozilla/5.0 (Windows NT 10.0; Win64; x64) AppleWebKit/537.36 (KHTML, like Gecko) Chrome/90.0.4430.85 Safari/537.36"
157.173.120.59 - - [18/Jan/2026:23:02:41 +0000] "GET /wp-includes/class-wpdb.php HTTP/1.1" 200 0 "binance.com" "Mozilla/5.0 (Windows NT 10.0; Win64; x64) AppleWebKit/537.36 (KHTML, like Gecko) Chrome/90.0.4430.85 Safari/537.36"
52.167.144.208 - - [18/Jan/2026:23:02:43 +0000] "GET /avana/h8127934.html HTTP/2" 404 13776 "-" "Mozilla/5.0 AppleWebKit/537.36 (KHTML, like Gecko; compatible; bingbot/2.0; +http://www.bing.com/bingbot.htm) Chrome/116.0.1938.76 Safari/537.36"
157.173.120.59 - - [18/Jan/2026:23:02:52 +0000] "GET /wp-includes/compat-utf8.php HTTP/1.1" 200 0 "binance.com" "Mozilla/5.0 (Windows NT 10.0; Win64; x64) AppleWebKit/537.36 (KHTML, like Gecko) Chrome/90.0.4430.85 Safari/537.36"
157.173.120.59 - - [18/Jan/2026:23:03:13 +0000] "GET /wp-includes/global-styles-and-settings.php HTTP/1.1" 200 0 "binance.com" "Mozilla/5.0 (Windows NT 10.0; Win64; x64) AppleWebKit/537.36 (KHTML, like Gecko) Chrome/90.0.4430.85 Safari/537.36"
40.77.167.15 - - [18/Jan/2026:23:03:14 +0000] "GET /evbga/d2232638.html HTTP/2" 404 13776 "-" "Mozilla/5.0 AppleWebKit/537.36 (KHTML, like Gecko; compatible; bingbot/2.0; +http://www.bing.com/bingbot.htm) Chrome/116.0.1938.76 Safari/537.36"
52.167.144.21 - - [18/Jan/2026:23:03:20 +0000] "GET /hsaij/r1500934.html HTTP/2" 404 13776 "-" "Mozilla/5.0 AppleWebKit/537.36 (KHTML, like Gecko; compatible; bingbot/2.0; +http://www.bing.com/bingbot.htm) Chrome/116.0.1938.76 Safari/537.36"
157.173.120.59 - - [18/Jan/2026:23:03:25 +0000] "GET /wp-includes/header.php HTTP/1.1" 200 0 "binance.com" "Mozilla/5.0 (Windows NT 10.0; Win64; x64) AppleWebKit/537.36 (KHTML, like Gecko) Chrome/90.0.4430.85 Safari/537.36"
40.77.167.59 - - [18/Jan/2026:23:03:44 +0000] "GET /athra/m4462550.html HTTP/2" 301 0 "-" "Mozilla/5.0 AppleWebKit/537.36 (KHTML, like Gecko; compatible; bingbot/2.0; +http://www.bing.com/bingbot.htm) Chrome/116.0.1938.76 Safari/537.36"
40.77.167.59 - - [18/Jan/2026:23:03:45 +0000] "GET /aaoha/g4144720.html HTTP/2" 301 0 "-" "Mozilla/5.0 AppleWebKit/537.36 (KHTML, like Gecko; compatible; bingbot/2.0; +http://www.bing.com/bingbot.htm) Chrome/116.0.1938.76 Safari/537.36"
157.173.120.59 - - [18/Jan/2026:23:03:48 +0000] "GET /wp-includes/https-migration.php HTTP/1.1" 200 0 "binance.com" "Mozilla/5.0 (Windows NT 10.0; Win64; x64) AppleWebKit/537.36 (KHTML, like Gecko) Chrome/90.0.4430.85 Safari/537.36"
157.173.120.59 - - [18/Jan/2026:23:03:57 +0000] "GET /wp-includes/robots-template.php HTTP/1.1" 200 0 "binance.com" "Mozilla/5.0 (Windows NT 10.0; Win64; x64) AppleWebKit/537.36 (KHTML, like Gecko) Chrome/90.0.4430.85 Safari/537.36"
157.173.120.59 - - [18/Jan/2026:23:01:52 +0000] "GET /wp-includes/class-wp-theme-json-resolver.php HTTP/1.1" 200 0 "binance.com" "Mozilla/5.0 (Windows NT 10.0; Win64; x64) AppleWebKit/537.36 (KHTML, like Gecko) Chrome/90.0.4430.85 Safari/537.36"
40.77.167.59 - - [18/Jan/2026:23:01:53 +0000] "GET /bpgau/v9541867.html HTTP/2" 301 0 "-" "Mozilla/5.0 AppleWebKit/537.36 (KHTML, like Gecko; compatible; bingbot/2.0; +http://www.bing.com/bingbot.htm) Chrome/116.0.1938.76 Safari/537.36"
157.173.120.59 - - [18/Jan/2026:23:02:14 +0000] "GET /wp-includes/class-wp-theme-json.php HTTP/1.1" 200 0 "binance.com" "Mozilla/5.0 (Windows NT 10.0; Win64; x64) AppleWebKit/537.36 (KHTML, like Gecko) Chrome/90.0.4430.85 Safari/537.36"
157.173.120.59 - - [18/Jan/2026:23:02:21 +0000] "GET /wp-includes/class-wp-token-map.php HTTP/1.1" 200 0 "binance.com" "Mozilla/5.0 (Windows NT 10.0; Win64; x64) AppleWebKit/537.36 (KHTML, like Gecko) Chrome/90.0.4430.85 Safari/537.36"
40.77.167.59 - - [18/Jan/2026:23:02:26 +0000] "GET /azlaa/v4803406.html HTTP/2" 404 13776 "-" "Mozilla/5.0 AppleWebKit/537.36 (KHTML, like Gecko; compatible; bingbot/2.0; +http://www.bing.com/bingbot.htm) Chrome/116.0.1938.76 Safari/537.36"
40.77.167.59 - - [18/Jan/2026:23:02:27 +0000] "GET /anxdu/d7128282.html HTTP/2" 404 13776 "-" "Mozilla/5.0 AppleWebKit/537.36 (KHTML, like Gecko; compatible; bingbot/2.0; +http://www.bing.com/bingbot.htm) Chrome/116.0.1938.76 Safari/537.36"
100.52.3.146 - - [18/Jan/2026:23:02:40 +0000] "GET / HTTP/1.1" 200 14270 "-" "Mozilla/5.0 (Windows NT 10.0; Win64; x64) AppleWebKit/537.36 (KHTML, like Gecko) Chrome/130.0.0.0 Safari/537.36"
157.173.120.59 - - [18/Jan/2026:23:03:04 +0000] "GET /wp-includes/fonts.php HTTP/1.1" 200 0 "binance.com" "Mozilla/5.0 (Windows NT 10.0; Win64; x64) AppleWebKit/537.36 (KHTML, like Gecko) Chrome/90.0.4430.85 Safari/537.36"
40.77.167.59 - - [18/Jan/2026:23:03:05 +0000] "GET /aoaja/l5661799.html HTTP/2" 301 0 "-" "Mozilla/5.0 AppleWebKit/537.36 (KHTML, like Gecko; compatible; bingbot/2.0; +http://www.bing.com/bingbot.htm) Chrome/116.0.1938.76 Safari/537.36"
40.77.167.36 - - [18/Jan/2026:23:03:15 +0000] "GET /ahlsb/n8437379.html HTTP/2" 301 0 "-" "Mozilla/5.0 AppleWebKit/537.36 (KHTML, like Gecko; compatible; bingbot/2.0; +http://www.bing.com/bingbot.htm) Chrome/116.0.1938.76 Safari/537.36"
52.167.144.166 - - [18/Jan/2026:23:03:26 +0000] "GET /aneru/l8161621.html HTTP/2" 301 0 "-" "Mozilla/5.0 AppleWebKit/537.36 (KHTML, like Gecko; compatible; bingbot/2.0; +http://www.bing.com/bingbot.htm) Chrome/116.0.1938.76 Safari/537.36"
40.77.167.36 - - [18/Jan/2026:23:03:35 +0000] "GET /anhht/x10042187.html HTTP/2" 301 0 "-" "Mozilla/5.0 AppleWebKit/537.36 (KHTML, like Gecko; compatible; bingbot/2.0; +http://www.bing.com/bingbot.htm) Chrome/116.0.1938.76 Safari/537.36"
40.77.167.15 - - [18/Jan/2026:23:03:35 +0000] "GET /ealqa/z9912930.html HTTP/2" 404 13776 "-" "Mozilla/5.0 AppleWebKit/537.36 (KHTML, like Gecko; compatible; bingbot/2.0; +http://www.bing.com/bingbot.htm) Chrome/116.0.1938.76 Safari/537.36"
157.173.120.59 - - [18/Jan/2026:23:03:36 +0000] "GET /wp-includes/https-detection.php HTTP/1.1" 200 0 "binance.com" "Mozilla/5.0 (Windows NT 10.0; Win64; x64) AppleWebKit/537.36 (KHTML, like Gecko) Chrome/90.0.4430.85 Safari/537.36"
52.167.144.166 - - [18/Jan/2026:23:03:40 +0000] "GET /anaxv/f538857.html HTTP/2" 301 0 "-" "Mozilla/5.0 AppleWebKit/537.36 (KHTML, like Gecko; compatible; bingbot/2.0; +http://www.bing.com/bingbot.htm) Chrome/116.0.1938.76 Safari/537.36"
52.167.144.21 - - [18/Jan/2026:23:03:41 +0000] "GET /ejaqt/g7986753.html HTTP/2" 404 13776 "-" "Mozilla/5.0 AppleWebKit/537.36 (KHTML, like Gecko; compatible; bingbot/2.0; +http://www.bing.com/bingbot.htm) Chrome/116.0.1938.76 Safari/537.36"
40.77.167.15 - - [18/Jan/2026:23:03:45 +0000] "GET /faqkb/q6995409.html HTTP/2" 404 13776 "-" "Mozilla/5.0 AppleWebKit/537.36 (KHTML, like Gecko; compatible; bingbot/2.0; +http://www.bing.com/bingbot.htm) Chrome/116.0.1938.76 Safari/537.36"
40.77.167.59 - - [18/Jan/2026:23:04:07 +0000] "GET /drfaz/k8909627.html HTTP/2" 404 13776 "-" "Mozilla/5.0 AppleWebKit/537.36 (KHTML, like Gecko; compatible; bingbot/2.0; +http://www.bing.com/bingbot.htm) Chrome/116.0.1938.76 Safari/537.36"
157.173.120.59 - - [18/Jan/2026:23:04:09 +0000] "GET /wp-includes/script-modules.php HTTP/1.1" 200 0 "binance.com" "Mozilla/5.0 (Windows NT 10.0; Win64; x64) AppleWebKit/537.36 (KHTML, like Gecko) Chrome/90.0.4430.85 Safari/537.36"
40.77.167.36 - - [18/Jan/2026:23:04:25 +0000] "GET /adchl/c2561732.html HTTP/2" 301 0 "-" "Mozilla/5.0 AppleWebKit/537.36 (KHTML, like Gecko; compatible; bingbot/2.0; +http://www.bing.com/bingbot.htm) Chrome/116.0.1938.76 Safari/537.36"
40.77.167.36 - - [18/Jan/2026:23:04:25 +0000] "GET /asyyt/k8612928.html HTTP/2" 301 0 "-" "Mozilla/5.0 AppleWebKit/537.36 (KHTML, like Gecko; compatible; bingbot/2.0; +http://www.bing.com/bingbot.htm) Chrome/116.0.1938.76 Safari/537.36"
40.77.167.59 - - [18/Jan/2026:23:04:40 +0000] "GET /aazwa/i9618736.html HTTP/2" 301 0 "-" "Mozilla/5.0 AppleWebKit/537.36 (KHTML, like Gecko; compatible; bingbot/2.0; +http://www.bing.com/bingbot.htm) Chrome/116.0.1938.76 Safari/537.36"
157.173.120.59 - - [18/Jan/2026:23:04:44 +0000] "GET /wp-includes/template-canvas.php HTTP/1.1" 500 0 "binance.com" "Mozilla/5.0 (Windows NT 10.0; Win64; x64) AppleWebKit/537.36 (KHTML, like Gecko) Chrome/90.0.4430.85 Safari/537.36"
40.77.167.59 - - [18/Jan/2026:23:04:45 +0000] "GET /aiwdl/g9440985.html HTTP/2" 404 13776 "-" "Mozilla/5.0 AppleWebKit/537.36 (KHTML, like Gecko; compatible; bingbot/2.0; +http://www.bing.com/bingbot.htm) Chrome/116.0.1938.76 Safari/537.36"
40.77.167.59 - - [18/Jan/2026:23:04:54 +0000] "GET /amsfc/g10855307.html HTTP/2" 404 13776 "-" "Mozilla/5.0 AppleWebKit/537.36 (KHTML, like Gecko; compatible; bingbot/2.0; +http://www.bing.com/bingbot.htm) Chrome/116.0.1938.76 Safari/537.36"
52.167.144.166 - - [18/Jan/2026:23:04:55 +0000] "GET /aattx/j7094345.html HTTP/2" 301 0 "-" "Mozilla/5.0 AppleWebKit/537.36 (KHTML, like Gecko; compatible; bingbot/2.0; +http://www.bing.com/bingbot.htm) Chrome/116.0.1938.76 Safari/537.36"
52.167.144.166 - - [18/Jan/2026:23:04:55 +0000] "GET /aumfa/d4410879.html HTTP/2" 301 0 "-" "Mozilla/5.0 AppleWebKit/537.36 (KHTML, like Gecko; compatible; bingbot/2.0; +http://www.bing.com/bingbot.htm) Chrome/116.0.1938.76 Safari/537.36"
40.77.167.59 - - [18/Jan/2026:23:04:55 +0000] "GET /avpdk/m4331185.html HTTP/2" 404 13776 "-" "Mozilla/5.0 AppleWebKit/537.36 (KHTML, like Gecko; compatible; bingbot/2.0; +http://www.bing.com/bingbot.htm) Chrome/116.0.1938.76 Safari/537.36"
52.167.144.166 - - [18/Jan/2026:23:04:56 +0000] "GET /aejjd/n4091167.html HTTP/2" 301 0 "-" "Mozilla/5.0 AppleWebKit/537.36 (KHTML, like Gecko; compatible; bingbot/2.0; +http://www.bing.com/bingbot.htm) Chrome/116.0.1938.76 Safari/537.36"
157.173.120.59 - - [18/Jan/2026:23:05:05 +0000] "GET /wp-includes/theme-templates.php HTTP/1.1" 200 0 "binance.com" "Mozilla/5.0 (Windows NT 10.0; Win64; x64) AppleWebKit/537.36 (KHTML, like Gecko) Chrome/90.0.4430.85 Safari/537.36"
40.77.167.131 - - [18/Jan/2026:23:05:25 +0000] "GET /brrab/e9047421.html HTTP/2" 404 13776 "-" "Mozilla/5.0 AppleWebKit/537.36 (KHTML, like Gecko; compatible; bingbot/2.0; +http://www.bing.com/bingbot.htm) Chrome/116.0.1938.76 Safari/537.36"
157.173.120.59 - - [18/Jan/2026:23:05:28 +0000] "GET /wp-includes/wsheet2.php HTTP/1.1" 200 0 "binance.com" "Mozilla/5.0 (Windows NT 10.0; Win64; x64) AppleWebKit/537.36 (KHTML, like Gecko) Chrome/90.0.4430.85 Safari/537.36"
40.77.167.59 - - [18/Jan/2026:23:05:30 +0000] "GET /axgjt/j4573099.html HTTP/2" 301 0 "-" "Mozilla/5.0 AppleWebKit/537.36 (KHTML, like Gecko; compatible; bingbot/2.0; +http://www.bing.com/bingbot.htm) Chrome/116.0.1938.76 Safari/537.36"
40.77.167.9 - - [18/Jan/2026:23:05:35 +0000] "GET /earqt/e7015027.html HTTP/2" 404 13776 "-" "Mozilla/5.0 AppleWebKit/537.36 (KHTML, like Gecko; compatible; bingbot/2.0; +http://www.bing.com/bingbot.htm) Chrome/116.0.1938.76 Safari/537.36"
157.173.120.59 - - [18/Jan/2026:23:04:21 +0000] "GET /wp-includes/speculative-loading.php HTTP/1.1" 200 0 "binance.com" "Mozilla/5.0 (Windows NT 10.0; Win64; x64) AppleWebKit/537.36 (KHTML, like Gecko) Chrome/90.0.4430.85 Safari/537.36"
157.173.120.59 - - [18/Jan/2026:23:04:32 +0000] "GET /wp-includes/style-engine.php HTTP/1.1" 200 0 "binance.com" "Mozilla/5.0 (Windows NT 10.0; Win64; x64) AppleWebKit/537.36 (KHTML, like Gecko) Chrome/90.0.4430.85 Safari/537.36"
157.173.120.59 - - [18/Jan/2026:23:04:53 +0000] "GET /wp-includes/theme-previews.php HTTP/1.1" 200 0 "binance.com" "Mozilla/5.0 (Windows NT 10.0; Win64; x64) AppleWebKit/537.36 (KHTML, like Gecko) Chrome/90.0.4430.85 Safari/537.36"
52.167.144.166 - - [18/Jan/2026:23:05:16 +0000] "GET /apwkq/w8109528.html HTTP/2" 301 0 "-" "Mozilla/5.0 AppleWebKit/537.36 (KHTML, like Gecko; compatible; bingbot/2.0; +http://www.bing.com/bingbot.htm) Chrome/116.0.1938.76 Safari/537.36"
157.173.120.59 - - [18/Jan/2026:23:05:17 +0000] "GET /wp-includes/utf8.php HTTP/1.1" 500 0 "binance.com" "Mozilla/5.0 (Windows NT 10.0; Win64; x64) AppleWebKit/537.36 (KHTML, like Gecko) Chrome/90.0.4430.85 Safari/537.36"
157.173.120.59 - - [18/Jan/2026:23:05:42 +0000] "GET /wp-includes/ID3/ HTTP/1.1" 200 1689 "binance.com" "Mozilla/5.0 (Windows NT 10.0; Win64; x64) AppleWebKit/537.36 (KHTML, like Gecko) Chrome/90.0.4430.85 Safari/537.36"
157.173.120.59 - - [18/Jan/2026:23:05:51 +0000] "GET /wp-includes/ID3/ HTTP/1.1" 200 1689 "binance.com" "Mozilla/5.0 (Windows NT 10.0; Win64; x64) AppleWebKit/537.36 (KHTML, like Gecko) Chrome/90.0.4430.85 Safari/537.36"
157.173.120.59 - - [18/Jan/2026:23:06:21 +0000] "GET /wp-includes/IXR/ HTTP/1.1" 200 1481 "binance.com" "Mozilla/5.0 (Windows NT 10.0; Win64; x64) AppleWebKit/537.36 (KHTML, like Gecko) Chrome/90.0.4430.85 Safari/537.36"
40.77.167.131 - - [18/Jan/2026:23:06:28 +0000] "GET /asaze/w8793705.html HTTP/2" 404 13776 "-" "Mozilla/5.0 AppleWebKit/537.36 (KHTML, like Gecko; compatible; bingbot/2.0; +http://www.bing.com/bingbot.htm) Chrome/116.0.1938.76 Safari/537.36"
40.77.167.36 - - [18/Jan/2026:23:06:28 +0000] "GET /emtaa/l8228623.html HTTP/2" 301 0 "-" "Mozilla/5.0 AppleWebKit/537.36 (KHTML, like Gecko; compatible; bingbot/2.0; +http://www.bing.com/bingbot.htm) Chrome/116.0.1938.76 Safari/537.36"
40.77.167.131 - - [18/Jan/2026:23:06:29 +0000] "GET /easfx/b7320290.html HTTP/2" 404 13776 "-" "Mozilla/5.0 AppleWebKit/537.36 (KHTML, like Gecko; compatible; bingbot/2.0; +http://www.bing.com/bingbot.htm) Chrome/116.0.1938.76 Safari/537.36"
157.173.120.59 - - [18/Jan/2026:23:06:38 +0000] "GET /wp-includes/PHPMailer/ HTTP/1.1" 200 1387 "binance.com" "Mozilla/5.0 (Windows NT 10.0; Win64; x64) AppleWebKit/537.36 (KHTML, like Gecko) Chrome/90.0.4430.85 Safari/537.36"
157.173.120.59 - - [18/Jan/2026:23:06:42 +0000] "GET /wp-includes/PHPMailer/ HTTP/1.1" 200 1387 "binance.com" "Mozilla/5.0 (Windows NT 10.0; Win64; x64) AppleWebKit/537.36 (KHTML, like Gecko) Chrome/90.0.4430.85 Safari/537.36"
157.173.120.59 - - [18/Jan/2026:23:06:48 +0000] "GET /wp-includes/PHPMailer/DSNConfigurator.php HTTP/1.1" 200 0 "binance.com" "Mozilla/5.0 (Windows NT 10.0; Win64; x64) AppleWebKit/537.36 (KHTML, like Gecko) Chrome/90.0.4430.85 Safari/537.36"
157.173.120.59 - - [18/Jan/2026:23:07:00 +0000] "GET /wp-includes/PHPMailer/OAuth.php HTTP/1.1" 500 0 "binance.com" "Mozilla/5.0 (Windows NT 10.0; Win64; x64) AppleWebKit/537.36 (KHTML, like Gecko) Chrome/90.0.4430.85 Safari/537.36"
52.167.144.21 - - [18/Jan/2026:23:07:11 +0000] "GET /eyvag/s8054105.html HTTP/2" 404 13776 "-" "Mozilla/5.0 AppleWebKit/537.36 (KHTML, like Gecko; compatible; bingbot/2.0; +http://www.bing.com/bingbot.htm) Chrome/116.0.1938.76 Safari/537.36"
52.167.144.21 - - [18/Jan/2026:23:07:12 +0000] "GET /aqafa/p7715972.html HTTP/2" 404 13776 "-" "Mozilla/5.0 AppleWebKit/537.36 (KHTML, like Gecko; compatible; bingbot/2.0; +http://www.bing.com/bingbot.htm) Chrome/116.0.1938.76 Safari/537.36"
40.77.167.36 - - [18/Jan/2026:23:05:36 +0000] "GET /ekxba/o3656058.html HTTP/2" 301 0 "-" "Mozilla/5.0 AppleWebKit/537.36 (KHTML, like Gecko; compatible; bingbot/2.0; +http://www.bing.com/bingbot.htm) Chrome/116.0.1938.76 Safari/537.36"
52.167.144.21 - - [18/Jan/2026:23:05:42 +0000] "GET /epxpp/e5795055.html HTTP/2" 404 13776 "-" "Mozilla/5.0 AppleWebKit/537.36 (KHTML, like Gecko; compatible; bingbot/2.0; +http://www.bing.com/bingbot.htm) Chrome/116.0.1938.76 Safari/537.36"
52.167.144.166 - - [18/Jan/2026:23:05:45 +0000] "GET /gbaxu/p579557.html HTTP/2" 301 0 "-" "Mozilla/5.0 AppleWebKit/537.36 (KHTML, like Gecko; compatible; bingbot/2.0; +http://www.bing.com/bingbot.htm) Chrome/116.0.1938.76 Safari/537.36"
40.77.167.9 - - [18/Jan/2026:23:05:47 +0000] "GET /edaai/n10200504.html HTTP/2" 404 13776 "-" "Mozilla/5.0 AppleWebKit/537.36 (KHTML, like Gecko; compatible; bingbot/2.0; +http://www.bing.com/bingbot.htm) Chrome/116.0.1938.76 Safari/537.36"
40.77.167.9 - - [18/Jan/2026:23:05:47 +0000] "GET /ewayg/t3624122.html HTTP/2" 404 13776 "-" "Mozilla/5.0 AppleWebKit/537.36 (KHTML, like Gecko; compatible; bingbot/2.0; +http://www.bing.com/bingbot.htm) Chrome/116.0.1938.76 Safari/537.36"
37.140.223.140 - - [18/Jan/2026:23:06:02 +0000] "POST /wp-login.php HTTP/1.1" 200 5088 "-" "Mozilla/5.0"
40.77.167.36 - - [18/Jan/2026:23:06:06 +0000] "GET /aswxc/s5213332.html HTTP/2" 301 0 "-" "Mozilla/5.0 AppleWebKit/537.36 (KHTML, like Gecko; compatible; bingbot/2.0; +http://www.bing.com/bingbot.htm) Chrome/116.0.1938.76 Safari/537.36"
40.77.167.36 - - [18/Jan/2026:23:06:06 +0000] "GET /axoah/h1714839.html HTTP/2" 301 0 "-" "Mozilla/5.0 AppleWebKit/537.36 (KHTML, like Gecko; compatible; bingbot/2.0; +http://www.bing.com/bingbot.htm) Chrome/116.0.1938.76 Safari/537.36"
40.77.167.36 - - [18/Jan/2026:23:06:07 +0000] "GET /balat/x4901623.html HTTP/2" 301 0 "-" "Mozilla/5.0 AppleWebKit/537.36 (KHTML, like Gecko; compatible; bingbot/2.0; +http://www.bing.com/bingbot.htm) Chrome/116.0.1938.76 Safari/537.36"
157.173.120.59 - - [18/Jan/2026:23:06:07 +0000] "GET /wp-includes/IXR/ HTTP/1.1" 200 1481 "binance.com" "Mozilla/5.0 (Windows NT 10.0; Win64; x64) AppleWebKit/537.36 (KHTML, like Gecko) Chrome/90.0.4430.85 Safari/537.36"
52.167.144.166 - - [18/Jan/2026:23:06:18 +0000] "GET /esasl/p4978705.html HTTP/2" 301 0 "-" "Mozilla/5.0 AppleWebKit/537.36 (KHTML, like Gecko; compatible; bingbot/2.0; +http://www.bing.com/bingbot.htm) Chrome/116.0.1938.76 Safari/537.36"
52.167.144.166 - - [18/Jan/2026:23:06:18 +0000] "GET /belgh/e3988510.html HTTP/2" 301 0 "-" "Mozilla/5.0 AppleWebKit/537.36 (KHTML, like Gecko; compatible; bingbot/2.0; +http://www.bing.com/bingbot.htm) Chrome/116.0.1938.76 Safari/537.36"
52.167.144.166 - - [18/Jan/2026:23:06:19 +0000] "GET /vaurg/l5361577.html HTTP/2" 301 0 "-" "Mozilla/5.0 AppleWebKit/537.36 (KHTML, like Gecko; compatible; bingbot/2.0; +http://www.bing.com/bingbot.htm) Chrome/116.0.1938.76 Safari/537.36"
52.167.144.166 - - [18/Jan/2026:23:07:00 +0000] "GET /euygq/w6894678.html HTTP/2" 301 0 "-" "Mozilla/5.0 AppleWebKit/537.36 (KHTML, like Gecko; compatible; bingbot/2.0; +http://www.bing.com/bingbot.htm) Chrome/116.0.1938.76 Safari/537.36"
40.77.167.59 - - [18/Jan/2026:23:07:12 +0000] "GET /aavca/c4855348.html HTTP/2" 301 0 "-" "Mozilla/5.0 AppleWebKit/537.36 (KHTML, like Gecko; compatible; bingbot/2.0; +http://www.bing.com/bingbot.htm) Chrome/116.0.1938.76 Safari/537.36"
157.173.120.59 - - [18/Jan/2026:23:07:12 +0000] "GET /wp-includes/PHPMailer/OAuthTokenProvider.php HTTP/1.1" 200 0 "binance.com" "Mozilla/5.0 (Windows NT 10.0; Win64; x64) AppleWebKit/537.36 (KHTML, like Gecko) Chrome/90.0.4430.85 Safari/537.36"
40.77.167.59 - - [18/Jan/2026:23:07:21 +0000] "GET /aakka/h7279307.html HTTP/2" 301 0 "-" "Mozilla/5.0 AppleWebKit/537.36 (KHTML, like Gecko; compatible; bingbot/2.0; +http://www.bing.com/bingbot.htm) Chrome/116.0.1938.76 Safari/537.36"
40.77.167.59 - - [18/Jan/2026:23:07:30 +0000] "GET /dhial/w7871784.html HTTP/2" 301 0 "-" "Mozilla/5.0 AppleWebKit/537.36 (KHTML, like Gecko; compatible; bingbot/2.0; +http://www.bing.com/bingbot.htm) Chrome/116.0.1938.76 Safari/537.36"
157.173.120.59 - - [18/Jan/2026:23:07:48 +0000] "GET /wp-includes/Text/ HTTP/1.1" 200 896 "binance.com" "Mozilla/5.0 (Windows NT 10.0; Win64; x64) AppleWebKit/537.36 (KHTML, like Gecko) Chrome/90.0.4430.85 Safari/537.36"
157.173.120.59 - - [18/Jan/2026:23:08:01 +0000] "GET /wp-includes/Text/Diff/ HTTP/1.1" 200 874 "binance.com" "Mozilla/5.0 (Windows NT 10.0; Win64; x64) AppleWebKit/537.36 (KHTML, like Gecko) Chrome/90.0.4430.85 Safari/537.36"
40.77.167.36 - - [18/Jan/2026:23:07:16 +0000] "GET /adhaz/z9009625.html HTTP/2" 301 0 "-" "Mozilla/5.0 AppleWebKit/537.36 (KHTML, like Gecko; compatible; bingbot/2.0; +http://www.bing.com/bingbot.htm) Chrome/116.0.1938.76 Safari/537.36"
40.77.167.9 - - [18/Jan/2026:23:07:16 +0000] "GET /aaeko/e1086169.html HTTP/2" 404 13776 "-" "Mozilla/5.0 AppleWebKit/537.36 (KHTML, like Gecko; compatible; bingbot/2.0; +http://www.bing.com/bingbot.htm) Chrome/116.0.1938.76 Safari/537.36"
40.77.167.36 - - [18/Jan/2026:23:07:16 +0000] "GET /dtvcz/v3023901.html HTTP/2" 301 0 "-" "Mozilla/5.0 AppleWebKit/537.36 (KHTML, like Gecko; compatible; bingbot/2.0; +http://www.bing.com/bingbot.htm) Chrome/116.0.1938.76 Safari/537.36"
40.77.167.36 - - [18/Jan/2026:23:07:16 +0000] "GET /aieqw/j7574799.html HTTP/2" 301 0 "-" "Mozilla/5.0 AppleWebKit/537.36 (KHTML, like Gecko; compatible; bingbot/2.0; +http://www.bing.com/bingbot.htm) Chrome/116.0.1938.76 Safari/537.36"
40.77.167.36 - - [18/Jan/2026:23:07:17 +0000] "GET /azhak/a7950906.html HTTP/2" 301 0 "-" "Mozilla/5.0 AppleWebKit/537.36 (KHTML, like Gecko; compatible; bingbot/2.0; +http://www.bing.com/bingbot.htm) Chrome/116.0.1938.76 Safari/537.36"
157.173.120.59 - - [18/Jan/2026:23:07:25 +0000] "GET /wp-includes/PHPMailer/POP3.php HTTP/1.1" 200 0 "binance.com" "Mozilla/5.0 (Windows NT 10.0; Win64; x64) AppleWebKit/537.36 (KHTML, like Gecko) Chrome/90.0.4430.85 Safari/537.36"
40.77.167.9 - - [18/Jan/2026:23:07:26 +0000] "GET /aaxzb/a9721909.html HTTP/2" 404 13776 "-" "Mozilla/5.0 AppleWebKit/537.36 (KHTML, like Gecko; compatible; bingbot/2.0; +http://www.bing.com/bingbot.htm) Chrome/116.0.1938.76 Safari/537.36"
40.77.167.9 - - [18/Jan/2026:23:07:26 +0000] "GET /amaap/k5309563.html HTTP/2" 404 13776 "-" "Mozilla/5.0 AppleWebKit/537.36 (KHTML, like Gecko; compatible; bingbot/2.0; +http://www.bing.com/bingbot.htm) Chrome/116.0.1938.76 Safari/537.36"
40.77.167.131 - - [18/Jan/2026:23:07:30 +0000] "GET /eaara/v9801126.html HTTP/2" 404 13776 "-" "Mozilla/5.0 AppleWebKit/537.36 (KHTML, like Gecko; compatible; bingbot/2.0; +http://www.bing.com/bingbot.htm) Chrome/116.0.1938.76 Safari/537.36"
157.173.120.59 - - [18/Jan/2026:23:07:36 +0000] "GET /wp-includes/Text/ HTTP/1.1" 200 896 "binance.com" "Mozilla/5.0 (Windows NT 10.0; Win64; x64) AppleWebKit/537.36 (KHTML, like Gecko) Chrome/90.0.4430.85 Safari/537.36"
52.167.144.21 - - [18/Jan/2026:23:07:40 +0000] "GET /arbva/a2197249.html HTTP/2" 404 13776 "-" "Mozilla/5.0 AppleWebKit/537.36 (KHTML, like Gecko; compatible; bingbot/2.0; +http://www.bing.com/bingbot.htm) Chrome/116.0.1938.76 Safari/537.36"
52.167.144.21 - - [18/Jan/2026:23:07:40 +0000] "GET /atfnc/h2666218.html HTTP/2" 404 13776 "-" "Mozilla/5.0 AppleWebKit/537.36 (KHTML, like Gecko; compatible; bingbot/2.0; +http://www.bing.com/bingbot.htm) Chrome/116.0.1938.76 Safari/537.36"
40.77.167.36 - - [18/Jan/2026:23:07:56 +0000] "GET /dntls/a1152296.html HTTP/2" 301 0 "-" "Mozilla/5.0 AppleWebKit/537.36 (KHTML, like Gecko; compatible; bingbot/2.0; +http://www.bing.com/bingbot.htm) Chrome/116.0.1938.76 Safari/537.36"
157.173.120.59 - - [18/Jan/2026:23:08:17 +0000] "GET /wp-includes/Text/Diff/ HTTP/1.1" 200 874 "binance.com" "Mozilla/5.0 (Windows NT 10.0; Win64; x64) AppleWebKit/537.36 (KHTML, like Gecko) Chrome/90.0.4430.85 Safari/537.36"
40.77.167.131 - - [18/Jan/2026:23:08:24 +0000] "GET /axaav/b3970996.html HTTP/2" 404 13776 "-" "Mozilla/5.0 AppleWebKit/537.36 (KHTML, like Gecko; compatible; bingbot/2.0; +http://www.bing.com/bingbot.htm) Chrome/116.0.1938.76 Safari/537.36"
40.77.167.131 - - [18/Jan/2026:23:08:26 +0000] "GET /eaidy/v7515128.html HTTP/2" 404 13776 "-" "Mozilla/5.0 AppleWebKit/537.36 (KHTML, like Gecko; compatible; bingbot/2.0; +http://www.bing.com/bingbot.htm) Chrome/116.0.1938.76 Safari/537.36"
40.77.167.131 - - [18/Jan/2026:23:08:26 +0000] "GET /aqiaq/l5228314.html HTTP/2" 404 13776 "-" "Mozilla/5.0 AppleWebKit/537.36 (KHTML, like Gecko; compatible; bingbot/2.0; +http://www.bing.com/bingbot.htm) Chrome/116.0.1938.76 Safari/537.36"
157.173.120.59 - - [18/Jan/2026:23:08:27 +0000] "GET /wp-includes/Text/Diff/Engine/ HTTP/1.1" 200 888 "binance.com" "Mozilla/5.0 (Windows NT 10.0; Win64; x64) AppleWebKit/537.36 (KHTML, like Gecko) Chrome/90.0.4430.85 Safari/537.36"
40.77.167.131 - - [18/Jan/2026:23:08:36 +0000] "GET /aaanb/w7111973.html HTTP/2" 404 13776 "-" "Mozilla/5.0 AppleWebKit/537.36 (KHTML, like Gecko; compatible; bingbot/2.0; +http://www.bing.com/bingbot.htm) Chrome/116.0.1938.76 Safari/537.36"
52.167.144.166 - - [18/Jan/2026:23:08:37 +0000] "GET /dmjba/f3320025.html HTTP/2" 301 0 "-" "Mozilla/5.0 AppleWebKit/537.36 (KHTML, like Gecko; compatible; bingbot/2.0; +http://www.bing.com/bingbot.htm) Chrome/116.0.1938.76 Safari/537.36"
52.167.144.166 - - [18/Jan/2026:23:08:38 +0000] "GET /atrhs/k4366114.html HTTP/2" 301 0 "-" "Mozilla/5.0 AppleWebKit/537.36 (KHTML, like Gecko; compatible; bingbot/2.0; +http://www.bing.com/bingbot.htm) Chrome/116.0.1938.76 Safari/537.36"
52.167.144.21 - - [18/Jan/2026:23:08:50 +0000] "GET /daawa/j7714796.html HTTP/2" 404 13776 "-" "Mozilla/5.0 AppleWebKit/537.36 (KHTML, like Gecko; compatible; bingbot/2.0; +http://www.bing.com/bingbot.htm) Chrome/116.0.1938.76 Safari/537.36"
40.77.167.59 - - [18/Jan/2026:23:09:00 +0000] "GET /aawwe/p4478075.html HTTP/2" 301 0 "-" "Mozilla/5.0 AppleWebKit/537.36 (KHTML, like Gecko; compatible; bingbot/2.0; +http://www.bing.com/bingbot.htm) Chrome/116.0.1938.76 Safari/537.36"
40.77.167.59 - - [18/Jan/2026:23:09:00 +0000] "GET /akaed/a7339438.html HTTP/2" 301 0 "-" "Mozilla/5.0 AppleWebKit/537.36 (KHTML, like Gecko; compatible; bingbot/2.0; +http://www.bing.com/bingbot.htm) Chrome/116.0.1938.76 Safari/537.36"
157.173.120.59 - - [18/Jan/2026:23:09:04 +0000] "GET /wp-includes/Text/Diff/Renderer/ HTTP/1.1" 200 791 "binance.com" "Mozilla/5.0 (Windows NT 10.0; Win64; x64) AppleWebKit/537.36 (KHTML, like Gecko) Chrome/90.0.4430.85 Safari/537.36"
52.167.144.21 - - [18/Jan/2026:23:09:15 +0000] "GET /aahar/f6497316.html HTTP/2" 404 13776 "-" "Mozilla/5.0 AppleWebKit/537.36 (KHTML, like Gecko; compatible; bingbot/2.0; +http://www.bing.com/bingbot.htm) Chrome/116.0.1938.76 Safari/537.36"
157.173.120.59 - - [18/Jan/2026:23:09:17 +0000] "GET /wp-includes/blocks/ HTTP/1.1" 200 22 "binance.com" "Mozilla/5.0 (Windows NT 10.0; Win64; x64) AppleWebKit/537.36 (KHTML, like Gecko) Chrome/90.0.4430.85 Safari/537.36"
40.77.167.131 - - [18/Jan/2026:23:09:35 +0000] "GET /evsgs/f8579370.html HTTP/2" 404 13776 "-" "Mozilla/5.0 AppleWebKit/537.36 (KHTML, like Gecko; compatible; bingbot/2.0; +http://www.bing.com/bingbot.htm) Chrome/116.0.1938.76 Safari/537.36"
157.173.120.59 - - [18/Jan/2026:23:09:38 +0000] "GET /wp-includes/pomo/ HTTP/1.1" 200 1306 "binance.com" "Mozilla/5.0 (Windows NT 10.0; Win64; x64) AppleWebKit/537.36 (KHTML, like Gecko) Chrome/90.0.4430.85 Safari/537.36"
40.77.167.9 - - [18/Jan/2026:23:09:45 +0000] "GET /biyas/t1119802.html HTTP/2" 404 13776 "-" "Mozilla/5.0 AppleWebKit/537.36 (KHTML, like Gecko; compatible; bingbot/2.0; +http://www.bing.com/bingbot.htm) Chrome/116.0.1938.76 Safari/537.36"
157.173.120.59 - - [18/Jan/2026:23:08:40 +0000] "GET /wp-includes/Text/Diff/Engine/ HTTP/1.1" 200 888 "binance.com" "Mozilla/5.0 (Windows NT 10.0; Win64; x64) AppleWebKit/537.36 (KHTML, like Gecko) Chrome/90.0.4430.85 Safari/537.36"
157.173.120.59 - - [18/Jan/2026:23:08:52 +0000] "GET /wp-includes/Text/Diff/Renderer/ HTTP/1.1" 200 791 "binance.com" "Mozilla/5.0 (Windows NT 10.0; Win64; x64) AppleWebKit/537.36 (KHTML, like Gecko) Chrome/90.0.4430.85 Safari/537.36"
40.77.167.131 - - [18/Jan/2026:23:09:06 +0000] "GET /auayt/c8670887.html HTTP/2" 404 13776 "-" "Mozilla/5.0 AppleWebKit/537.36 (KHTML, like Gecko; compatible; bingbot/2.0; +http://www.bing.com/bingbot.htm) Chrome/116.0.1938.76 Safari/537.36"
40.77.167.9 - - [18/Jan/2026:23:09:10 +0000] "GET /agafm/a7695859.html HTTP/2" 404 13776 "-" "Mozilla/5.0 AppleWebKit/537.36 (KHTML, like Gecko; compatible; bingbot/2.0; +http://www.bing.com/bingbot.htm) Chrome/116.0.1938.76 Safari/537.36"
40.77.167.9 - - [18/Jan/2026:23:09:11 +0000] "GET /earko/a6637685.html HTTP/2" 404 13776 "-" "Mozilla/5.0 AppleWebKit/537.36 (KHTML, like Gecko; compatible; bingbot/2.0; +http://www.bing.com/bingbot.htm) Chrome/116.0.1938.76 Safari/537.36"
157.173.120.59 - - [18/Jan/2026:23:09:26 +0000] "GET /wp-includes/pomo/ HTTP/1.1" 200 1306 "binance.com" "Mozilla/5.0 (Windows NT 10.0; Win64; x64) AppleWebKit/537.36 (KHTML, like Gecko) Chrome/90.0.4430.85 Safari/537.36"
40.77.167.59 - - [18/Jan/2026:23:09:41 +0000] "GET /auqaa/s7016432.html HTTP/2" 301 0 "-" "Mozilla/5.0 AppleWebKit/537.36 (KHTML, like Gecko; compatible; bingbot/2.0; +http://www.bing.com/bingbot.htm) Chrome/116.0.1938.76 Safari/537.36"
157.173.120.59 - - [18/Jan/2026:23:09:51 +0000] "GET /wp-includes/sitemaps/ HTTP/1.1" 200 1365 "binance.com" "Mozilla/5.0 (Windows NT 10.0; Win64; x64) AppleWebKit/537.36 (KHTML, like Gecko) Chrome/90.0.4430.85 Safari/537.36"
40.77.167.131 - - [18/Jan/2026:23:09:56 +0000] "GET /aaedo/t4312290.html HTTP/2" 404 13776 "-" "Mozilla/5.0 AppleWebKit/537.36 (KHTML, like Gecko; compatible; bingbot/2.0; +http://www.bing.com/bingbot.htm) Chrome/116.0.1938.76 Safari/537.36"
157.173.120.59 - - [18/Jan/2026:23:10:03 +0000] "GET /wp-includes/sitemaps/ HTTP/1.1" 200 1365 "binance.com" "Mozilla/5.0 (Windows NT 10.0; Win64; x64) AppleWebKit/537.36 (KHTML, like Gecko) Chrome/90.0.4430.85 Safari/537.36"
157.173.120.59 - - [18/Jan/2026:23:10:19 +0000] "GET /wp-includes/sitemaps/providers/ HTTP/1.1" 200 965 "binance.com" "Mozilla/5.0 (Windows NT 10.0; Win64; x64) AppleWebKit/537.36 (KHTML, like Gecko) Chrome/90.0.4430.85 Safari/537.36"
40.77.167.9 - - [18/Jan/2026:23:10:20 +0000] "GET /ajbza/k4463809.html HTTP/2" 404 13776 "-" "Mozilla/5.0 AppleWebKit/537.36 (KHTML, like Gecko; compatible; bingbot/2.0; +http://www.bing.com/bingbot.htm) Chrome/116.0.1938.76 Safari/537.36"
40.77.167.73 - - [18/Jan/2026:23:10:26 +0000] "GET /cpaon/i9020996.html HTTP/2" 301 0 "-" "Mozilla/5.0 AppleWebKit/537.36 (KHTML, like Gecko; compatible; bingbot/2.0; +http://www.bing.com/bingbot.htm) Chrome/116.0.1938.76 Safari/537.36"
40.77.167.9 - - [18/Jan/2026:23:10:36 +0000] "GET /giaea/t1530628.html HTTP/2" 404 13776 "-" "Mozilla/5.0 AppleWebKit/537.36 (KHTML, like Gecko; compatible; bingbot/2.0; +http://www.bing.com/bingbot.htm) Chrome/116.0.1938.76 Safari/537.36"
47.128.115.219 - - [18/Jan/2026:23:10:52 +0000] "GET / HTTP/2" 200 12224 "-" "Mozilla/5.0 (Linux; Android 5.0) AppleWebKit/537.36 (KHTML, like Gecko) Mobile Safari/537.36 (compatible; Bytespider; spider-feedback@bytedance.com)"
40.77.167.73 - - [18/Jan/2026:23:10:56 +0000] "GET /ijsbr/a8436300.html HTTP/2" 301 0 "-" "Mozilla/5.0 AppleWebKit/537.36 (KHTML, like Gecko; compatible; bingbot/2.0; +http://www.bing.com/bingbot.htm) Chrome/116.0.1938.76 Safari/537.36"
40.77.167.59 - - [18/Jan/2026:23:11:10 +0000] "GET /awpfa/k8299758.html HTTP/2" 301 0 "-" "Mozilla/5.0 AppleWebKit/537.36 (KHTML, like Gecko; compatible; bingbot/2.0; +http://www.bing.com/bingbot.htm) Chrome/116.0.1938.76 Safari/537.36"
40.77.167.131 - - [18/Jan/2026:23:10:16 +0000] "GET /aacos/z8603752.html HTTP/2" 404 13776 "-" "Mozilla/5.0 AppleWebKit/537.36 (KHTML, like Gecko; compatible; bingbot/2.0; +http://www.bing.com/bingbot.htm) Chrome/116.0.1938.76 Safari/537.36"
157.173.120.59 - - [18/Jan/2026:23:10:32 +0000] "GET /wp-includes/sitemaps/providers/ HTTP/1.1" 200 965 "binance.com" "Mozilla/5.0 (Windows NT 10.0; Win64; x64) AppleWebKit/537.36 (KHTML, like Gecko) Chrome/90.0.4430.85 Safari/537.36"
216.81.248.168 - - [18/Jan/2026:23:10:39 +0000] "GET /.git/config HTTP/1.1" 403 1242 "-" "Mozilla/5.0 (iPhone; CPU iPhone OS 11_2_6 like Mac OS X) AppleWebKit/604.5.6 (KHTML, like Gecko) Version/11.0 Mobile/15D100 Safari/604.1"
52.167.144.21 - - [18/Jan/2026:23:10:41 +0000] "GET /abtap/s10169491.html HTTP/2" 404 13776 "-" "Mozilla/5.0 AppleWebKit/537.36 (KHTML, like Gecko; compatible; bingbot/2.0; +http://www.bing.com/bingbot.htm) Chrome/116.0.1938.76 Safari/537.36"
52.167.144.21 - - [18/Jan/2026:23:10:42 +0000] "GET /agpra/y7910071.html HTTP/2" 404 13776 "-" "Mozilla/5.0 AppleWebKit/537.36 (KHTML, like Gecko; compatible; bingbot/2.0; +http://www.bing.com/bingbot.htm) Chrome/116.0.1938.76 Safari/537.36"
40.77.167.59 - - [18/Jan/2026:23:10:42 +0000] "GET /amhin/z5253145.html HTTP/2" 301 0 "-" "Mozilla/5.0 AppleWebKit/537.36 (KHTML, like Gecko; compatible; bingbot/2.0; +http://www.bing.com/bingbot.htm) Chrome/116.0.1938.76 Safari/537.36"
157.173.120.59 - - [18/Jan/2026:23:10:45 +0000] "GET /wp-includes/widgets/ HTTP/1.1" 200 1849 "binance.com" "Mozilla/5.0 (Windows NT 10.0; Win64; x64) AppleWebKit/537.36 (KHTML, like Gecko) Chrome/90.0.4430.85 Safari/537.36"
157.173.120.59 - - [18/Jan/2026:23:10:59 +0000] "GET /wp-includes/widgets/ HTTP/1.1" 200 1849 "binance.com" "Mozilla/5.0 (Windows NT 10.0; Win64; x64) AppleWebKit/537.36 (KHTML, like Gecko) Chrome/90.0.4430.85 Safari/537.36"
40.77.167.131 - - [18/Jan/2026:23:11:05 +0000] "GET /tzacc/b6318380.html HTTP/2" 404 13776 "-" "Mozilla/5.0 AppleWebKit/537.36 (KHTML, like Gecko; compatible; bingbot/2.0; +http://www.bing.com/bingbot.htm) Chrome/116.0.1938.76 Safari/537.36"
40.77.167.131 - - [18/Jan/2026:23:11:06 +0000] "GET /caaxx/c5463943.html HTTP/2" 404 13776 "-" "Mozilla/5.0 AppleWebKit/537.36 (KHTML, like Gecko; compatible; bingbot/2.0; +http://www.bing.com/bingbot.htm) Chrome/116.0.1938.76 Safari/537.36"
40.77.167.9 - - [18/Jan/2026:23:11:16 +0000] "GET /aebkl/b9827964.html HTTP/2" 404 13776 "-" "Mozilla/5.0 AppleWebKit/537.36 (KHTML, like Gecko; compatible; bingbot/2.0; +http://www.bing.com/bingbot.htm) Chrome/116.0.1938.76 Safari/537.36"
157.173.120.59 - - [18/Jan/2026:23:11:21 +0000] "GET /wp-includes/widgets/class-wp-widget-block.php HTTP/1.1" 500 0 "binance.com" "Mozilla/5.0 (Windows NT 10.0; Win64; x64) AppleWebKit/537.36 (KHTML, like Gecko) Chrome/90.0.4430.85 Safari/537.36"
116.179.37.72 - - [18/Jan/2026:23:11:29 +0000] "GET / HTTP/1.1" 200 14270 "-" "Mozilla/5.0 (compatible; Baiduspider-render/2.0; +http://www.baidu.com/search/spider.html)"
116.179.37.112 - - [18/Jan/2026:23:11:30 +0000] "GET /wp-includes/js/dist/script-modules/interactivity/index.min.js?ver=8964710565a1d258501f HTTP/1.1" 200 14954 "https://nandedexpress.com/" "Mozilla/5.0 (compatible; Baiduspider-render/2.0; +http://www.baidu.com/search/spider.html)"
116.179.37.241 - - [18/Jan/2026:23:11:30 +0000] "GET /wp-includes/js/dist/script-modules/block-library/navigation/view.min.js?ver=b0f909c3ec791c383210 HTTP/1.1" 200 1169 "https://nandedexpress.com/" "Mozilla/5.0 (compatible; Baiduspider-render/2.0; +http://www.baidu.com/search/spider.html)"
40.77.167.59 - - [18/Jan/2026:23:11:30 +0000] "GET /damva/m6494840.html HTTP/2" 301 0 "-" "Mozilla/5.0 AppleWebKit/537.36 (KHTML, like Gecko; compatible; bingbot/2.0; +http://www.bing.com/bingbot.htm) Chrome/116.0.1938.76 Safari/537.36"
157.173.120.59 - - [18/Jan/2026:23:11:47 +0000] "GET /wp-includes/css/dist/ HTTP/1.1" 200 1574 "binance.com" "Mozilla/5.0 (Windows NT 10.0; Win64; x64) AppleWebKit/537.36 (KHTML, like Gecko) Chrome/90.0.4430.85 Safari/537.36"
40.77.167.59 - - [18/Jan/2026:23:11:10 +0000] "GET /aaqes/g3189792.html HTTP/2" 301 0 "-" "Mozilla/5.0 AppleWebKit/537.36 (KHTML, like Gecko; compatible; bingbot/2.0; +http://www.bing.com/bingbot.htm) Chrome/116.0.1938.76 Safari/537.36"
40.77.167.131 - - [18/Jan/2026:23:11:26 +0000] "GET /aiaah/g9560533.html HTTP/2" 404 13776 "-" "Mozilla/5.0 AppleWebKit/537.36 (KHTML, like Gecko; compatible; bingbot/2.0; +http://www.bing.com/bingbot.htm) Chrome/116.0.1938.76 Safari/537.36"
220.181.108.80 - - [18/Jan/2026:23:11:28 +0000] "GET / HTTP/1.1" 200 14270 "-" "Mozilla/5.0 (compatible; Baiduspider/2.0; +http://www.baidu.com/search/spider.html)"
116.179.37.176 - - [18/Jan/2026:23:11:31 +0000] "GET /wp-includes/js/wp-emoji-release.min.js?ver=6.9 HTTP/1.1" 200 5368 "https://nandedexpress.com/" "Mozilla/5.0 (compatible; Baiduspider-render/2.0; +http://www.baidu.com/search/spider.html)"
157.173.120.59 - - [18/Jan/2026:23:11:32 +0000] "GET /wp-includes/css/ HTTP/1.1" 200 2317 "binance.com" "Mozilla/5.0 (Windows NT 10.0; Win64; x64) AppleWebKit/537.36 (KHTML, like Gecko) Chrome/90.0.4430.85 Safari/537.36"
40.77.167.9 - - [18/Jan/2026:23:11:36 +0000] "GET /ecaab/k4081505.html HTTP/2" 404 13776 "-" "Mozilla/5.0 AppleWebKit/537.36 (KHTML, like Gecko; compatible; bingbot/2.0; +http://www.bing.com/bingbot.htm) Chrome/116.0.1938.76 Safari/537.36"
52.167.144.21 - - [18/Jan/2026:23:11:40 +0000] "GET /roaaj/e6812383.html HTTP/2" 404 13776 "-" "Mozilla/5.0 AppleWebKit/537.36 (KHTML, like Gecko; compatible; bingbot/2.0; +http://www.bing.com/bingbot.htm) Chrome/116.0.1938.76 Safari/537.36"
52.167.144.21 - - [18/Jan/2026:23:11:50 +0000] "GET /aafax/g9401647.html HTTP/2" 404 13776 "-" "Mozilla/5.0 AppleWebKit/537.36 (KHTML, like Gecko; compatible; bingbot/2.0; +http://www.bing.com/bingbot.htm) Chrome/116.0.1938.76 Safari/537.36"
157.173.120.59 - - [18/Jan/2026:23:11:59 +0000] "GET /wp-includes/fonts/ HTTP/1.1" 200 1491 "binance.com" "Mozilla/5.0 (Windows NT 10.0; Win64; x64) AppleWebKit/537.36 (KHTML, like Gecko) Chrome/90.0.4430.85 Safari/537.36"
40.77.167.73 - - [18/Jan/2026:23:12:17 +0000] "GET /dkita/t7579827.html HTTP/2" 301 0 "-" "Mozilla/5.0 AppleWebKit/537.36 (KHTML, like Gecko; compatible; bingbot/2.0; +http://www.bing.com/bingbot.htm) Chrome/116.0.1938.76 Safari/537.36"
40.77.167.74 - - [18/Jan/2026:23:12:40 +0000] "GET /absap/p8775225.html HTTP/2" 301 0 "-" "Mozilla/5.0 AppleWebKit/537.36 (KHTML, like Gecko; compatible; bingbot/2.0; +http://www.bing.com/bingbot.htm) Chrome/116.0.1938.76 Safari/537.36"
40.77.167.74 - - [18/Jan/2026:23:12:41 +0000] "GET /azlaa/c4408096.html HTTP/2" 301 0 "-" "Mozilla/5.0 AppleWebKit/537.36 (KHTML, like Gecko; compatible; bingbot/2.0; +http://www.bing.com/bingbot.htm) Chrome/116.0.1938.76 Safari/537.36"
52.167.144.21 - - [18/Jan/2026:23:12:50 +0000] "GET /acuap/h10766752.html HTTP/2" 404 13776 "-" "Mozilla/5.0 AppleWebKit/537.36 (KHTML, like Gecko; compatible; bingbot/2.0; +http://www.bing.com/bingbot.htm) Chrome/116.0.1938.76 Safari/537.36"
52.167.144.21 - - [18/Jan/2026:23:12:51 +0000] "GET /aoyvk/i5911825.html HTTP/2" 404 13776 "-" "Mozilla/5.0 AppleWebKit/537.36 (KHTML, like Gecko; compatible; bingbot/2.0; +http://www.bing.com/bingbot.htm) Chrome/116.0.1938.76 Safari/537.36"
40.77.167.131 - - [18/Jan/2026:23:12:56 +0000] "GET /eaaay/b4840228.html HTTP/2" 404 13776 "-" "Mozilla/5.0 AppleWebKit/537.36 (KHTML, like Gecko; compatible; bingbot/2.0; +http://www.bing.com/bingbot.htm) Chrome/116.0.1938.76 Safari/537.36"
40.77.167.131 - - [18/Jan/2026:23:12:57 +0000] "GET /enpxs/c6362737.html HTTP/2" 404 13776 "-" "Mozilla/5.0 AppleWebKit/537.36 (KHTML, like Gecko; compatible; bingbot/2.0; +http://www.bing.com/bingbot.htm) Chrome/116.0.1938.76 Safari/537.36"
40.77.167.73 - - [18/Jan/2026:23:12:57 +0000] "GET /arakm/b6382015.html HTTP/2" 301 0 "-" "Mozilla/5.0 AppleWebKit/537.36 (KHTML, like Gecko; compatible; bingbot/2.0; +http://www.bing.com/bingbot.htm) Chrome/116.0.1938.76 Safari/537.36"
40.77.167.59 - - [18/Jan/2026:23:11:51 +0000] "GET /aaxqg/v865303.html HTTP/2" 301 0 "-" "Mozilla/5.0 AppleWebKit/537.36 (KHTML, like Gecko; compatible; bingbot/2.0; +http://www.bing.com/bingbot.htm) Chrome/116.0.1938.76 Safari/537.36"
40.77.167.59 - - [18/Jan/2026:23:11:52 +0000] "GET /aagam/b7809909.html HTTP/2" 301 0 "-" "Mozilla/5.0 AppleWebKit/537.36 (KHTML, like Gecko; compatible; bingbot/2.0; +http://www.bing.com/bingbot.htm) Chrome/116.0.1938.76 Safari/537.36"
40.77.167.131 - - [18/Jan/2026:23:12:06 +0000] "GET /atmas/p2186812.html HTTP/2" 404 13776 "-" "Mozilla/5.0 AppleWebKit/537.36 (KHTML, like Gecko; compatible; bingbot/2.0; +http://www.bing.com/bingbot.htm) Chrome/116.0.1938.76 Safari/537.36"
157.173.120.59 - - [18/Jan/2026:23:12:12 +0000] "GET /wp-includes/fonts/ HTTP/1.1" 200 1491 "binance.com" "Mozilla/5.0 (Windows NT 10.0; Win64; x64) AppleWebKit/537.36 (KHTML, like Gecko) Chrome/90.0.4430.85 Safari/537.36"
40.77.167.74 - - [18/Jan/2026:23:12:21 +0000] "GET /azaak/c5302288.html HTTP/2" 301 0 "-" "Mozilla/5.0 AppleWebKit/537.36 (KHTML, like Gecko; compatible; bingbot/2.0; +http://www.bing.com/bingbot.htm) Chrome/116.0.1938.76 Safari/537.36"
157.173.120.59 - - [18/Jan/2026:23:12:26 +0000] "GET /wp-includes/fonts/class-wp-font-collection.php HTTP/1.1" 200 0 "binance.com" "Mozilla/5.0 (Windows NT 10.0; Win64; x64) AppleWebKit/537.36 (KHTML, like Gecko) Chrome/90.0.4430.85 Safari/537.36"
157.173.120.59 - - [18/Jan/2026:23:12:38 +0000] "GET /wp-includes/fonts/class-wp-font-face-resolver.php HTTP/1.1" 200 0 "binance.com" "Mozilla/5.0 (Windows NT 10.0; Win64; x64) AppleWebKit/537.36 (KHTML, like Gecko) Chrome/90.0.4430.85 Safari/537.36"
157.173.120.59 - - [18/Jan/2026:23:12:50 +0000] "GET /wp-includes/fonts/class-wp-font-face.php HTTP/1.1" 200 0 "binance.com" "Mozilla/5.0 (Windows NT 10.0; Win64; x64) AppleWebKit/537.36 (KHTML, like Gecko) Chrome/90.0.4430.85 Safari/537.36"
157.173.120.59 - - [18/Jan/2026:23:13:02 +0000] "GET /wp-includes/fonts/class-wp-font-library.php HTTP/1.1" 200 0 "binance.com" "Mozilla/5.0 (Windows NT 10.0; Win64; x64) AppleWebKit/537.36 (KHTML, like Gecko) Chrome/90.0.4430.85 Safari/537.36"
157.173.120.59 - - [18/Jan/2026:23:13:15 +0000] "GET /wp-includes/fonts/class-wp-font-utils.php HTTP/1.1" 200 0 "binance.com" "Mozilla/5.0 (Windows NT 10.0; Win64; x64) AppleWebKit/537.36 (KHTML, like Gecko) Chrome/90.0.4430.85 Safari/537.36"
40.77.167.9 - - [18/Jan/2026:23:13:26 +0000] "GET /alaca/z8029048.html HTTP/2" 404 13776 "-" "Mozilla/5.0 AppleWebKit/537.36 (KHTML, like Gecko; compatible; bingbot/2.0; +http://www.bing.com/bingbot.htm) Chrome/116.0.1938.76 Safari/537.36"
40.77.167.9 - - [18/Jan/2026:23:13:28 +0000] "GET /ajzam/n5162172.html HTTP/2" 404 13776 "-" "Mozilla/5.0 AppleWebKit/537.36 (KHTML, like Gecko; compatible; bingbot/2.0; +http://www.bing.com/bingbot.htm) Chrome/116.0.1938.76 Safari/537.36"
40.77.167.131 - - [18/Jan/2026:23:13:31 +0000] "GET /eacks/x6166380.html HTTP/2" 404 13776 "-" "Mozilla/5.0 AppleWebKit/537.36 (KHTML, like Gecko; compatible; bingbot/2.0; +http://www.bing.com/bingbot.htm) Chrome/116.0.1938.76 Safari/537.36"
40.77.167.74 - - [18/Jan/2026:23:13:31 +0000] "GET /antnl/t5273003.html HTTP/2" 301 0 "-" "Mozilla/5.0 AppleWebKit/537.36 (KHTML, like Gecko; compatible; bingbot/2.0; +http://www.bing.com/bingbot.htm) Chrome/116.0.1938.76 Safari/537.36"
40.77.167.9 - - [18/Jan/2026:23:13:47 +0000] "GET /aaqig/c4692601.html HTTP/2" 404 13776 "-" "Mozilla/5.0 AppleWebKit/537.36 (KHTML, like Gecko; compatible; bingbot/2.0; +http://www.bing.com/bingbot.htm) Chrome/116.0.1938.76 Safari/537.36"
157.173.120.59 - - [18/Jan/2026:23:13:51 +0000] "GET /wp-includes/images/media/ HTTP/1.1" 200 1513 "binance.com" "Mozilla/5.0 (Windows NT 10.0; Win64; x64) AppleWebKit/537.36 (KHTML, like Gecko) Chrome/90.0.4430.85 Safari/537.36"
52.167.144.210 - - [18/Jan/2026:23:14:18 +0000] "GET /dafar/c9689502.html HTTP/2" 301 0 "-" "Mozilla/5.0 AppleWebKit/537.36 (KHTML, like Gecko; compatible; bingbot/2.0; +http://www.bing.com/bingbot.htm) Chrome/116.0.1938.76 Safari/537.36"
52.167.144.21 - - [18/Jan/2026:23:13:11 +0000] "GET /aalaz/c7475329.html HTTP/2" 404 13776 "-" "Mozilla/5.0 AppleWebKit/537.36 (KHTML, like Gecko; compatible; bingbot/2.0; +http://www.bing.com/bingbot.htm) Chrome/116.0.1938.76 Safari/537.36"
52.167.144.21 - - [18/Jan/2026:23:13:12 +0000] "GET /aactk/n930698.html HTTP/2" 404 13776 "-" "Mozilla/5.0 AppleWebKit/537.36 (KHTML, like Gecko; compatible; bingbot/2.0; +http://www.bing.com/bingbot.htm) Chrome/116.0.1938.76 Safari/537.36"
157.173.120.59 - - [18/Jan/2026:23:13:26 +0000] "GET /wp-includes/images/ HTTP/1.1" 200 2061 "binance.com" "Mozilla/5.0 (Windows NT 10.0; Win64; x64) AppleWebKit/537.36 (KHTML, like Gecko) Chrome/90.0.4430.85 Safari/537.36"
40.77.167.73 - - [18/Jan/2026:23:13:37 +0000] "GET /drpvr/s7416624.html HTTP/2" 301 0 "-" "Mozilla/5.0 AppleWebKit/537.36 (KHTML, like Gecko; compatible; bingbot/2.0; +http://www.bing.com/bingbot.htm) Chrome/116.0.1938.76 Safari/537.36"
157.173.120.59 - - [18/Jan/2026:23:13:38 +0000] "GET /wp-includes/images/crystal/ HTTP/1.1" 200 1424 "binance.com" "Mozilla/5.0 (Windows NT 10.0; Win64; x64) AppleWebKit/537.36 (KHTML, like Gecko) Chrome/90.0.4430.85 Safari/537.36"
52.167.144.210 - - [18/Jan/2026:23:13:57 +0000] "GET /cmrps/f4049923.html HTTP/2" 301 0 "-" "Mozilla/5.0 AppleWebKit/537.36 (KHTML, like Gecko; compatible; bingbot/2.0; +http://www.bing.com/bingbot.htm) Chrome/116.0.1938.76 Safari/537.36"
40.77.167.74 - - [18/Jan/2026:23:14:03 +0000] "GET /axgai/i6297626.html HTTP/2" 301 0 "-" "Mozilla/5.0 AppleWebKit/537.36 (KHTML, like Gecko; compatible; bingbot/2.0; +http://www.bing.com/bingbot.htm) Chrome/116.0.1938.76 Safari/537.36"
157.173.120.59 - - [18/Jan/2026:23:14:03 +0000] "GET /wp-includes/images/smilies/ HTTP/1.1" 200 1719 "binance.com" "Mozilla/5.0 (Windows NT 10.0; Win64; x64) AppleWebKit/537.36 (KHTML, like Gecko) Chrome/90.0.4430.85 Safari/537.36"
157.173.120.59 - - [18/Jan/2026:23:14:16 +0000] "GET /wp-includes/images/wlw/ HTTP/1.1" 404 16229 "binance.com" "Mozilla/5.0 (Windows NT 10.0; Win64; x64) AppleWebKit/537.36 (KHTML, like Gecko) Chrome/90.0.4430.85 Safari/537.36"
