52.167.144.163 - - [18/Jan/2026:13:22:52 +0000] "GET /dtaaa/c5457755.html HTTP/2" 404 13776 "-" "Mozilla/5.0 AppleWebKit/537.36 (KHTML, like Gecko; compatible; bingbot/2.0; +http://www.bing.com/bingbot.htm) Chrome/116.0.1938.76 Safari/537.36"
170.64.180.153 - - [18/Jan/2026:13:22:53 +0000] "GET /wp-includes/class-wp-theme-json-resolver.php HTTP/1.1" 200 0 "binance.com" "Mozilla/5.0 (Windows NT 10.0; Win64; x64) AppleWebKit/537.36 (KHTML, like Gecko) Chrome/90.0.4430.85 Safari/537.36"
52.167.144.169 - - [18/Jan/2026:13:23:00 +0000] "GET /arzzh/f3000628.html HTTP/2" 404 13754 "-" "Mozilla/5.0 AppleWebKit/537.36 (KHTML, like Gecko; compatible; bingbot/2.0; +http://www.bing.com/bingbot.htm) Chrome/116.0.1938.76 Safari/537.36"
40.77.167.235 - - [18/Jan/2026:13:22:10 +0000] "GET /aepra/n5216005.html HTTP/2" 301 0 "-" "Mozilla/5.0 AppleWebKit/537.36 (KHTML, like Gecko; compatible; bingbot/2.0; +http://www.bing.com/bingbot.htm) Chrome/116.0.1938.76 Safari/537.36"
170.64.180.153 - - [18/Jan/2026:13:22:18 +0000] "GET /wp-includes/class-wp-speculation-rules.php HTTP/1.1" 200 0 "binance.com" "Mozilla/5.0 (Windows NT 10.0; Win64; x64) AppleWebKit/537.36 (KHTML, like Gecko) Chrome/90.0.4430.85 Safari/537.36"
52.167.144.166 - - [18/Jan/2026:13:22:18 +0000] "GET /aiavg/k5622343.html HTTP/2" 404 13776 "-" "Mozilla/5.0 AppleWebKit/537.36 (KHTML, like Gecko; compatible; bingbot/2.0; +http://www.bing.com/bingbot.htm) Chrome/116.0.1938.76 Safari/537.36"
40.77.167.235 - - [18/Jan/2026:13:22:19 +0000] "GET /aldac/f5318203.html HTTP/2" 301 0 "-" "Mozilla/5.0 AppleWebKit/537.36 (KHTML, like Gecko; compatible; bingbot/2.0; +http://www.bing.com/bingbot.htm) Chrome/116.0.1938.76 Safari/537.36"
170.64.180.153 - - [18/Jan/2026:13:22:25 +0000] "GET /wp-includes/class-wp-styles.php HTTP/1.1" 500 0 "binance.com" "Mozilla/5.0 (Windows NT 10.0; Win64; x64) AppleWebKit/537.36 (KHTML, like Gecko) Chrome/90.0.4430.85 Safari/537.36"
40.77.167.155 - - [18/Jan/2026:13:22:31 +0000] "GET /aefag/j747329.html HTTP/2" 301 0 "-" "Mozilla/5.0 AppleWebKit/537.36 (KHTML, like Gecko; compatible; bingbot/2.0; +http://www.bing.com/bingbot.htm) Chrome/116.0.1938.76 Safari/537.36"
40.77.167.78 - - [18/Jan/2026:13:22:43 +0000] "GET /ausvd/d1200269.html HTTP/2" 301 0 "-" "Mozilla/5.0 AppleWebKit/537.36 (KHTML, like Gecko; compatible; bingbot/2.0; +http://www.bing.com/bingbot.htm) Chrome/116.0.1938.76 Safari/537.36"
40.77.167.235 - - [18/Jan/2026:13:22:59 +0000] "GET /deaal/l7522177.html HTTP/2" 301 0 "-" "Mozilla/5.0 AppleWebKit/537.36 (KHTML, like Gecko; compatible; bingbot/2.0; +http://www.bing.com/bingbot.htm) Chrome/116.0.1938.76 Safari/537.36"
170.64.180.153 - - [18/Jan/2026:13:23:11 +0000] "GET /wp-includes/class-wp-theme-json.php HTTP/1.1" 200 0 "binance.com" "Mozilla/5.0 (Windows NT 10.0; Win64; x64) AppleWebKit/537.36 (KHTML, like Gecko) Chrome/90.0.4430.85 Safari/537.36"
40.77.167.78 - - [18/Jan/2026:13:23:32 +0000] "GET /aijak/n1485421.html HTTP/2" 301 0 "-" "Mozilla/5.0 AppleWebKit/537.36 (KHTML, like Gecko; compatible; bingbot/2.0; +http://www.bing.com/bingbot.htm) Chrome/116.0.1938.76 Safari/537.36"
85.208.96.211 - - [18/Jan/2026:13:23:35 +0000] "GET /wp-includes/sodium_compat/namespaced/Core/ HTTP/1.1" 200 1596 "-" "Mozilla/5.0 (compatible; SemrushBot/7~bl; +http://www.semrush.com/bot.html)"
170.64.180.153 - - [18/Jan/2026:13:23:36 +0000] "GET /wp-includes/class-wp-url-pattern-prefixer.php HTTP/1.1" 200 0 "binance.com" "Mozilla/5.0 (Windows NT 10.0; Win64; x64) AppleWebKit/537.36 (KHTML, like Gecko) Chrome/90.0.4430.85 Safari/537.36"
40.77.167.78 - - [18/Jan/2026:13:23:42 +0000] "GET /adamo/z3811653.html HTTP/2" 301 0 "-" "Mozilla/5.0 AppleWebKit/537.36 (KHTML, like Gecko; compatible; bingbot/2.0; +http://www.bing.com/bingbot.htm) Chrome/116.0.1938.76 Safari/537.36"
40.77.167.235 - - [18/Jan/2026:13:23:50 +0000] "GET /ardai/a6119466.html HTTP/2" 301 0 "-" "Mozilla/5.0 AppleWebKit/537.36 (KHTML, like Gecko; compatible; bingbot/2.0; +http://www.bing.com/bingbot.htm) Chrome/116.0.1938.76 Safari/537.36"
40.77.167.155 - - [18/Jan/2026:13:24:01 +0000] "GET /bjnvp/h2098989.html HTTP/2" 301 0 "-" "Mozilla/5.0 AppleWebKit/537.36 (KHTML, like Gecko; compatible; bingbot/2.0; +http://www.bing.com/bingbot.htm) Chrome/116.0.1938.76 Safari/537.36"
170.64.180.153 - - [18/Jan/2026:13:24:08 +0000] "GET /wp-includes/fonts.php HTTP/1.1" 200 0 "binance.com" "Mozilla/5.0 (Windows NT 10.0; Win64; x64) AppleWebKit/537.36 (KHTML, like Gecko) Chrome/90.0.4430.85 Safari/537.36"
170.64.180.153 - - [18/Jan/2026:13:24:22 +0000] "GET /wp-includes/global-styles-and-settings.php HTTP/1.1" 200 0 "binance.com" "Mozilla/5.0 (Windows NT 10.0; Win64; x64) AppleWebKit/537.36 (KHTML, like Gecko) Chrome/90.0.4430.85 Safari/537.36"
170.64.180.153 - - [18/Jan/2026:13:23:03 +0000] "GET /wp-includes/class-wp-theme-json-schema.php HTTP/1.1" 200 0 "binance.com" "Mozilla/5.0 (Windows NT 10.0; Win64; x64) AppleWebKit/537.36 (KHTML, like Gecko) Chrome/90.0.4430.85 Safari/537.36"
40.77.167.155 - - [18/Jan/2026:13:23:12 +0000] "GET /allha/p4905879.html HTTP/2" 301 0 "-" "Mozilla/5.0 AppleWebKit/537.36 (KHTML, like Gecko; compatible; bingbot/2.0; +http://www.bing.com/bingbot.htm) Chrome/116.0.1938.76 Safari/537.36"
43.173.180.56 - - [18/Jan/2026:13:23:12 +0000] "GET /wp-includes/html-api/class-wp-html-stack-event.php HTTP/1.1" 200 0 "-" "Mozilla/5.0 (Windows NT 10.0; Win64; x64) AppleWebKit/537.36 (KHTML, like Gecko) Chrome/111.0.0.0 Safari/537.36"
43.173.182.10 - - [18/Jan/2026:13:23:12 +0000] "GET /wp-includes/PHPMailer/OAuthTokenProvider.php HTTP/1.1" 200 0 "-" "Mozilla/5.0 (Windows NT 10.0; Win64; x64) AppleWebKit/537.36 (KHTML, like Gecko) Chrome/120.0.0.0 Safari/537.36"
170.64.180.153 - - [18/Jan/2026:13:23:25 +0000] "GET /wp-includes/class-wp-token-map.php HTTP/1.1" 200 0 "binance.com" "Mozilla/5.0 (Windows NT 10.0; Win64; x64) AppleWebKit/537.36 (KHTML, like Gecko) Chrome/90.0.4430.85 Safari/537.36"
170.64.180.153 - - [18/Jan/2026:13:23:47 +0000] "GET /wp-includes/class-wpdb.php HTTP/1.1" 200 0 "binance.com" "Mozilla/5.0 (Windows NT 10.0; Win64; x64) AppleWebKit/537.36 (KHTML, like Gecko) Chrome/90.0.4430.85 Safari/537.36"
52.167.144.163 - - [18/Jan/2026:13:23:50 +0000] "GET /aeoni/p3161474.html HTTP/2" 404 13776 "-" "Mozilla/5.0 AppleWebKit/537.36 (KHTML, like Gecko; compatible; bingbot/2.0; +http://www.bing.com/bingbot.htm) Chrome/116.0.1938.76 Safari/537.36"
170.64.180.153 - - [18/Jan/2026:13:23:57 +0000] "GET /wp-includes/compat-utf8.php HTTP/1.1" 200 0 "binance.com" "Mozilla/5.0 (Windows NT 10.0; Win64; x64) AppleWebKit/537.36 (KHTML, like Gecko) Chrome/90.0.4430.85 Safari/537.36"
40.77.167.78 - - [18/Jan/2026:13:24:06 +0000] "GET /ayrko/b6899961.html HTTP/2" 301 0 "-" "Mozilla/5.0 AppleWebKit/537.36 (KHTML, like Gecko; compatible; bingbot/2.0; +http://www.bing.com/bingbot.htm) Chrome/116.0.1938.76 Safari/537.36"
170.64.180.153 - - [18/Jan/2026:13:24:33 +0000] "GET /wp-includes/header.php HTTP/1.1" 200 0 "binance.com" "Mozilla/5.0 (Windows NT 10.0; Win64; x64) AppleWebKit/537.36 (KHTML, like Gecko) Chrome/90.0.4430.85 Safari/537.36"
52.167.144.228 - - [18/Jan/2026:13:24:43 +0000] "GET /ayapd/z7534684.html HTTP/2" 404 13776 "-" "Mozilla/5.0 AppleWebKit/537.36 (KHTML, like Gecko; compatible; bingbot/2.0; +http://www.bing.com/bingbot.htm) Chrome/116.0.1938.76 Safari/537.36"
52.167.144.228 - - [18/Jan/2026:13:24:44 +0000] "GET /ensag/e1954673.html HTTP/2" 404 13776 "-" "Mozilla/5.0 AppleWebKit/537.36 (KHTML, like Gecko; compatible; bingbot/2.0; +http://www.bing.com/bingbot.htm) Chrome/116.0.1938.76 Safari/537.36"
170.64.180.153 - - [18/Jan/2026:13:24:52 +0000] "GET /wp-includes/https-migration.php HTTP/1.1" 200 0 "binance.com" "Mozilla/5.0 (Windows NT 10.0; Win64; x64) AppleWebKit/537.36 (KHTML, like Gecko) Chrome/90.0.4430.85 Safari/537.36"
85.208.96.211 - - [18/Jan/2026:13:24:58 +0000] "GET /wp-includes/customize/class-wp-customize-new-menu-control.php HTTP/1.1" 500 0 "-" "Mozilla/5.0 (compatible; SemrushBot/7~bl; +http://www.semrush.com/bot.html)"
40.77.167.155 - - [18/Jan/2026:13:25:00 +0000] "GET /aaiat/q582470.html HTTP/2" 301 0 "-" "Mozilla/5.0 AppleWebKit/537.36 (KHTML, like Gecko; compatible; bingbot/2.0; +http://www.bing.com/bingbot.htm) Chrome/116.0.1938.76 Safari/537.36"
170.64.180.153 - - [18/Jan/2026:13:25:03 +0000] "GET /wp-includes/robots-template.php HTTP/1.1" 200 0 "binance.com" "Mozilla/5.0 (Windows NT 10.0; Win64; x64) AppleWebKit/537.36 (KHTML, like Gecko) Chrome/90.0.4430.85 Safari/537.36"
52.167.144.228 - - [18/Jan/2026:13:25:04 +0000] "GET /arbma/z8651306.html HTTP/2" 404 13776 "-" "Mozilla/5.0 AppleWebKit/537.36 (KHTML, like Gecko; compatible; bingbot/2.0; +http://www.bing.com/bingbot.htm) Chrome/116.0.1938.76 Safari/537.36"
52.167.144.228 - - [18/Jan/2026:13:24:24 +0000] "GET /aewaf/m9632767.html HTTP/2" 404 13776 "-" "Mozilla/5.0 AppleWebKit/537.36 (KHTML, like Gecko; compatible; bingbot/2.0; +http://www.bing.com/bingbot.htm) Chrome/116.0.1938.76 Safari/537.36"
52.167.144.228 - - [18/Jan/2026:13:24:24 +0000] "GET /darat/w9900473.html HTTP/2" 404 13776 "-" "Mozilla/5.0 AppleWebKit/537.36 (KHTML, like Gecko; compatible; bingbot/2.0; +http://www.bing.com/bingbot.htm) Chrome/116.0.1938.76 Safari/537.36"
40.77.167.78 - - [18/Jan/2026:13:24:25 +0000] "GET /cubyn/t469841.html HTTP/2" 301 0 "-" "Mozilla/5.0 AppleWebKit/537.36 (KHTML, like Gecko; compatible; bingbot/2.0; +http://www.bing.com/bingbot.htm) Chrome/116.0.1938.76 Safari/537.36"
40.77.167.235 - - [18/Jan/2026:13:24:38 +0000] "GET /aoumc/f6071319.html HTTP/2" 301 0 "-" "Mozilla/5.0 AppleWebKit/537.36 (KHTML, like Gecko; compatible; bingbot/2.0; +http://www.bing.com/bingbot.htm) Chrome/116.0.1938.76 Safari/537.36"
170.64.180.153 - - [18/Jan/2026:13:24:41 +0000] "GET /wp-includes/https-detection.php HTTP/1.1" 200 0 "binance.com" "Mozilla/5.0 (Windows NT 10.0; Win64; x64) AppleWebKit/537.36 (KHTML, like Gecko) Chrome/90.0.4430.85 Safari/537.36"
40.77.167.235 - - [18/Jan/2026:13:24:48 +0000] "GET /aatkc/v1858321.html HTTP/2" 301 0 "-" "Mozilla/5.0 AppleWebKit/537.36 (KHTML, like Gecko; compatible; bingbot/2.0; +http://www.bing.com/bingbot.htm) Chrome/116.0.1938.76 Safari/537.36"
40.77.167.235 - - [18/Jan/2026:13:24:49 +0000] "GET /aaadn/a8085040.html HTTP/2" 301 0 "-" "Mozilla/5.0 AppleWebKit/537.36 (KHTML, like Gecko; compatible; bingbot/2.0; +http://www.bing.com/bingbot.htm) Chrome/116.0.1938.76 Safari/537.36"
40.77.167.78 - - [18/Jan/2026:13:24:53 +0000] "GET /caoad/f8483131.html HTTP/2" 301 0 "-" "Mozilla/5.0 AppleWebKit/537.36 (KHTML, like Gecko; compatible; bingbot/2.0; +http://www.bing.com/bingbot.htm) Chrome/116.0.1938.76 Safari/537.36"
40.77.167.78 - - [18/Jan/2026:13:25:04 +0000] "GET /attea/b8207735.html HTTP/2" 301 0 "-" "Mozilla/5.0 AppleWebKit/537.36 (KHTML, like Gecko; compatible; bingbot/2.0; +http://www.bing.com/bingbot.htm) Chrome/116.0.1938.76 Safari/537.36"
40.77.167.78 - - [18/Jan/2026:13:25:05 +0000] "GET /avgsa/v3074029.html HTTP/2" 301 0 "-" "Mozilla/5.0 AppleWebKit/537.36 (KHTML, like Gecko; compatible; bingbot/2.0; +http://www.bing.com/bingbot.htm) Chrome/116.0.1938.76 Safari/537.36"
40.77.167.235 - - [18/Jan/2026:13:25:10 +0000] "GET /awayy/v6767693.html HTTP/2" 301 0 "-" "Mozilla/5.0 AppleWebKit/537.36 (KHTML, like Gecko; compatible; bingbot/2.0; +http://www.bing.com/bingbot.htm) Chrome/116.0.1938.76 Safari/537.36"
40.77.167.235 - - [18/Jan/2026:13:25:10 +0000] "GET /acasm/j4204549.html HTTP/2" 301 0 "-" "Mozilla/5.0 AppleWebKit/537.36 (KHTML, like Gecko; compatible; bingbot/2.0; +http://www.bing.com/bingbot.htm) Chrome/116.0.1938.76 Safari/537.36"
170.64.180.153 - - [18/Jan/2026:13:25:18 +0000] "GET /wp-includes/script-modules.php HTTP/1.1" 200 0 "binance.com" "Mozilla/5.0 (Windows NT 10.0; Win64; x64) AppleWebKit/537.36 (KHTML, like Gecko) Chrome/90.0.4430.85 Safari/537.36"
43.173.169.58 - - [18/Jan/2026:13:25:19 +0000] "GET /wp-includes/class-wp-http-proxy.php HTTP/1.1" 200 0 "-" "Mozilla/5.0 (Windows NT 10.0; Win64; x64) AppleWebKit/537.36 (KHTML, like Gecko) Chrome/116.0.0.0 Safari/537.36"
52.167.144.163 - - [18/Jan/2026:13:25:21 +0000] "GET /aahzs/e8388373.html HTTP/2" 404 13776 "-" "Mozilla/5.0 AppleWebKit/537.36 (KHTML, like Gecko; compatible; bingbot/2.0; +http://www.bing.com/bingbot.htm) Chrome/116.0.1938.76 Safari/537.36"
170.64.180.153 - - [18/Jan/2026:13:25:30 +0000] "GET /wp-includes/speculative-loading.php HTTP/1.1" 200 0 "binance.com" "Mozilla/5.0 (Windows NT 10.0; Win64; x64) AppleWebKit/537.36 (KHTML, like Gecko) Chrome/90.0.4430.85 Safari/537.36"
40.77.167.78 - - [18/Jan/2026:13:25:43 +0000] "GET /anaay/z1742729.html HTTP/2" 301 0 "-" "Mozilla/5.0 AppleWebKit/537.36 (KHTML, like Gecko; compatible; bingbot/2.0; +http://www.bing.com/bingbot.htm) Chrome/116.0.1938.76 Safari/537.36"
52.167.144.228 - - [18/Jan/2026:13:25:04 +0000] "GET /aktec/x8048572.html HTTP/2" 404 13776 "-" "Mozilla/5.0 AppleWebKit/537.36 (KHTML, like Gecko; compatible; bingbot/2.0; +http://www.bing.com/bingbot.htm) Chrome/116.0.1938.76 Safari/537.36"
52.167.144.169 - - [18/Jan/2026:13:25:30 +0000] "GET /axspo/k3477785.html HTTP/2" 404 13776 "-" "Mozilla/5.0 AppleWebKit/537.36 (KHTML, like Gecko; compatible; bingbot/2.0; +http://www.bing.com/bingbot.htm) Chrome/116.0.1938.76 Safari/537.36"
170.64.180.153 - - [18/Jan/2026:13:25:38 +0000] "GET /wp-includes/style-engine.php HTTP/1.1" 200 0 "binance.com" "Mozilla/5.0 (Windows NT 10.0; Win64; x64) AppleWebKit/537.36 (KHTML, like Gecko) Chrome/90.0.4430.85 Safari/537.36"
52.167.144.169 - - [18/Jan/2026:13:25:40 +0000] "GET /cagew/w3201235.html HTTP/2" 404 13776 "-" "Mozilla/5.0 AppleWebKit/537.36 (KHTML, like Gecko; compatible; bingbot/2.0; +http://www.bing.com/bingbot.htm) Chrome/116.0.1938.76 Safari/537.36"
52.167.144.228 - - [18/Jan/2026:13:25:45 +0000] "GET /aguda/b8419622.html HTTP/2" 404 13776 "-" "Mozilla/5.0 AppleWebKit/537.36 (KHTML, like Gecko; compatible; bingbot/2.0; +http://www.bing.com/bingbot.htm) Chrome/116.0.1938.76 Safari/537.36"
52.167.144.228 - - [18/Jan/2026:13:25:45 +0000] "GET /aawoa/e10375345.html HTTP/2" 404 13754 "-" "Mozilla/5.0 AppleWebKit/537.36 (KHTML, like Gecko; compatible; bingbot/2.0; +http://www.bing.com/bingbot.htm) Chrome/116.0.1938.76 Safari/537.36"
170.64.180.153 - - [18/Jan/2026:13:25:46 +0000] "GET /wp-includes/template-canvas.php HTTP/1.1" 500 0 "binance.com" "Mozilla/5.0 (Windows NT 10.0; Win64; x64) AppleWebKit/537.36 (KHTML, like Gecko) Chrome/90.0.4430.85 Safari/537.36"
52.167.144.228 - - [18/Jan/2026:13:25:47 +0000] "GET /ciaxa/m8584681.html HTTP/2" 404 13776 "-" "Mozilla/5.0 AppleWebKit/537.36 (KHTML, like Gecko; compatible; bingbot/2.0; +http://www.bing.com/bingbot.htm) Chrome/116.0.1938.76 Safari/537.36"
170.64.180.153 - - [18/Jan/2026:13:26:01 +0000] "GET /wp-includes/theme-previews.php HTTP/1.1" 200 0 "binance.com" "Mozilla/5.0 (Windows NT 10.0; Win64; x64) AppleWebKit/537.36 (KHTML, like Gecko) Chrome/90.0.4430.85 Safari/537.36"
40.77.167.235 - - [18/Jan/2026:13:26:10 +0000] "GET /aomaw/p761661.html HTTP/2" 301 0 "-" "Mozilla/5.0 AppleWebKit/537.36 (KHTML, like Gecko; compatible; bingbot/2.0; +http://www.bing.com/bingbot.htm) Chrome/116.0.1938.76 Safari/537.36"
40.77.167.22 - - [18/Jan/2026:13:26:14 +0000] "GET /bkaml/a8039358.html HTTP/2" 301 0 "-" "Mozilla/5.0 AppleWebKit/537.36 (KHTML, like Gecko; compatible; bingbot/2.0; +http://www.bing.com/bingbot.htm) Chrome/116.0.1938.76 Safari/537.36"
40.77.167.235 - - [18/Jan/2026:13:26:20 +0000] "GET /asanm/e4369566.html HTTP/2" 301 0 "-" "Mozilla/5.0 AppleWebKit/537.36 (KHTML, like Gecko; compatible; bingbot/2.0; +http://www.bing.com/bingbot.htm) Chrome/116.0.1938.76 Safari/537.36"
170.64.180.153 - - [18/Jan/2026:13:26:23 +0000] "GET /wp-includes/utf8.php HTTP/1.1" 500 0 "binance.com" "Mozilla/5.0 (Windows NT 10.0; Win64; x64) AppleWebKit/537.36 (KHTML, like Gecko) Chrome/90.0.4430.85 Safari/537.36"
170.64.180.153 - - [18/Jan/2026:13:26:33 +0000] "GET /wp-includes/wsheet2.php HTTP/1.1" 200 0 "binance.com" "Mozilla/5.0 (Windows NT 10.0; Win64; x64) AppleWebKit/537.36 (KHTML, like Gecko) Chrome/90.0.4430.85 Safari/537.36"
52.167.144.163 - - [18/Jan/2026:13:26:41 +0000] "GET /edslr/z5490356.html HTTP/2" 404 13776 "-" "Mozilla/5.0 AppleWebKit/537.36 (KHTML, like Gecko; compatible; bingbot/2.0; +http://www.bing.com/bingbot.htm) Chrome/116.0.1938.76 Safari/537.36"
52.167.144.163 - - [18/Jan/2026:13:26:42 +0000] "GET /arfty/d2148346.html HTTP/2" 404 13776 "-" "Mozilla/5.0 AppleWebKit/537.36 (KHTML, like Gecko; compatible; bingbot/2.0; +http://www.bing.com/bingbot.htm) Chrome/116.0.1938.76 Safari/537.36"
52.167.144.169 - - [18/Jan/2026:13:26:50 +0000] "GET /aaaui/g3543483.html HTTP/2" 404 13776 "-" "Mozilla/5.0 AppleWebKit/537.36 (KHTML, like Gecko; compatible; bingbot/2.0; +http://www.bing.com/bingbot.htm) Chrome/116.0.1938.76 Safari/537.36"
40.77.167.78 - - [18/Jan/2026:13:26:53 +0000] "GET /beafn/a7767502.html HTTP/2" 301 0 "-" "Mozilla/5.0 AppleWebKit/537.36 (KHTML, like Gecko; compatible; bingbot/2.0; +http://www.bing.com/bingbot.htm) Chrome/116.0.1938.76 Safari/537.36"
47.128.97.243 - - [18/Jan/2026:13:26:55 +0000] "GET /wp-includes/html-api/error_log HTTP/2" 403 1242 "-" "Mozilla/5.0 (Linux; Android 5.0) AppleWebKit/537.36 (KHTML, like Gecko) Mobile Safari/537.36 (compatible; Bytespider; spider-feedback@bytedance.com)"
185.191.171.12 - - [18/Jan/2026:13:27:06 +0000] "GET /robots.txt HTTP/1.1" 200 71 "-" "Mozilla/5.0 (compatible; SemrushBot/7~bl; +http://www.semrush.com/bot.html)"
185.191.171.12 - - [18/Jan/2026:13:27:08 +0000] "GET /wp-includes/css/dist/widgets/ HTTP/1.1" 200 859 "-" "Mozilla/5.0 (compatible; SemrushBot/7~bl; +http://www.semrush.com/bot.html)"
170.64.180.153 - - [18/Jan/2026:13:27:11 +0000] "GET /wp-includes/IXR/ HTTP/1.1" 200 1481 "binance.com" "Mozilla/5.0 (Windows NT 10.0; Win64; x64) AppleWebKit/537.36 (KHTML, like Gecko) Chrome/90.0.4430.85 Safari/537.36"
40.77.167.78 - - [18/Jan/2026:13:27:14 +0000] "GET /aofqa/j8151921.html HTTP/2" 301 0 "-" "Mozilla/5.0 AppleWebKit/537.36 (KHTML, like Gecko; compatible; bingbot/2.0; +http://www.bing.com/bingbot.htm) Chrome/116.0.1938.76 Safari/537.36"
52.167.144.163 - - [18/Jan/2026:13:27:14 +0000] "GET /awcaa/e9366883.html HTTP/2" 404 13776 "-" "Mozilla/5.0 AppleWebKit/537.36 (KHTML, like Gecko; compatible; bingbot/2.0; +http://www.bing.com/bingbot.htm) Chrome/116.0.1938.76 Safari/537.36"
40.77.167.78 - - [18/Jan/2026:13:27:14 +0000] "GET /araga/l8446399.html HTTP/2" 301 0 "-" "Mozilla/5.0 AppleWebKit/537.36 (KHTML, like Gecko; compatible; bingbot/2.0; +http://www.bing.com/bingbot.htm) Chrome/116.0.1938.76 Safari/537.36"
52.167.144.163 - - [18/Jan/2026:13:27:14 +0000] "GET /bpapg/j7141080.html HTTP/2" 404 13776 "-" "Mozilla/5.0 AppleWebKit/537.36 (KHTML, like Gecko; compatible; bingbot/2.0; +http://www.bing.com/bingbot.htm) Chrome/116.0.1938.76 Safari/537.36"
52.167.144.163 - - [18/Jan/2026:13:27:15 +0000] "GET /aomci/t2890350.html HTTP/2" 404 13776 "-" "Mozilla/5.0 AppleWebKit/537.36 (KHTML, like Gecko; compatible; bingbot/2.0; +http://www.bing.com/bingbot.htm) Chrome/116.0.1938.76 Safari/537.36"
170.64.180.153 - - [18/Jan/2026:13:27:23 +0000] "GET /wp-includes/PHPMailer/ HTTP/1.1" 200 1387 "binance.com" "Mozilla/5.0 (Windows NT 10.0; Win64; x64) AppleWebKit/537.36 (KHTML, like Gecko) Chrome/90.0.4430.85 Safari/537.36"
185.191.171.19 - - [18/Jan/2026:13:27:29 +0000] "GET /wp-includes/sodium_compat/src/Compat.php HTTP/1.1" 200 0 "-" "Mozilla/5.0 (compatible; SemrushBot/7~bl; +http://www.semrush.com/bot.html)"
40.77.167.235 - - [18/Jan/2026:13:27:30 +0000] "GET /ebahc/o5638376.html HTTP/2" 301 0 "-" "Mozilla/5.0 AppleWebKit/537.36 (KHTML, like Gecko; compatible; bingbot/2.0; +http://www.bing.com/bingbot.htm) Chrome/116.0.1938.76 Safari/537.36"
170.64.180.153 - - [18/Jan/2026:13:27:34 +0000] "GET /wp-includes/PHPMailer/ HTTP/1.1" 200 1387 "binance.com" "Mozilla/5.0 (Windows NT 10.0; Win64; x64) AppleWebKit/537.36 (KHTML, like Gecko) Chrome/90.0.4430.85 Safari/537.36"
40.77.167.78 - - [18/Jan/2026:13:27:35 +0000] "GET /eaxha/q5029172.html HTTP/2" 301 0 "-" "Mozilla/5.0 AppleWebKit/537.36 (KHTML, like Gecko; compatible; bingbot/2.0; +http://www.bing.com/bingbot.htm) Chrome/116.0.1938.76 Safari/537.36"
170.64.180.153 - - [18/Jan/2026:13:27:48 +0000] "GET /wp-includes/PHPMailer/DSNConfigurator.php HTTP/1.1" 200 0 "binance.com" "Mozilla/5.0 (Windows NT 10.0; Win64; x64) AppleWebKit/537.36 (KHTML, like Gecko) Chrome/90.0.4430.85 Safari/537.36"
185.191.171.15 - - [18/Jan/2026:13:27:53 +0000] "GET /wp-includes/Requests/src/Session.php HTTP/1.1" 200 0 "-" "Mozilla/5.0 (compatible; SemrushBot/7~bl; +http://www.semrush.com/bot.html)"
52.167.144.228 - - [18/Jan/2026:13:27:53 +0000] "GET /court/b5022020.html HTTP/2" 404 13776 "-" "Mozilla/5.0 AppleWebKit/537.36 (KHTML, like Gecko; compatible; bingbot/2.0; +http://www.bing.com/bingbot.htm) Chrome/116.0.1938.76 Safari/537.36"
40.77.167.78 - - [18/Jan/2026:13:25:43 +0000] "GET /amjqa/z8985757.html HTTP/2" 301 0 "-" "Mozilla/5.0 AppleWebKit/537.36 (KHTML, like Gecko; compatible; bingbot/2.0; +http://www.bing.com/bingbot.htm) Chrome/116.0.1938.76 Safari/537.36"
52.167.144.163 - - [18/Jan/2026:13:25:52 +0000] "GET /awjxa/w7829703.html HTTP/2" 404 13776 "-" "Mozilla/5.0 AppleWebKit/537.36 (KHTML, like Gecko; compatible; bingbot/2.0; +http://www.bing.com/bingbot.htm) Chrome/116.0.1938.76 Safari/537.36"
85.208.96.207 - - [18/Jan/2026:13:26:02 +0000] "GET /wp-includes/ID3/module.tag.id3v2.php HTTP/1.1" 200 0 "-" "Mozilla/5.0 (compatible; SemrushBot/7~bl; +http://www.semrush.com/bot.html)"
170.64.180.153 - - [18/Jan/2026:13:26:12 +0000] "GET /wp-includes/theme-templates.php HTTP/1.1" 200 0 "binance.com" "Mozilla/5.0 (Windows NT 10.0; Win64; x64) AppleWebKit/537.36 (KHTML, like Gecko) Chrome/90.0.4430.85 Safari/537.36"
170.64.180.153 - - [18/Jan/2026:13:26:42 +0000] "GET /wp-includes/ID3/ HTTP/1.1" 200 1689 "binance.com" "Mozilla/5.0 (Windows NT 10.0; Win64; x64) AppleWebKit/537.36 (KHTML, like Gecko) Chrome/90.0.4430.85 Safari/537.36"
85.208.96.200 - - [18/Jan/2026:13:26:51 +0000] "GET /?p=4654 HTTP/1.1" 404 16229 "-" "Mozilla/5.0 (compatible; SemrushBot/7~bl; +http://www.semrush.com/bot.html)"
170.64.180.153 - - [18/Jan/2026:13:26:55 +0000] "GET /wp-includes/ID3/ HTTP/1.1" 200 1689 "binance.com" "Mozilla/5.0 (Windows NT 10.0; Win64; x64) AppleWebKit/537.36 (KHTML, like Gecko) Chrome/90.0.4430.85 Safari/537.36"
40.77.167.235 - - [18/Jan/2026:13:27:01 +0000] "GET /aespa/a1396254.html HTTP/2" 301 0 "-" "Mozilla/5.0 AppleWebKit/537.36 (KHTML, like Gecko; compatible; bingbot/2.0; +http://www.bing.com/bingbot.htm) Chrome/116.0.1938.76 Safari/537.36"
40.77.167.235 - - [18/Jan/2026:13:27:01 +0000] "GET /daaar/b6701087.html HTTP/2" 301 0 "-" "Mozilla/5.0 AppleWebKit/537.36 (KHTML, like Gecko; compatible; bingbot/2.0; +http://www.bing.com/bingbot.htm) Chrome/116.0.1938.76 Safari/537.36"
170.64.180.153 - - [18/Jan/2026:13:27:03 +0000] "GET /wp-includes/IXR/ HTTP/1.1" 200 1481 "binance.com" "Mozilla/5.0 (Windows NT 10.0; Win64; x64) AppleWebKit/537.36 (KHTML, like Gecko) Chrome/90.0.4430.85 Safari/537.36"
52.167.144.169 - - [18/Jan/2026:13:27:09 +0000] "GET /aeban/g10015377.html HTTP/2" 404 13776 "-" "Mozilla/5.0 AppleWebKit/537.36 (KHTML, like Gecko; compatible; bingbot/2.0; +http://www.bing.com/bingbot.htm) Chrome/116.0.1938.76 Safari/537.36"
52.167.144.228 - - [18/Jan/2026:13:27:15 +0000] "GET /eznam/n1436138.html HTTP/2" 404 13776 "-" "Mozilla/5.0 AppleWebKit/537.36 (KHTML, like Gecko; compatible; bingbot/2.0; +http://www.bing.com/bingbot.htm) Chrome/116.0.1938.76 Safari/537.36"
52.167.144.169 - - [18/Jan/2026:13:27:20 +0000] "GET /bscvi/w6765653.html HTTP/2" 404 13776 "-" "Mozilla/5.0 AppleWebKit/537.36 (KHTML, like Gecko; compatible; bingbot/2.0; +http://www.bing.com/bingbot.htm) Chrome/116.0.1938.76 Safari/537.36"
52.167.144.169 - - [18/Jan/2026:13:28:03 +0000] "GET /allay/w8373207.html HTTP/2" 404 13776 "-" "Mozilla/5.0 AppleWebKit/537.36 (KHTML, like Gecko; compatible; bingbot/2.0; +http://www.bing.com/bingbot.htm) Chrome/116.0.1938.76 Safari/537.36"
40.77.167.235 - - [18/Jan/2026:13:28:10 +0000] "GET /arzca/a1254866.html HTTP/2" 301 0 "-" "Mozilla/5.0 AppleWebKit/537.36 (KHTML, like Gecko; compatible; bingbot/2.0; +http://www.bing.com/bingbot.htm) Chrome/116.0.1938.76 Safari/537.36"
85.208.96.212 - - [18/Jan/2026:13:28:29 +0000] "GET /wp-includes/css/dist/list-reusable-blocks/ HTTP/1.1" 200 863 "-" "Mozilla/5.0 (compatible; SemrushBot/7~bl; +http://www.semrush.com/bot.html)"
40.77.167.22 - - [18/Jan/2026:13:28:32 +0000] "GET /aaauy/a6266860.html HTTP/2" 301 0 "-" "Mozilla/5.0 AppleWebKit/537.36 (KHTML, like Gecko; compatible; bingbot/2.0; +http://www.bing.com/bingbot.htm) Chrome/116.0.1938.76 Safari/537.36"
170.64.180.153 - - [18/Jan/2026:13:28:36 +0000] "GET /wp-includes/Text/ HTTP/1.1" 200 896 "binance.com" "Mozilla/5.0 (Windows NT 10.0; Win64; x64) AppleWebKit/537.36 (KHTML, like Gecko) Chrome/90.0.4430.85 Safari/537.36"
52.167.144.228 - - [18/Jan/2026:13:27:54 +0000] "GET /aranh/a5022175.html HTTP/2" 404 13776 "-" "Mozilla/5.0 AppleWebKit/537.36 (KHTML, like Gecko; compatible; bingbot/2.0; +http://www.bing.com/bingbot.htm) Chrome/116.0.1938.76 Safari/537.36"
170.64.180.153 - - [18/Jan/2026:13:27:57 +0000] "GET /wp-includes/PHPMailer/OAuth.php HTTP/1.1" 500 0 "binance.com" "Mozilla/5.0 (Windows NT 10.0; Win64; x64) AppleWebKit/537.36 (KHTML, like Gecko) Chrome/90.0.4430.85 Safari/537.36"
40.77.167.22 - - [18/Jan/2026:13:28:01 +0000] "GET /axjan/l2825459.html HTTP/2" 301 0 "-" "Mozilla/5.0 AppleWebKit/537.36 (KHTML, like Gecko; compatible; bingbot/2.0; +http://www.bing.com/bingbot.htm) Chrome/116.0.1938.76 Safari/537.36"
170.64.180.153 - - [18/Jan/2026:13:28:09 +0000] "GET /wp-includes/PHPMailer/OAuthTokenProvider.php HTTP/1.1" 200 0 "binance.com" "Mozilla/5.0 (Windows NT 10.0; Win64; x64) AppleWebKit/537.36 (KHTML, like Gecko) Chrome/90.0.4430.85 Safari/537.36"
170.64.180.153 - - [18/Jan/2026:13:28:20 +0000] "GET /wp-includes/PHPMailer/POP3.php HTTP/1.1" 200 0 "binance.com" "Mozilla/5.0 (Windows NT 10.0; Win64; x64) AppleWebKit/537.36 (KHTML, like Gecko) Chrome/90.0.4430.85 Safari/537.36"
170.64.180.153 - - [18/Jan/2026:13:28:29 +0000] "GET /wp-includes/Text/ HTTP/1.1" 200 896 "binance.com" "Mozilla/5.0 (Windows NT 10.0; Win64; x64) AppleWebKit/537.36 (KHTML, like Gecko) Chrome/90.0.4430.85 Safari/537.36"
85.208.96.212 - - [18/Jan/2026:13:28:30 +0000] "GET /wp-includes/SimplePie/src/Enclosure.php HTTP/1.1" 200 0 "-" "Mozilla/5.0 (compatible; SemrushBot/7~bl; +http://www.semrush.com/bot.html)"
170.64.180.153 - - [18/Jan/2026:13:28:42 +0000] "GET /wp-includes/Text/Diff/ HTTP/1.1" 200 874 "binance.com" "Mozilla/5.0 (Windows NT 10.0; Win64; x64) AppleWebKit/537.36 (KHTML, like Gecko) Chrome/90.0.4430.85 Safari/537.36"
47.128.35.52 - - [18/Jan/2026:13:29:00 +0000] "GET / HTTP/2" 200 12224 "-" "Mozilla/5.0 (Linux; Android 5.0) AppleWebKit/537.36 (KHTML, like Gecko) Mobile Safari/537.36 (compatible; Bytespider; spider-feedback@bytedance.com)"
170.64.180.153 - - [18/Jan/2026:13:29:03 +0000] "GET /wp-includes/Text/Diff/Engine/ HTTP/1.1" 200 888 "binance.com" "Mozilla/5.0 (Windows NT 10.0; Win64; x64) AppleWebKit/537.36 (KHTML, like Gecko) Chrome/90.0.4430.85 Safari/537.36"
52.167.144.238 - - [18/Jan/2026:13:29:11 +0000] "GET /agten/p2314251.html HTTP/2" 301 0 "-" "Mozilla/5.0 AppleWebKit/537.36 (KHTML, like Gecko; compatible; bingbot/2.0; +http://www.bing.com/bingbot.htm) Chrome/116.0.1938.76 Safari/537.36"
52.167.144.238 - - [18/Jan/2026:13:29:21 +0000] "GET /dslpa/h2598501.html HTTP/2" 301 0 "-" "Mozilla/5.0 AppleWebKit/537.36 (KHTML, like Gecko; compatible; bingbot/2.0; +http://www.bing.com/bingbot.htm) Chrome/116.0.1938.76 Safari/537.36"
170.64.180.153 - - [18/Jan/2026:13:29:27 +0000] "GET /wp-includes/Text/Diff/Renderer/ HTTP/1.1" 200 791 "binance.com" "Mozilla/5.0 (Windows NT 10.0; Win64; x64) AppleWebKit/537.36 (KHTML, like Gecko) Chrome/90.0.4430.85 Safari/537.36"
170.64.180.153 - - [18/Jan/2026:13:29:33 +0000] "GET /wp-includes/Text/Diff/Renderer/ HTTP/1.1" 200 791 "binance.com" "Mozilla/5.0 (Windows NT 10.0; Win64; x64) AppleWebKit/537.36 (KHTML, like Gecko) Chrome/90.0.4430.85 Safari/537.36"
52.167.144.163 - - [18/Jan/2026:13:29:54 +0000] "GET /bfamc/y9487985.html HTTP/2" 404 13776 "-" "Mozilla/5.0 AppleWebKit/537.36 (KHTML, like Gecko; compatible; bingbot/2.0; +http://www.bing.com/bingbot.htm) Chrome/116.0.1938.76 Safari/537.36"
185.223.152.23 - - [18/Jan/2026:13:30:03 +0000] "POST /wp-login.php HTTP/1.1" 200 5088 "-" "Mozilla/5.0"
40.77.167.22 - - [18/Jan/2026:13:30:14 +0000] "GET /enrau/p9759117.html HTTP/2" 301 0 "-" "Mozilla/5.0 AppleWebKit/537.36 (KHTML, like Gecko; compatible; bingbot/2.0; +http://www.bing.com/bingbot.htm) Chrome/116.0.1938.76 Safari/537.36"
52.167.144.228 - - [18/Jan/2026:13:30:15 +0000] "GET /lakcy/g8704509.html HTTP/2" 404 13776 "-" "Mozilla/5.0 AppleWebKit/537.36 (KHTML, like Gecko; compatible; bingbot/2.0; +http://www.bing.com/bingbot.htm) Chrome/116.0.1938.76 Safari/537.36"
170.64.180.153 - - [18/Jan/2026:13:28:51 +0000] "GET /wp-includes/Text/Diff/ HTTP/1.1" 200 874 "binance.com" "Mozilla/5.0 (Windows NT 10.0; Win64; x64) AppleWebKit/537.36 (KHTML, like Gecko) Chrome/90.0.4430.85 Safari/537.36"
52.167.144.228 - - [18/Jan/2026:13:29:13 +0000] "GET /cidbl/a6869111.html HTTP/2" 404 13776 "-" "Mozilla/5.0 AppleWebKit/537.36 (KHTML, like Gecko; compatible; bingbot/2.0; +http://www.bing.com/bingbot.htm) Chrome/116.0.1938.76 Safari/537.36"
40.77.167.241 - - [18/Jan/2026:13:29:15 +0000] "GET /argac/p3319255.html HTTP/2" 301 0 "-" "Mozilla/5.0 AppleWebKit/537.36 (KHTML, like Gecko; compatible; bingbot/2.0; +http://www.bing.com/bingbot.htm) Chrome/116.0.1938.76 Safari/537.36"
170.64.180.153 - - [18/Jan/2026:13:29:16 +0000] "GET /wp-includes/Text/Diff/Engine/ HTTP/1.1" 200 888 "binance.com" "Mozilla/5.0 (Windows NT 10.0; Win64; x64) AppleWebKit/537.36 (KHTML, like Gecko) Chrome/90.0.4430.85 Safari/537.36"
52.167.144.228 - - [18/Jan/2026:13:29:21 +0000] "GET /ayaze/u10492231.html HTTP/2" 404 13776 "-" "Mozilla/5.0 AppleWebKit/537.36 (KHTML, like Gecko; compatible; bingbot/2.0; +http://www.bing.com/bingbot.htm) Chrome/116.0.1938.76 Safari/537.36"
40.77.167.22 - - [18/Jan/2026:13:29:32 +0000] "GET /aaozg/i4314996.html HTTP/2" 301 0 "-" "Mozilla/5.0 AppleWebKit/537.36 (KHTML, like Gecko; compatible; bingbot/2.0; +http://www.bing.com/bingbot.htm) Chrome/116.0.1938.76 Safari/537.36"
52.167.144.228 - - [18/Jan/2026:13:29:35 +0000] "GET /apaak/x2664960.html HTTP/2" 404 13776 "-" "Mozilla/5.0 AppleWebKit/537.36 (KHTML, like Gecko; compatible; bingbot/2.0; +http://www.bing.com/bingbot.htm) Chrome/116.0.1938.76 Safari/537.36"
52.167.144.228 - - [18/Jan/2026:13:29:35 +0000] "GET /aavji/m5139369.html HTTP/2" 404 13776 "-" "Mozilla/5.0 AppleWebKit/537.36 (KHTML, like Gecko; compatible; bingbot/2.0; +http://www.bing.com/bingbot.htm) Chrome/116.0.1938.76 Safari/537.36"
52.167.144.238 - - [18/Jan/2026:13:29:40 +0000] "GET /akaya/k3549064.html HTTP/2" 301 0 "-" "Mozilla/5.0 AppleWebKit/537.36 (KHTML, like Gecko; compatible; bingbot/2.0; +http://www.bing.com/bingbot.htm) Chrome/116.0.1938.76 Safari/537.36"
52.167.144.238 - - [18/Jan/2026:13:29:41 +0000] "GET /aadap/j3165251.html HTTP/2" 301 0 "-" "Mozilla/5.0 AppleWebKit/537.36 (KHTML, like Gecko; compatible; bingbot/2.0; +http://www.bing.com/bingbot.htm) Chrome/116.0.1938.76 Safari/537.36"
40.77.167.22 - - [18/Jan/2026:13:29:41 +0000] "GET /aywac/i420248.html HTTP/2" 301 0 "-" "Mozilla/5.0 AppleWebKit/537.36 (KHTML, like Gecko; compatible; bingbot/2.0; +http://www.bing.com/bingbot.htm) Chrome/116.0.1938.76 Safari/537.36"
170.64.180.153 - - [18/Jan/2026:13:29:43 +0000] "GET /wp-includes/blocks/ HTTP/1.1" 200 22 "binance.com" "Mozilla/5.0 (Windows NT 10.0; Win64; x64) AppleWebKit/537.36 (KHTML, like Gecko) Chrome/90.0.4430.85 Safari/537.36"
40.77.167.241 - - [18/Jan/2026:13:29:50 +0000] "GET /asfxj/b6678909.html HTTP/2" 301 0 "-" "Mozilla/5.0 AppleWebKit/537.36 (KHTML, like Gecko; compatible; bingbot/2.0; +http://www.bing.com/bingbot.htm) Chrome/116.0.1938.76 Safari/537.36"
170.64.180.153 - - [18/Jan/2026:13:29:52 +0000] "GET /wp-includes/pomo/ HTTP/1.1" 200 1306 "binance.com" "Mozilla/5.0 (Windows NT 10.0; Win64; x64) AppleWebKit/537.36 (KHTML, like Gecko) Chrome/90.0.4430.85 Safari/537.36"
170.64.180.153 - - [18/Jan/2026:13:29:58 +0000] "GET /wp-includes/pomo/ HTTP/1.1" 200 1306 "binance.com" "Mozilla/5.0 (Windows NT 10.0; Win64; x64) AppleWebKit/537.36 (KHTML, like Gecko) Chrome/90.0.4430.85 Safari/537.36"
40.77.167.241 - - [18/Jan/2026:13:30:05 +0000] "GET /capka/j2589169.html HTTP/2" 301 0 "-" "Mozilla/5.0 AppleWebKit/537.36 (KHTML, like Gecko; compatible; bingbot/2.0; +http://www.bing.com/bingbot.htm) Chrome/116.0.1938.76 Safari/537.36"
170.64.180.153 - - [18/Jan/2026:13:30:08 +0000] "GET /wp-includes/sitemaps/ HTTP/1.1" 200 1365 "binance.com" "Mozilla/5.0 (Windows NT 10.0; Win64; x64) AppleWebKit/537.36 (KHTML, like Gecko) Chrome/90.0.4430.85 Safari/537.36"
52.167.144.163 - - [18/Jan/2026:13:30:33 +0000] "GET /yafea/x6442058.html HTTP/2" 404 13768 "-" "Mozilla/5.0 AppleWebKit/537.36 (KHTML, like Gecko; compatible; bingbot/2.0; +http://www.bing.com/bingbot.htm) Chrome/116.0.1938.76 Safari/537.36"
170.64.180.153 - - [18/Jan/2026:13:30:35 +0000] "GET /wp-includes/sitemaps/providers/ HTTP/1.1" 200 965 "binance.com" "Mozilla/5.0 (Windows NT 10.0; Win64; x64) AppleWebKit/537.36 (KHTML, like Gecko) Chrome/90.0.4430.85 Safari/537.36"
52.167.144.163 - - [18/Jan/2026:13:30:42 +0000] "GET /auaea/l5089266.html HTTP/2" 404 13776 "-" "Mozilla/5.0 AppleWebKit/537.36 (KHTML, like Gecko; compatible; bingbot/2.0; +http://www.bing.com/bingbot.htm) Chrome/116.0.1938.76 Safari/537.36"
52.167.144.163 - - [18/Jan/2026:13:30:43 +0000] "GET /aiavp/l6155864.html HTTP/2" 404 13776 "-" "Mozilla/5.0 AppleWebKit/537.36 (KHTML, like Gecko; compatible; bingbot/2.0; +http://www.bing.com/bingbot.htm) Chrome/116.0.1938.76 Safari/537.36"
170.64.180.153 - - [18/Jan/2026:13:30:45 +0000] "GET /wp-includes/sitemaps/providers/ HTTP/1.1" 200 965 "binance.com" "Mozilla/5.0 (Windows NT 10.0; Win64; x64) AppleWebKit/537.36 (KHTML, like Gecko) Chrome/90.0.4430.85 Safari/537.36"
170.64.180.153 - - [18/Jan/2026:13:30:56 +0000] "GET /wp-includes/widgets/ HTTP/1.1" 200 1847 "binance.com" "Mozilla/5.0 (Windows NT 10.0; Win64; x64) AppleWebKit/537.36 (KHTML, like Gecko) Chrome/90.0.4430.85 Safari/537.36"
40.77.167.22 - - [18/Jan/2026:13:31:13 +0000] "GET /daara/m8662772.html HTTP/2" 301 0 "-" "Mozilla/5.0 AppleWebKit/537.36 (KHTML, like Gecko; compatible; bingbot/2.0; +http://www.bing.com/bingbot.htm) Chrome/116.0.1938.76 Safari/537.36"
40.77.167.241 - - [18/Jan/2026:13:31:17 +0000] "GET /dapmj/j1700281.html HTTP/2" 301 0 "-" "Mozilla/5.0 AppleWebKit/537.36 (KHTML, like Gecko; compatible; bingbot/2.0; +http://www.bing.com/bingbot.htm) Chrome/116.0.1938.76 Safari/537.36"
40.77.167.241 - - [18/Jan/2026:13:31:18 +0000] "GET /aehsl/k7115224.html HTTP/2" 301 0 "-" "Mozilla/5.0 AppleWebKit/537.36 (KHTML, like Gecko; compatible; bingbot/2.0; +http://www.bing.com/bingbot.htm) Chrome/116.0.1938.76 Safari/537.36"
52.167.144.238 - - [18/Jan/2026:13:31:22 +0000] "GET /aahac/m2374074.html HTTP/2" 301 0 "-" "Mozilla/5.0 AppleWebKit/537.36 (KHTML, like Gecko; compatible; bingbot/2.0; +http://www.bing.com/bingbot.htm) Chrome/116.0.1938.76 Safari/537.36"
40.77.167.241 - - [18/Jan/2026:13:31:46 +0000] "GET /aafao/s9526212.html HTTP/2" 301 0 "-" "Mozilla/5.0 AppleWebKit/537.36 (KHTML, like Gecko; compatible; bingbot/2.0; +http://www.bing.com/bingbot.htm) Chrome/116.0.1938.76 Safari/537.36"
40.77.167.241 - - [18/Jan/2026:13:31:47 +0000] "GET /ajnyp/d8154775.html HTTP/2" 301 0 "-" "Mozilla/5.0 AppleWebKit/537.36 (KHTML, like Gecko; compatible; bingbot/2.0; +http://www.bing.com/bingbot.htm) Chrome/116.0.1938.76 Safari/537.36"
52.167.144.238 - - [18/Jan/2026:13:31:56 +0000] "GET /aiolj/i2208190.html HTTP/2" 301 0 "-" "Mozilla/5.0 AppleWebKit/537.36 (KHTML, like Gecko; compatible; bingbot/2.0; +http://www.bing.com/bingbot.htm) Chrome/116.0.1938.76 Safari/537.36"
52.167.144.238 - - [18/Jan/2026:13:31:56 +0000] "GET /asxpj/f3849541.html HTTP/2" 301 0 "-" "Mozilla/5.0 AppleWebKit/537.36 (KHTML, like Gecko; compatible; bingbot/2.0; +http://www.bing.com/bingbot.htm) Chrome/116.0.1938.76 Safari/537.36"
170.64.180.153 - - [18/Jan/2026:13:32:09 +0000] "GET /wp-includes/fonts/class-wp-font-collection.php HTTP/1.1" 200 0 "binance.com" "Mozilla/5.0 (Windows NT 10.0; Win64; x64) AppleWebKit/537.36 (KHTML, like Gecko) Chrome/90.0.4430.85 Safari/537.36"
52.167.144.169 - - [18/Jan/2026:13:32:12 +0000] "GET /eevvu/z4605576.html HTTP/2" 404 13776 "-" "Mozilla/5.0 AppleWebKit/537.36 (KHTML, like Gecko; compatible; bingbot/2.0; +http://www.bing.com/bingbot.htm) Chrome/116.0.1938.76 Safari/537.36"
52.167.144.169 - - [18/Jan/2026:13:32:12 +0000] "GET /afkaa/b7521738.html HTTP/2" 404 13776 "-" "Mozilla/5.0 AppleWebKit/537.36 (KHTML, like Gecko; compatible; bingbot/2.0; +http://www.bing.com/bingbot.htm) Chrome/116.0.1938.76 Safari/537.36"
40.77.167.22 - - [18/Jan/2026:13:30:16 +0000] "GET /bzado/v1390945.html HTTP/2" 301 0 "-" "Mozilla/5.0 AppleWebKit/537.36 (KHTML, like Gecko; compatible; bingbot/2.0; +http://www.bing.com/bingbot.htm) Chrome/116.0.1938.76 Safari/537.36"
170.64.180.153 - - [18/Jan/2026:13:30:18 +0000] "GET /wp-includes/sitemaps/ HTTP/1.1" 200 1365 "binance.com" "Mozilla/5.0 (Windows NT 10.0; Win64; x64) AppleWebKit/537.36 (KHTML, like Gecko) Chrome/90.0.4430.85 Safari/537.36"
52.167.144.228 - - [18/Jan/2026:13:30:38 +0000] "GET /aacat/t4195004.html HTTP/2" 404 13776 "-" "Mozilla/5.0 AppleWebKit/537.36 (KHTML, like Gecko; compatible; bingbot/2.0; +http://www.bing.com/bingbot.htm) Chrome/116.0.1938.76 Safari/537.36"
52.167.144.228 - - [18/Jan/2026:13:30:42 +0000] "GET /cqoqi/e3320791.html HTTP/2" 404 13776 "-" "Mozilla/5.0 AppleWebKit/537.36 (KHTML, like Gecko; compatible; bingbot/2.0; +http://www.bing.com/bingbot.htm) Chrome/116.0.1938.76 Safari/537.36"
40.77.167.22 - - [18/Jan/2026:13:30:53 +0000] "GET /bsccr/z6125549.html HTTP/2" 301 0 "-" "Mozilla/5.0 AppleWebKit/537.36 (KHTML, like Gecko; compatible; bingbot/2.0; +http://www.bing.com/bingbot.htm) Chrome/116.0.1938.76 Safari/537.36"
52.167.144.238 - - [18/Jan/2026:13:31:00 +0000] "GET /eswar/f7917917.html HTTP/2" 301 0 "-" "Mozilla/5.0 AppleWebKit/537.36 (KHTML, like Gecko; compatible; bingbot/2.0; +http://www.bing.com/bingbot.htm) Chrome/116.0.1938.76 Safari/537.36"
170.64.180.153 - - [18/Jan/2026:13:31:06 +0000] "GET /wp-includes/widgets/ HTTP/1.1" 200 1847 "binance.com" "Mozilla/5.0 (Windows NT 10.0; Win64; x64) AppleWebKit/537.36 (KHTML, like Gecko) Chrome/90.0.4430.85 Safari/537.36"
52.167.144.163 - - [18/Jan/2026:13:31:12 +0000] "GET /airak/r9632564.html HTTP/2" 404 13776 "-" "Mozilla/5.0 AppleWebKit/537.36 (KHTML, like Gecko; compatible; bingbot/2.0; +http://www.bing.com/bingbot.htm) Chrome/116.0.1938.76 Safari/537.36"
170.64.180.153 - - [18/Jan/2026:13:31:16 +0000] "GET /wp-includes/widgets/class-wp-widget-block.php HTTP/1.1" 500 0 "binance.com" "Mozilla/5.0 (Windows NT 10.0; Win64; x64) AppleWebKit/537.36 (KHTML, like Gecko) Chrome/90.0.4430.85 Safari/537.36"
170.64.180.153 - - [18/Jan/2026:13:31:28 +0000] "GET /wp-includes/css/ HTTP/1.1" 200 2317 "binance.com" "Mozilla/5.0 (Windows NT 10.0; Win64; x64) AppleWebKit/537.36 (KHTML, like Gecko) Chrome/90.0.4430.85 Safari/537.36"
85.208.96.197 - - [18/Jan/2026:13:31:32 +0000] "GET /wp-includes/Requests/library/ HTTP/1.1" 200 855 "-" "Mozilla/5.0 (compatible; SemrushBot/7~bl; +http://www.semrush.com/bot.html)"
170.64.180.153 - - [18/Jan/2026:13:31:39 +0000] "GET /wp-includes/css/dist/ HTTP/1.1" 200 1574 "binance.com" "Mozilla/5.0 (Windows NT 10.0; Win64; x64) AppleWebKit/537.36 (KHTML, like Gecko) Chrome/90.0.4430.85 Safari/537.36"
52.167.144.163 - - [18/Jan/2026:13:31:42 +0000] "GET /zhnra/e8633033.html HTTP/2" 404 13776 "-" "Mozilla/5.0 AppleWebKit/537.36 (KHTML, like Gecko; compatible; bingbot/2.0; +http://www.bing.com/bingbot.htm) Chrome/116.0.1938.76 Safari/537.36"
170.64.180.153 - - [18/Jan/2026:13:31:46 +0000] "GET /wp-includes/fonts/ HTTP/1.1" 200 1491 "binance.com" "Mozilla/5.0 (Windows NT 10.0; Win64; x64) AppleWebKit/537.36 (KHTML, like Gecko) Chrome/90.0.4430.85 Safari/537.36"
170.64.180.153 - - [18/Jan/2026:13:31:59 +0000] "GET /wp-includes/fonts/ HTTP/1.1" 200 1491 "binance.com" "Mozilla/5.0 (Windows NT 10.0; Win64; x64) AppleWebKit/537.36 (KHTML, like Gecko) Chrome/90.0.4430.85 Safari/537.36"
40.77.167.22 - - [18/Jan/2026:13:32:07 +0000] "GET /daale/y10142210.html HTTP/2" 301 0 "-" "Mozilla/5.0 AppleWebKit/537.36 (KHTML, like Gecko; compatible; bingbot/2.0; +http://www.bing.com/bingbot.htm) Chrome/116.0.1938.76 Safari/537.36"
52.167.144.238 - - [18/Jan/2026:13:32:10 +0000] "GET /awaca/m5032860.html HTTP/2" 301 0 "-" "Mozilla/5.0 AppleWebKit/537.36 (KHTML, like Gecko; compatible; bingbot/2.0; +http://www.bing.com/bingbot.htm) Chrome/116.0.1938.76 Safari/537.36"
52.167.144.169 - - [18/Jan/2026:13:32:13 +0000] "GET /eamwa/c6159053.html HTTP/2" 404 13776 "-" "Mozilla/5.0 AppleWebKit/537.36 (KHTML, like Gecko; compatible; bingbot/2.0; +http://www.bing.com/bingbot.htm) Chrome/116.0.1938.76 Safari/537.36"
40.77.167.155 - - [18/Jan/2026:13:32:18 +0000] "GET /czenv/v5383804.html HTTP/2" 404 13776 "-" "Mozilla/5.0 AppleWebKit/537.36 (KHTML, like Gecko; compatible; bingbot/2.0; +http://www.bing.com/bingbot.htm) Chrome/116.0.1938.76 Safari/537.36"
40.77.167.155 - - [18/Jan/2026:13:32:19 +0000] "GET /acqsa/r8652130.html HTTP/2" 404 13776 "-" "Mozilla/5.0 AppleWebKit/537.36 (KHTML, like Gecko; compatible; bingbot/2.0; +http://www.bing.com/bingbot.htm) Chrome/116.0.1938.76 Safari/537.36"
40.77.167.155 - - [18/Jan/2026:13:32:20 +0000] "GET /awmgb/n7929118.html HTTP/2" 404 13776 "-" "Mozilla/5.0 AppleWebKit/537.36 (KHTML, like Gecko; compatible; bingbot/2.0; +http://www.bing.com/bingbot.htm) Chrome/116.0.1938.76 Safari/537.36"
170.64.180.153 - - [18/Jan/2026:13:32:33 +0000] "GET /wp-includes/fonts/class-wp-font-face.php HTTP/1.1" 200 0 "binance.com" "Mozilla/5.0 (Windows NT 10.0; Win64; x64) AppleWebKit/537.36 (KHTML, like Gecko) Chrome/90.0.4430.85 Safari/537.36"
40.77.167.155 - - [18/Jan/2026:13:32:36 +0000] "GET /advar/v8131770.html HTTP/2" 404 13776 "-" "Mozilla/5.0 AppleWebKit/537.36 (KHTML, like Gecko; compatible; bingbot/2.0; +http://www.bing.com/bingbot.htm) Chrome/116.0.1938.76 Safari/537.36"
40.77.167.241 - - [18/Jan/2026:13:32:47 +0000] "GET /dfwgq/e9319004.html HTTP/2" 301 0 "-" "Mozilla/5.0 AppleWebKit/537.36 (KHTML, like Gecko; compatible; bingbot/2.0; +http://www.bing.com/bingbot.htm) Chrome/116.0.1938.76 Safari/537.36"
40.77.167.241 - - [18/Jan/2026:13:32:48 +0000] "GET /aalwf/z596649.html HTTP/2" 301 0 "-" "Mozilla/5.0 AppleWebKit/537.36 (KHTML, like Gecko; compatible; bingbot/2.0; +http://www.bing.com/bingbot.htm) Chrome/116.0.1938.76 Safari/537.36"
40.77.167.22 - - [18/Jan/2026:13:32:55 +0000] "GET /azamx/q2891634.html HTTP/2" 301 0 "-" "Mozilla/5.0 AppleWebKit/537.36 (KHTML, like Gecko; compatible; bingbot/2.0; +http://www.bing.com/bingbot.htm) Chrome/116.0.1938.76 Safari/537.36"
40.77.167.22 - - [18/Jan/2026:13:32:55 +0000] "GET /esalu/f3248915.html HTTP/2" 301 0 "-" "Mozilla/5.0 AppleWebKit/537.36 (KHTML, like Gecko; compatible; bingbot/2.0; +http://www.bing.com/bingbot.htm) Chrome/116.0.1938.76 Safari/537.36"
52.167.144.228 - - [18/Jan/2026:13:33:04 +0000] "GET /ezgxa/k4824065.html HTTP/2" 404 13776 "-" "Mozilla/5.0 AppleWebKit/537.36 (KHTML, like Gecko; compatible; bingbot/2.0; +http://www.bing.com/bingbot.htm) Chrome/116.0.1938.76 Safari/537.36"
52.167.144.238 - - [18/Jan/2026:13:33:10 +0000] "GET /vaoag/j6230885.html HTTP/2" 301 0 "-" "Mozilla/5.0 AppleWebKit/537.36 (KHTML, like Gecko; compatible; bingbot/2.0; +http://www.bing.com/bingbot.htm) Chrome/116.0.1938.76 Safari/537.36"
52.167.144.169 - - [18/Jan/2026:13:33:11 +0000] "GET /aaeif/s1904689.html HTTP/2" 404 13776 "-" "Mozilla/5.0 AppleWebKit/537.36 (KHTML, like Gecko; compatible; bingbot/2.0; +http://www.bing.com/bingbot.htm) Chrome/116.0.1938.76 Safari/537.36"
52.167.144.169 - - [18/Jan/2026:13:33:13 +0000] "GET /aajws/z9621652.html HTTP/2" 404 13776 "-" "Mozilla/5.0 AppleWebKit/537.36 (KHTML, like Gecko; compatible; bingbot/2.0; +http://www.bing.com/bingbot.htm) Chrome/116.0.1938.76 Safari/537.36"
170.64.180.153 - - [18/Jan/2026:13:33:16 +0000] "GET /wp-includes/images/media/ HTTP/1.1" 200 1513 "binance.com" "Mozilla/5.0 (Windows NT 10.0; Win64; x64) AppleWebKit/537.36 (KHTML, like Gecko) Chrome/90.0.4430.85 Safari/537.36"
170.64.180.153 - - [18/Jan/2026:13:33:56 +0000] "GET /wp-includes/js/codemirror/ HTTP/1.1" 200 1360 "binance.com" "Mozilla/5.0 (Windows NT 10.0; Win64; x64) AppleWebKit/537.36 (KHTML, like Gecko) Chrome/90.0.4430.85 Safari/537.36"
40.77.167.67 - - [18/Jan/2026:13:34:01 +0000] "GET /aayep/q3357489.html HTTP/2" 404 13776 "-" "Mozilla/5.0 AppleWebKit/537.36 (KHTML, like Gecko; compatible; bingbot/2.0; +http://www.bing.com/bingbot.htm) Chrome/116.0.1938.76 Safari/537.36"
170.64.180.153 - - [18/Jan/2026:13:32:16 +0000] "GET /wp-includes/fonts/class-wp-font-face-resolver.php HTTP/1.1" 200 0 "binance.com" "Mozilla/5.0 (Windows NT 10.0; Win64; x64) AppleWebKit/537.36 (KHTML, like Gecko) Chrome/90.0.4430.85 Safari/537.36"
170.64.180.153 - - [18/Jan/2026:13:32:40 +0000] "GET /wp-includes/fonts/class-wp-font-library.php HTTP/1.1" 200 0 "binance.com" "Mozilla/5.0 (Windows NT 10.0; Win64; x64) AppleWebKit/537.36 (KHTML, like Gecko) Chrome/90.0.4430.85 Safari/537.36"
52.167.144.238 - - [18/Jan/2026:13:32:41 +0000] "GET /abnac/d5316667.html HTTP/2" 301 0 "-" "Mozilla/5.0 AppleWebKit/537.36 (KHTML, like Gecko; compatible; bingbot/2.0; +http://www.bing.com/bingbot.htm) Chrome/116.0.1938.76 Safari/537.36"
52.167.144.163 - - [18/Jan/2026:13:32:45 +0000] "GET /ejaet/x7124142.html HTTP/2" 404 13776 "-" "Mozilla/5.0 AppleWebKit/537.36 (KHTML, like Gecko; compatible; bingbot/2.0; +http://www.bing.com/bingbot.htm) Chrome/116.0.1938.76 Safari/537.36"
52.167.144.163 - - [18/Jan/2026:13:32:46 +0000] "GET /hairj/i7752313.html HTTP/2" 404 13776 "-" "Mozilla/5.0 AppleWebKit/537.36 (KHTML, like Gecko; compatible; bingbot/2.0; +http://www.bing.com/bingbot.htm) Chrome/116.0.1938.76 Safari/537.36"
170.64.180.153 - - [18/Jan/2026:13:32:51 +0000] "GET /wp-includes/fonts/class-wp-font-utils.php HTTP/1.1" 200 0 "binance.com" "Mozilla/5.0 (Windows NT 10.0; Win64; x64) AppleWebKit/537.36 (KHTML, like Gecko) Chrome/90.0.4430.85 Safari/537.36"
170.64.180.153 - - [18/Jan/2026:13:32:59 +0000] "GET /wp-includes/images/ HTTP/1.1" 200 2061 "binance.com" "Mozilla/5.0 (Windows NT 10.0; Win64; x64) AppleWebKit/537.36 (KHTML, like Gecko) Chrome/90.0.4430.85 Safari/537.36"
170.64.180.153 - - [18/Jan/2026:13:33:08 +0000] "GET /wp-includes/images/crystal/ HTTP/1.1" 200 1424 "binance.com" "Mozilla/5.0 (Windows NT 10.0; Win64; x64) AppleWebKit/537.36 (KHTML, like Gecko) Chrome/90.0.4430.85 Safari/537.36"
170.64.180.153 - - [18/Jan/2026:13:33:24 +0000] "GET /wp-includes/images/smilies/ HTTP/1.1" 200 1719 "binance.com" "Mozilla/5.0 (Windows NT 10.0; Win64; x64) AppleWebKit/537.36 (KHTML, like Gecko) Chrome/90.0.4430.85 Safari/537.36"
52.167.144.238 - - [18/Jan/2026:13:33:31 +0000] "GET /bbrul/v9012091.html HTTP/2" 301 0 "-" "Mozilla/5.0 AppleWebKit/537.36 (KHTML, like Gecko; compatible; bingbot/2.0; +http://www.bing.com/bingbot.htm) Chrome/116.0.1938.76 Safari/537.36"
52.167.144.238 - - [18/Jan/2026:13:33:31 +0000] "GET /dahan/z2997021.html HTTP/2" 301 0 "-" "Mozilla/5.0 AppleWebKit/537.36 (KHTML, like Gecko; compatible; bingbot/2.0; +http://www.bing.com/bingbot.htm) Chrome/116.0.1938.76 Safari/537.36"
170.64.180.153 - - [18/Jan/2026:13:33:31 +0000] "GET /wp-includes/images/wlw/ HTTP/1.1" 404 16229 "binance.com" "Mozilla/5.0 (Windows NT 10.0; Win64; x64) AppleWebKit/537.36 (KHTML, like Gecko) Chrome/90.0.4430.85 Safari/537.36"
170.64.180.153 - - [18/Jan/2026:13:33:47 +0000] "GET /wp-includes/js/%20 HTTP/1.1" 301 0 "binance.com" "Mozilla/5.0 (Windows NT 10.0; Win64; x64) AppleWebKit/537.36 (KHTML, like Gecko) Chrome/90.0.4430.85 Safari/537.36"
170.64.180.153 - - [18/Jan/2026:13:33:47 +0000] "GET /wp-includes/js/ HTTP/1.1" 200 4744 "binance.com" "Mozilla/5.0 (Windows NT 10.0; Win64; x64) AppleWebKit/537.36 (KHTML, like Gecko) Chrome/90.0.4430.85 Safari/537.36"
52.167.144.228 - - [18/Jan/2026:13:33:53 +0000] "GET /ausvr/x4822752.html HTTP/2" 404 13776 "-" "Mozilla/5.0 AppleWebKit/537.36 (KHTML, like Gecko; compatible; bingbot/2.0; +http://www.bing.com/bingbot.htm) Chrome/116.0.1938.76 Safari/537.36"
170.64.180.153 - - [18/Jan/2026:13:34:06 +0000] "GET /wp-includes/js/plupload/ HTTP/1.1" 200 1411 "binance.com" "Mozilla/5.0 (Windows NT 10.0; Win64; x64) AppleWebKit/537.36 (KHTML, like Gecko) Chrome/90.0.4430.85 Safari/537.36"
40.77.167.241 - - [18/Jan/2026:13:34:08 +0000] "GET /dvoha/c887202.html HTTP/2" 301 0 "-" "Mozilla/5.0 AppleWebKit/537.36 (KHTML, like Gecko; compatible; bingbot/2.0; +http://www.bing.com/bingbot.htm) Chrome/116.0.1938.76 Safari/537.36"
40.77.167.241 - - [18/Jan/2026:13:34:09 +0000] "GET /agtbw/m1414804.html HTTP/2" 301 0 "-" "Mozilla/5.0 AppleWebKit/537.36 (KHTML, like Gecko; compatible; bingbot/2.0; +http://www.bing.com/bingbot.htm) Chrome/116.0.1938.76 Safari/537.36"
116.179.32.211 - - [18/Jan/2026:13:34:29 +0000] "GET /?p=9848 HTTP/1.1" 404 16229 "-" "Mozilla/5.0 (compatible; Baiduspider/2.0; +http://www.baidu.com/search/spider.html)"
40.77.167.155 - - [18/Jan/2026:13:34:56 +0000] "GET /aahaz/e7433211.html HTTP/2" 404 13776 "-" "Mozilla/5.0 AppleWebKit/537.36 (KHTML, like Gecko; compatible; bingbot/2.0; +http://www.bing.com/bingbot.htm) Chrome/116.0.1938.76 Safari/537.36"
40.77.167.241 - - [18/Jan/2026:13:34:57 +0000] "GET /oiaaa/x6814053.html HTTP/2" 301 0 "-" "Mozilla/5.0 AppleWebKit/537.36 (KHTML, like Gecko; compatible; bingbot/2.0; +http://www.bing.com/bingbot.htm) Chrome/116.0.1938.76 Safari/537.36"
